{"id":1065,"date":"2025-03-12T08:44:36","date_gmt":"2025-03-12T08:44:36","guid":{"rendered":"https:\/\/lekarzpodroznik.pl\/store\/?post_type=product&#038;p=1065"},"modified":"2025-03-12T08:44:37","modified_gmt":"2025-03-12T08:44:37","slug":"eudalie","status":"publish","type":"product","link":"https:\/\/lekarzpodroznik.pl\/store\/product\/eudalie\/","title":{"rendered":"Eudalie"},"content":{"rendered":"<p data-start=\"72\" data-end=\"473\">Eudalie to renomowany krem om\u0142adzaj\u0105cy, kt\u00f3ry zdoby\u0142 uznanie na ca\u0142ym \u015bwiecie dzi\u0119ki swojej skuteczno\u015bci w walce z oznakami starzenia si\u0119 sk\u00f3ry. Produkt ten jest ceniony przez kobiety, kt\u00f3re pragn\u0105 zadba\u0107 o m\u0142odszy wygl\u0105d sk\u00f3ry i poprawi\u0107 jej kondycj\u0119. W tej artykule przedstawimy szczeg\u00f3\u0142owy przegl\u0105d kremu Eudalie, omawiaj\u0105c jego sk\u0142ad, dzia\u0142anie, wskazania, przeciwwskazania oraz efekty stosowania.<\/p>\n<h2 data-start=\"475\" data-end=\"518\">Co to jest Eudalie: forma wydania, grupa<\/h2>\n<p data-start=\"520\" data-end=\"907\">Eudalie to krem, kt\u00f3ry zaliczany jest do kategorii kosmetyk\u00f3w o w\u0142a\u015bciwo\u015bciach przeciwstarzeniowych. Jego formu\u0142a jest opracowana w taki spos\u00f3b, aby skutecznie walczy\u0107 z oznakami starzenia si\u0119 sk\u00f3ry, jak zmarszczki, utrata j\u0119drno\u015bci, czy matowy koloryt. Krem Eudalie jest przeznaczony przede wszystkim dla kobiet dojrza\u0142ych, kt\u00f3re zauwa\u017caj\u0105 u siebie pierwsze oznaki starzenia si\u0119 sk\u00f3ry.<\/p>\n<p data-start=\"909\" data-end=\"1281\">Produkt jest dost\u0119pny w formie kremu nawil\u017caj\u0105cego, kt\u00f3ry mo\u017cna stosowa\u0107 zar\u00f3wno rano, jak i wieczorem. W zale\u017cno\u015bci od potrzeb sk\u00f3ry, dost\u0119pne s\u0105 r\u00f3wnie\u017c r\u00f3\u017cne wersje, kt\u00f3re odpowiadaj\u0105 na specyficzne potrzeby u\u017cytkowniczek \u2013 np. kremy nawil\u017caj\u0105ce, regeneruj\u0105ce czy liftinguj\u0105ce. Kosmetyk jest dost\u0119pny w eleganckich opakowaniach, kt\u00f3re umo\u017cliwiaj\u0105 higieniczne dozowanie.<\/p>\n<h4 data-start=\"1283\" data-end=\"1300\">Grupa Eudalie<\/h4>\n<p data-start=\"1301\" data-end=\"1705\">Krem Eudalie nale\u017cy do grupy kosmetyk\u00f3w piel\u0119gnacyjnych, kt\u00f3re oferuj\u0105 kompleksow\u0105 ochron\u0119 przed oznakami starzenia si\u0119 sk\u00f3ry. Jest to produkt o wysokiej jako\u015bci, oparty na naturalnych sk\u0142adnikach, co sprawia, \u017ce jest bezpieczny w stosowaniu i skuteczny w dzia\u0142aniu. Dzi\u0119ki unikalnemu po\u0142\u0105czeniu sk\u0142adnik\u00f3w aktywnych, Eudalie jest w stanie stymulowa\u0107 regeneracj\u0119 sk\u00f3ry, poprawiaj\u0105c jej wygl\u0105d i kondycj\u0119.<\/p>\n<p style=\"text-align: center;\" data-start=\"1301\" data-end=\"1705\"><a class=\"border-button\" href=\"https:\/\/keonv.com\/G18S?sub1=sub1&amp;sub2=sub2&amp;sub3=sub3&amp;sub4=sub4&amp;sub5=sub5\">www.eudalie.pl<\/a><\/p>\n<h2 data-start=\"1707\" data-end=\"1746\">Wskazania i przeciwwskazania Eudalie<\/h2>\n<h4 data-start=\"1748\" data-end=\"1789\">Wskazania do stosowania kremu Eudalie<\/h4>\n<p data-start=\"1790\" data-end=\"1973\">Eudalie to kosmetyk, kt\u00f3ry jest polecany dla kobiet, kt\u00f3re zauwa\u017caj\u0105 pierwsze oznaki starzenia si\u0119 sk\u00f3ry. Jest to idealne rozwi\u0105zanie dla os\u00f3b zmagaj\u0105cych si\u0119 z takimi problemami jak:<\/p>\n<ul data-start=\"1975\" data-end=\"2103\">\n<li data-start=\"1975\" data-end=\"2002\">Zmarszczki i drobne linie<\/li>\n<li data-start=\"2003\" data-end=\"2027\">Utrata j\u0119drno\u015bci sk\u00f3ry<\/li>\n<li data-start=\"2028\" data-end=\"2043\">Sucho\u015b\u0107 sk\u00f3ry<\/li>\n<li data-start=\"2044\" data-end=\"2074\">Brak blasku i matowy koloryt<\/li>\n<li data-start=\"2075\" data-end=\"2103\">Spadek elastyczno\u015bci sk\u00f3ry<\/li>\n<\/ul>\n<p data-start=\"2105\" data-end=\"2337\">Krem Eudalie jest odpowiedni do stosowania na ka\u017cdy typ sk\u00f3ry, w tym na sk\u00f3r\u0119 wra\u017cliw\u0105. Jest tak\u017ce polecany do stosowania w okresie zimowym, kiedy sk\u00f3ra jest szczeg\u00f3lnie nara\u017cona na dzia\u0142anie niekorzystnych warunk\u00f3w atmosferycznych.<\/p>\n<h4 data-start=\"2339\" data-end=\"2359\">Przeciwwskazania<\/h4>\n<p data-start=\"2360\" data-end=\"2651\">Pomimo wysokiej jako\u015bci i naturalnych sk\u0142adnik\u00f3w, Eudalie mo\u017ce wywo\u0142ywa\u0107 reakcje alergiczne u os\u00f3b z nadwra\u017cliwo\u015bci\u0105 na niekt\u00f3re sk\u0142adniki. Przed pierwszym u\u017cyciem warto przeprowadzi\u0107 pr\u00f3b\u0119 uczuleniow\u0105, nak\u0142adaj\u0105c niewielk\u0105 ilo\u015b\u0107 kremu na sk\u00f3r\u0119 w miejscu niewidocznym, na przyk\u0142ad za uchem.<\/p>\n<p data-start=\"2653\" data-end=\"2820\">Krem Eudalie nie jest zalecany do stosowania przez osoby, kt\u00f3re maj\u0105 stwierdzon\u0105 alergi\u0119 na winogrona lub inne sk\u0142adniki ro\u015blinne, kt\u00f3re wyst\u0119puj\u0105 w sk\u0142adzie produktu.<\/p>\n<h2 data-start=\"2822\" data-end=\"2860\">Sk\u0142ad Eudalie &#8211; skuteczne sk\u0142adniki<\/h2>\n<p data-start=\"2862\" data-end=\"3204\">Sk\u0142ad Eudalie jest jednym z kluczowych element\u00f3w, kt\u00f3ry sprawia, \u017ce krem jest tak skuteczny w walce z oznakami starzenia. Kosmetyk opiera swoj\u0105 formu\u0142\u0119 na naturalnych sk\u0142adnikach, kt\u00f3re s\u0105 znane z w\u0142a\u015bciwo\u015bci przeciwutleniaj\u0105cych, nawil\u017caj\u0105cych i regeneruj\u0105cych. Poni\u017cej przedstawiamy najwa\u017cniejsze sk\u0142adniki aktywne zawarte w kremie Eudalie.<\/p>\n<h4 data-start=\"3206\" data-end=\"3228\"><strong data-start=\"3213\" data-end=\"3228\">Resweratrol<\/strong><\/h4>\n<p data-start=\"3229\" data-end=\"3508\">Resweratrol jest jednym z najsilniejszych przeciwutleniaczy, kt\u00f3ry pomaga w walce z wolnymi rodnikami, kt\u00f3re przyspieszaj\u0105 proces starzenia si\u0119 sk\u00f3ry. Jako sk\u0142adnik aktywny, resweratrol wspomaga produkcj\u0119 kolagenu, poprawiaj\u0105c elastyczno\u015b\u0107 sk\u00f3ry oraz zapobiegaj\u0105c jej wiotczeniu.<\/p>\n<h4 data-start=\"3510\" data-end=\"3530\"><strong data-start=\"3517\" data-end=\"3530\">Winogrona<\/strong><\/h4>\n<p data-start=\"3531\" data-end=\"3762\">Winogrona s\u0105 bogate w antyoksydanty, witaminy (A, C, E) oraz minera\u0142y, kt\u00f3re maj\u0105 dzia\u0142anie nawil\u017caj\u0105ce i od\u017cywcze. Ekstrakt z winogron dzia\u0142a regeneruj\u0105co, poprawiaj\u0105c og\u00f3ln\u0105 kondycj\u0119 sk\u00f3ry, przywracaj\u0105c jej zdrowy wygl\u0105d i blask.<\/p>\n<h4 data-start=\"3764\" data-end=\"3791\"><strong data-start=\"3771\" data-end=\"3791\">Kwas hialuronowy<\/strong><\/h4>\n<p data-start=\"3792\" data-end=\"4023\">Kwas hialuronowy to sk\u0142adnik, kt\u00f3ry ma zdolno\u015b\u0107 wi\u0105zania wody, co sprawia, \u017ce sk\u00f3ra staje si\u0119 odpowiednio nawil\u017cona i j\u0119drna. Dzi\u0119ki temu krem Eudalie skutecznie przeciwdzia\u0142a odwodnieniu sk\u00f3ry, nadaj\u0105c jej g\u0142adko\u015b\u0107 i elastyczno\u015b\u0107.<\/p>\n<h4 data-start=\"4025\" data-end=\"4046\"><strong data-start=\"4032\" data-end=\"4046\">Witamina C<\/strong><\/h4>\n<p data-start=\"4047\" data-end=\"4207\">Witamina C to sk\u0142adnik, kt\u00f3ry ma silne dzia\u0142anie rozja\u015bniaj\u0105ce. Pomaga poprawi\u0107 koloryt sk\u00f3ry, redukuj\u0105c przebarwienia oraz nadaj\u0105c cerze zdrowy, \u015bwie\u017cy wygl\u0105d.<\/p>\n<h4 data-start=\"4209\" data-end=\"4230\"><strong data-start=\"4216\" data-end=\"4230\">Witamina E<\/strong><\/h4>\n<p data-start=\"4231\" data-end=\"4443\">Witamina E jest znana ze swoich w\u0142a\u015bciwo\u015bci przeciwstarzeniowych, dzi\u0119ki czemu skutecznie walczy z oznakami starzenia sk\u00f3ry. Dzia\u0142a regeneruj\u0105co, zapobiegaj\u0105c powstawaniu zmarszczek i poprawiaj\u0105c struktur\u0119 sk\u00f3ry.<\/p>\n<h2 data-start=\"4445\" data-end=\"4491\">Efekty stosowania &#8211; dzia\u0142anie kremu Eudalie<\/h2>\n<h4 data-start=\"4493\" data-end=\"4526\"><strong data-start=\"4500\" data-end=\"4526\">Wyg\u0142adzenie zmarszczek<\/strong><\/h4>\n<p data-start=\"4527\" data-end=\"4768\">Eudalie skutecznie redukuje widoczno\u015b\u0107 zmarszczek i linii mimicznych, sprawiaj\u0105c, \u017ce sk\u00f3ra staje si\u0119 bardziej g\u0142adka i j\u0119drna. Regularne stosowanie kremu przyczynia si\u0119 do poprawy napi\u0119cia sk\u00f3ry, a efekty s\u0105 widoczne ju\u017c po kilku tygodniach.<\/p>\n<h4 data-start=\"4770\" data-end=\"4797\"><strong data-start=\"4777\" data-end=\"4797\">Nawil\u017cenie sk\u00f3ry<\/strong><\/h4>\n<p data-start=\"4798\" data-end=\"4980\">Krem doskonale nawil\u017ca sk\u00f3r\u0119, zapobiegaj\u0105c jej przesuszeniu i utracie elastyczno\u015bci. Dzi\u0119ki sk\u0142adnikom takim jak kwas hialuronowy, sk\u00f3ra staje si\u0119 odpowiednio nawodniona i od\u017cywiona.<\/p>\n<h4 data-start=\"4982\" data-end=\"5009\"><strong data-start=\"4989\" data-end=\"5009\">Poprawa kolorytu<\/strong><\/h4>\n<p data-start=\"5010\" data-end=\"5216\">Dzi\u0119ki zawarto\u015bci witaminy C, krem Eudalie ma dzia\u0142anie rozja\u015bniaj\u0105ce. Sk\u00f3ra zyskuje zdrowy, promienny wygl\u0105d, a przebarwienia staj\u0105 si\u0119 mniej widoczne. Cera staje si\u0119 jednolita, a jej koloryt poprawia si\u0119.<\/p>\n<h4 data-start=\"5218\" data-end=\"5249\"><strong data-start=\"5225\" data-end=\"5249\">Wzrost elastyczno\u015bci<\/strong><\/h4>\n<p data-start=\"5250\" data-end=\"5415\">Krem Eudalie poprawia elastyczno\u015b\u0107 sk\u00f3ry, dzi\u0119ki czemu staje si\u0119 ona bardziej napi\u0119ta i j\u0119drna. Sk\u00f3ra wygl\u0105da m\u0142odziej, a jej struktura staje si\u0119 bardziej spr\u0119\u017cysta.<\/p>\n<h4 data-start=\"5417\" data-end=\"5459\"><strong data-start=\"5424\" data-end=\"5459\">Ochrona przed wolnymi rodnikami<\/strong><\/h4>\n<p data-start=\"5460\" data-end=\"5731\">Dzi\u0119ki zawarto\u015bci resweratrolu, krem chroni sk\u00f3r\u0119 przed dzia\u0142aniem wolnych rodnik\u00f3w, kt\u00f3re przyspieszaj\u0105 proces starzenia. Oznacza to, \u017ce sk\u00f3ra jest mniej nara\u017cona na szkodliwe dzia\u0142anie czynnik\u00f3w zewn\u0119trznych, takich jak zanieczyszczenia powietrza czy promieniowanie UV.<\/p>\n<p style=\"text-align: center;\" data-start=\"5460\" data-end=\"5731\"><a class=\"border-button\" href=\"https:\/\/keonv.com\/G18S?sub1=sub1&amp;sub2=sub2&amp;sub3=sub3&amp;sub4=sub4&amp;sub5=sub5\">KUPI\u0106 PO CENIE PRODUCENTA (-50%)<\/a><\/p>\n<p data-start=\"5750\" data-end=\"6272\" data-is-only-node=\"\">Krem Eudalie to doskona\u0142y wyb\u00f3r dla kobiet, kt\u00f3re chc\u0105 zadba\u0107 o m\u0142odszy wygl\u0105d sk\u00f3ry. Dzi\u0119ki naturalnym sk\u0142adnikom aktywnym, takim jak resweratrol, kwas hialuronowy, witamina C i ekstrakt z winogron, Eudalie skutecznie walczy z oznakami starzenia, poprawiaj\u0105c kondycj\u0119 sk\u00f3ry, nawil\u017caj\u0105c j\u0105 i redukuj\u0105c zmarszczki. Regularne stosowanie tego kremu pozwala uzyska\u0107 j\u0119drn\u0105, g\u0142adk\u0105 sk\u00f3r\u0119 o zdrowym kolorycie. To produkt, kt\u00f3ry warto w\u0142\u0105czy\u0107 do swojej codziennej piel\u0119gnacji, aby cieszy\u0107 si\u0119 m\u0142odszych wygl\u0105dem przez d\u0142ugi czas.<\/p>\n","protected":false},"excerpt":{"rendered":"<p>Nr kat.: 870874019<\/p>\n<p style=\"text-align: center;\"><a class=\"border-button\" href=\"https:\/\/keonv.com\/G18S?sub1=sub1&amp;sub2=sub2&amp;sub3=sub3&amp;sub4=sub4&amp;sub5=sub5\">KUP TERAZ<\/a><\/p>\n","protected":false},"featured_media":1066,"comment_status":"open","ping_status":"closed","template":"","meta":[],"product_brand":[],"product_cat":[18],"product_tag":[],"class_list":{"0":"post-1065","1":"product","2":"type-product","3":"status-publish","4":"has-post-thumbnail","6":"product_cat-suplementy","8":"first","9":"instock","10":"sale","11":"shipping-taxable","12":"purchasable","13":"product-type-simple"},"aioseo_notices":[],"_links":{"self":[{"href":"https:\/\/lekarzpodroznik.pl\/store\/wp-json\/wp\/v2\/product\/1065","targetHints":{"allow":["GET"]}}],"collection":[{"href":"https:\/\/lekarzpodroznik.pl\/store\/wp-json\/wp\/v2\/product"}],"about":[{"href":"https:\/\/lekarzpodroznik.pl\/store\/wp-json\/wp\/v2\/types\/product"}],"replies":[{"embeddable":true,"href":"https:\/\/lekarzpodroznik.pl\/store\/wp-json\/wp\/v2\/comments?post=1065"}],"wp:featuredmedia":[{"embeddable":true,"href":"https:\/\/lekarzpodroznik.pl\/store\/wp-json\/wp\/v2\/media\/1066"}],"wp:attachment":[{"href":"https:\/\/lekarzpodroznik.pl\/store\/wp-json\/wp\/v2\/media?parent=1065"}],"wp:term":[{"taxonomy":"product_brand","embeddable":true,"href":"https:\/\/lekarzpodroznik.pl\/store\/wp-json\/wp\/v2\/product_brand?post=1065"},{"taxonomy":"product_cat","embeddable":true,"href":"https:\/\/lekarzpodroznik.pl\/store\/wp-json\/wp\/v2\/product_cat?post=1065"},{"taxonomy":"product_tag","embeddable":true,"href":"https:\/\/lekarzpodroznik.pl\/store\/wp-json\/wp\/v2\/product_tag?post=1065"}],"curies":[{"name":"wp","href":"https:\/\/api.w.org\/{rel}","templated":true}]}}