{"id":1300,"date":"2025-05-29T10:52:57","date_gmt":"2025-05-29T10:52:57","guid":{"rendered":"https:\/\/lekarzpodroznik.pl\/store\/?post_type=product&#038;p=1300"},"modified":"2025-05-29T10:58:55","modified_gmt":"2025-05-29T10:58:55","slug":"my-hero","status":"publish","type":"product","link":"https:\/\/lekarzpodroznik.pl\/store\/product\/my-hero\/","title":{"rendered":"My Hero"},"content":{"rendered":"<p data-start=\"376\" data-end=\"969\">Problemy z potencj\u0105 dotykaj\u0105 coraz wi\u0119kszej liczby m\u0119\u017cczyzn, bez wzgl\u0119du na wiek. Wsp\u00f3\u0142czesny styl \u017cycia, stres, przem\u0119czenie oraz niezdrowa dieta to tylko niekt\u00f3re z przyczyn obni\u017cenia sprawno\u015bci seksualnej. W odpowiedzi na te wyzwania na rynku pojawi\u0142o si\u0119 wiele suplement\u00f3w diety, kt\u00f3re maj\u0105 wspiera\u0107 m\u0119sk\u0105 potencj\u0119. Jednym z najciekawszych i najlepiej ocenianych produkt\u00f3w ostatnich lat s\u0105 <strong data-start=\"770\" data-end=\"789\">kapsu\u0142y My Hero<\/strong>. W tym artykule przedstawiamy <strong data-start=\"820\" data-end=\"844\">szczeg\u00f3\u0142owy przegl\u0105d<\/strong> tego preparatu, wyja\u015bniamy, jak dzia\u0142a, jakie ma wskazania i przeciwwskazania, analizujemy sk\u0142ad, a tak\u017ce efekty stosowania.<\/p>\n<hr data-start=\"971\" data-end=\"974\" \/>\n<h2 data-start=\"976\" data-end=\"1019\">Co to jest My Hero: forma wydania, grupa<\/h2>\n<p data-start=\"1021\" data-end=\"1390\"><strong data-start=\"1021\" data-end=\"1032\">My Hero<\/strong> to innowacyjny preparat dost\u0119pny w formie wygodnych do przyjmowania kapsu\u0142ek. Suplement zosta\u0142 stworzony z my\u015bl\u0105 o m\u0119\u017cczyznach, kt\u00f3rzy chc\u0105 w naturalny spos\u00f3b poprawi\u0107 swoj\u0105 potencj\u0119 i og\u00f3ln\u0105 sprawno\u015b\u0107 seksualn\u0105. Kapsu\u0142y s\u0105 \u0142atwe do po\u0142kni\u0119cia, nie maj\u0105 nieprzyjemnego smaku ani zapachu, co jest szczeg\u00f3lnie wa\u017cne dla os\u00f3b wra\u017cliwych na tradycyjne tabletki.<\/p>\n<div class=\"_tableContainer_16hzy_1\">\n<div class=\"_tableWrapper_16hzy_14 group flex w-fit flex-col-reverse\" tabindex=\"-1\">\n<table class=\"w-fit min-w-(--thread-content-width)\" style=\"height: 170px;\" width=\"1092\" data-start=\"1431\" data-end=\"2258\">\n<thead data-start=\"1431\" data-end=\"1549\">\n<tr data-start=\"1431\" data-end=\"1549\">\n<th data-start=\"1431\" data-end=\"1461\" data-col-size=\"sm\">Cecha<\/th>\n<th data-start=\"1461\" data-end=\"1549\" data-col-size=\"md\">Opis<\/th>\n<\/tr>\n<\/thead>\n<tbody data-start=\"1669\" data-end=\"2258\">\n<tr data-start=\"1669\" data-end=\"1786\">\n<td data-start=\"1669\" data-end=\"1699\" data-col-size=\"sm\"><strong data-start=\"1671\" data-end=\"1680\">Forma<\/strong><\/td>\n<td data-start=\"1699\" data-end=\"1786\" data-col-size=\"md\">Kapsu\u0142ki do po\u0142ykania<\/td>\n<\/tr>\n<tr data-start=\"1787\" data-end=\"1904\">\n<td data-start=\"1787\" data-end=\"1817\" data-col-size=\"sm\"><strong data-start=\"1789\" data-end=\"1807\">Grupa docelowa<\/strong><\/td>\n<td data-start=\"1817\" data-end=\"1904\" data-col-size=\"md\">M\u0119\u017cczy\u017ani w ka\u017cdym wieku, z problemami z erekcj\u0105 lub chc\u0105cy wzmocni\u0107 swoje libido<\/td>\n<\/tr>\n<tr data-start=\"1905\" data-end=\"2022\">\n<td data-start=\"1905\" data-end=\"1935\" data-col-size=\"sm\"><strong data-start=\"1907\" data-end=\"1921\">Opakowanie<\/strong><\/td>\n<td data-start=\"1935\" data-end=\"2022\" data-col-size=\"md\">30 lub 60 kapsu\u0142ek<\/td>\n<\/tr>\n<tr data-start=\"2023\" data-end=\"2140\">\n<td data-start=\"2023\" data-end=\"2053\" data-col-size=\"sm\"><strong data-start=\"2025\" data-end=\"2039\">Dost\u0119pno\u015b\u0107<\/strong><\/td>\n<td data-start=\"2053\" data-end=\"2140\" data-col-size=\"md\">Bez recepty, sprzeda\u017c online oraz w wybranych aptekach<\/td>\n<\/tr>\n<tr data-start=\"2141\" data-end=\"2258\">\n<td data-start=\"2141\" data-end=\"2171\" data-col-size=\"sm\"><strong data-start=\"2143\" data-end=\"2161\">Cel stosowania<\/strong><\/td>\n<td data-start=\"2171\" data-end=\"2258\" data-col-size=\"md\">Poprawa potencji, wyd\u0142u\u017cenie erekcji, zwi\u0119kszenie energii seksualnej<\/td>\n<\/tr>\n<\/tbody>\n<\/table>\n<div class=\"sticky end-(--thread-content-margin) h-0 self-end select-none\">\n<div class=\"absolute end-0 flex items-end\"><\/div>\n<\/div>\n<\/div>\n<\/div>\n<hr data-start=\"2260\" data-end=\"2263\" \/>\n<h2 data-start=\"2265\" data-end=\"2304\">Wskazania i przeciwwskazania My Hero<\/h2>\n<p data-start=\"2306\" data-end=\"2351\">Kapsu\u0142y My Hero zosta\u0142y opracowane z my\u015bl\u0105 o:<\/p>\n<ul data-start=\"2353\" data-end=\"2564\">\n<li data-start=\"2353\" data-end=\"2399\">\n<p data-start=\"2355\" data-end=\"2399\">m\u0119\u017cczyznach, kt\u00f3rzy zauwa\u017caj\u0105 spadek libido,<\/p>\n<\/li>\n<li data-start=\"2400\" data-end=\"2451\">\n<p data-start=\"2402\" data-end=\"2451\">osobach maj\u0105cych trudno\u015bci z utrzymaniem erekcji,<\/p>\n<\/li>\n<li data-start=\"2452\" data-end=\"2514\">\n<p data-start=\"2454\" data-end=\"2514\">panach, kt\u00f3rzy chc\u0105 poprawi\u0107 jako\u015b\u0107 swojego \u017cycia intymnego,<\/p>\n<\/li>\n<li data-start=\"2515\" data-end=\"2564\">\n<p data-start=\"2517\" data-end=\"2564\">m\u0119\u017cczyznach prowadz\u0105cych stresuj\u0105cy tryb \u017cycia.<\/p>\n<\/li>\n<\/ul>\n<p data-start=\"2566\" data-end=\"2594\"><strong>Wskazania do stosowania:<\/strong><\/p>\n<ol data-start=\"2596\" data-end=\"2817\">\n<li data-start=\"2596\" data-end=\"2642\">\n<p data-start=\"2599\" data-end=\"2642\">Zmniejszona ochota na seks (niskie libido).<\/p>\n<\/li>\n<li data-start=\"2643\" data-end=\"2694\">\n<p data-start=\"2646\" data-end=\"2694\">Problemy z osi\u0105gni\u0119ciem lub utrzymaniem erekcji.<\/p>\n<\/li>\n<li data-start=\"2695\" data-end=\"2746\">\n<p data-start=\"2698\" data-end=\"2746\">Kr\u00f3tkotrwa\u0142y stosunek seksualny, szybki wytrysk.<\/p>\n<\/li>\n<li data-start=\"2747\" data-end=\"2785\">\n<p data-start=\"2750\" data-end=\"2785\">Brak satysfakcji z \u017cycia intymnego.<\/p>\n<\/li>\n<li data-start=\"2786\" data-end=\"2817\">\n<p data-start=\"2789\" data-end=\"2817\">Przem\u0119czenie i brak energii.<\/p>\n<\/li>\n<\/ol>\n<p data-start=\"2819\" data-end=\"2840\"><strong>Przeciwwskazania:<\/strong><\/p>\n<p data-start=\"2842\" data-end=\"2947\">Cho\u0107 My Hero to produkt oparty na naturalnych sk\u0142adnikach, istniej\u0105 pewne przeciwwskazania do stosowania:<\/p>\n<ul data-start=\"2949\" data-end=\"3132\">\n<li data-start=\"2949\" data-end=\"3000\">\n<p data-start=\"2951\" data-end=\"3000\">nadwra\u017cliwo\u015b\u0107 na kt\u00f3rykolwiek sk\u0142adnik preparatu,<\/p>\n<\/li>\n<li data-start=\"3001\" data-end=\"3046\">\n<p data-start=\"3003\" data-end=\"3046\">ci\u0119\u017ckie schorzenia serca i uk\u0142adu kr\u0105\u017cenia,<\/p>\n<\/li>\n<li data-start=\"3047\" data-end=\"3083\">\n<p data-start=\"3049\" data-end=\"3083\">powa\u017cne choroby w\u0105troby lub nerek,<\/p>\n<\/li>\n<li data-start=\"3084\" data-end=\"3106\">\n<p data-start=\"3086\" data-end=\"3106\">wiek poni\u017cej 18 lat,<\/p>\n<\/li>\n<li data-start=\"3107\" data-end=\"3132\">\n<p data-start=\"3109\" data-end=\"3132\">niezalecane dla kobiet.<\/p>\n<\/li>\n<\/ul>\n<p data-start=\"3134\" data-end=\"3258\">Przed rozpocz\u0119ciem suplementacji zawsze warto skonsultowa\u0107 si\u0119 z lekarzem, zw\u0142aszcza je\u015bli przyjmujesz inne leki.<\/p>\n<p style=\"text-align: center;\" data-start=\"3134\" data-end=\"3258\"><a class=\"border-button\" href=\"https:\/\/keonv.com\/pcpS?sub1=sub1&amp;sub2=sub2&amp;sub3=sub3&amp;sub4=sub4&amp;sub5=sub5\">www.my-hero.pl<\/a><\/p>\n<hr data-start=\"3260\" data-end=\"3263\" \/>\n<h2 data-start=\"3265\" data-end=\"3303\">Sk\u0142ad My Hero \u2013 skuteczne sk\u0142adniki<\/h2>\n<p data-start=\"3305\" data-end=\"3566\">To w\u0142a\u015bnie <strong data-start=\"3316\" data-end=\"3343\">starannie dobrany sk\u0142ad<\/strong> sprawia, \u017ce My Hero cieszy si\u0119 tak dobr\u0105 opini\u0105 w\u015br\u00f3d u\u017cytkownik\u00f3w i specjalist\u00f3w. Preparat bazuje na synergii dzia\u0142ania naturalnych substancji, kt\u00f3re s\u0105 znane ze swojego pozytywnego wp\u0142ywu na potencj\u0119 i zdrowie seksualne.<\/p>\n<p data-start=\"3568\" data-end=\"3599\"><strong>Kluczowe sk\u0142adniki My Hero:<\/strong><\/p>\n<ol data-start=\"3601\" data-end=\"4198\">\n<li data-start=\"3601\" data-end=\"3724\">\n<p data-start=\"3604\" data-end=\"3724\"><strong data-start=\"3604\" data-end=\"3632\">Ekstrakt z korzenia maca<\/strong><br data-start=\"3632\" data-end=\"3635\" \/>Naturalny afrodyzjak, kt\u00f3ry zwi\u0119ksza libido, poprawia wytrzyma\u0142o\u015b\u0107 i wspiera p\u0142odno\u015b\u0107.<\/p>\n<\/li>\n<li data-start=\"3726\" data-end=\"3844\">\n<p data-start=\"3729\" data-end=\"3844\"><strong data-start=\"3729\" data-end=\"3754\">Ekstrakt z \u017ce\u0144-szenia<\/strong><br data-start=\"3754\" data-end=\"3757\" \/>Stymuluje uk\u0142ad kr\u0105\u017cenia, poprawia ukrwienie narz\u0105d\u00f3w p\u0142ciowych i wzmacnia organizm.<\/p>\n<\/li>\n<li data-start=\"3846\" data-end=\"3961\">\n<p data-start=\"3849\" data-end=\"3961\"><strong data-start=\"3849\" data-end=\"3863\">L-arginina<\/strong><br data-start=\"3863\" data-end=\"3866\" \/>Aminokwas wspieraj\u0105cy produkcj\u0119 tlenku azotu \u2013 kluczowego dla silnej i d\u0142ugotrwa\u0142ej erekcji.<\/p>\n<\/li>\n<li data-start=\"3963\" data-end=\"4096\">\n<p data-start=\"3966\" data-end=\"4096\"><strong data-start=\"3966\" data-end=\"4024\">Ekstrakt z buzdyganka naziemnego (Tribulus terrestris)<\/strong><br data-start=\"4024\" data-end=\"4027\" \/>Naturalnie podnosi poziom testosteronu i wspomaga pop\u0119d seksualny.<\/p>\n<\/li>\n<li data-start=\"4098\" data-end=\"4198\">\n<p data-start=\"4101\" data-end=\"4198\"><strong data-start=\"4101\" data-end=\"4109\">Cynk<\/strong><br data-start=\"4109\" data-end=\"4112\" \/>Niezb\u0119dny mikroelement dla produkcji hormon\u00f3w p\u0142ciowych, wp\u0142ywa na jako\u015b\u0107 nasienia.<\/p>\n<\/li>\n<\/ol>\n<hr data-start=\"5077\" data-end=\"5080\" \/>\n<h2 data-start=\"5082\" data-end=\"5131\">Efekty stosowania \u2013 dzia\u0142anie kapsu\u0142ek My Hero<\/h2>\n<p data-start=\"5133\" data-end=\"5305\">Regularne stosowanie kapsu\u0142ek My Hero pozwala uzyska\u0107 wymierne efekty ju\u017c po kilku dniach kuracji. Efekty potwierdzone s\u0105 przez opinie u\u017cytkownik\u00f3w oraz badania producenta.<\/p>\n<p data-start=\"5307\" data-end=\"5351\"><strong>Najwa\u017cniejsze efekty stosowania My Hero:<\/strong><\/p>\n<ul data-start=\"5353\" data-end=\"5864\">\n<li data-start=\"5353\" data-end=\"5447\">\n<p data-start=\"5355\" data-end=\"5447\"><strong data-start=\"5355\" data-end=\"5387\">Silniejsza i d\u0142u\u017csza erekcja<\/strong><br data-start=\"5387\" data-end=\"5390\" \/>Dzi\u0119ki wsparciu mikrokr\u0105\u017cenia i produkcji tlenku azotu.<\/p>\n<\/li>\n<li data-start=\"5448\" data-end=\"5536\">\n<p data-start=\"5450\" data-end=\"5536\"><strong data-start=\"5450\" data-end=\"5471\">Zwi\u0119kszone libido<\/strong><br data-start=\"5471\" data-end=\"5474\" \/>Odzyskanie ch\u0119ci na seks, wi\u0119ksza satysfakcja ze wsp\u00f3\u0142\u017cycia.<\/p>\n<\/li>\n<li data-start=\"5537\" data-end=\"5651\">\n<p data-start=\"5539\" data-end=\"5651\"><strong data-start=\"5539\" data-end=\"5573\">Wi\u0119ksza energia i wytrzyma\u0142o\u015b\u0107<\/strong><br data-start=\"5573\" data-end=\"5576\" \/>Koniec z przem\u0119czeniem i ospa\u0142o\u015bci\u0105, wi\u0119cej energii nie tylko w sypialni.<\/p>\n<\/li>\n<li data-start=\"5652\" data-end=\"5760\">\n<p data-start=\"5654\" data-end=\"5760\"><strong data-start=\"5654\" data-end=\"5689\">Wyd\u0142u\u017cenie stosunku seksualnego<\/strong><br data-start=\"5689\" data-end=\"5692\" \/>Kontrola wytrysku, d\u0142u\u017csze i bardziej satysfakcjonuj\u0105ce zbli\u017cenia.<\/p>\n<\/li>\n<li data-start=\"5761\" data-end=\"5864\">\n<p data-start=\"5763\" data-end=\"5864\"><strong data-start=\"5763\" data-end=\"5797\">Lepsze samopoczucie psychiczne<\/strong><br data-start=\"5797\" data-end=\"5800\" \/>Wi\u0119ksza pewno\u015b\u0107 siebie, brak kompleks\u00f3w zwi\u0105zanych z potencj\u0105.<\/p>\n<\/li>\n<\/ul>\n<p style=\"text-align: center;\"><a class=\"border-button\" href=\"https:\/\/keonv.com\/pcpS?sub1=sub1&amp;sub2=sub2&amp;sub3=sub3&amp;sub4=sub4&amp;sub5=sub5\">KUPI\u0106 PO CENIE PRODUCENTA (-50%)<\/a><\/p>\n","protected":false},"excerpt":{"rendered":"<p>Nr kat.: 000874037<\/p>\n<p style=\"text-align: center;\"><a class=\"border-button\" href=\"https:\/\/keonv.com\/pcpS?sub1=sub1&amp;sub2=sub2&amp;sub3=sub3&amp;sub4=sub4&amp;sub5=sub5\">KUP TERAZ<\/a><\/p>\n","protected":false},"featured_media":1301,"comment_status":"open","ping_status":"closed","template":"","meta":[],"product_brand":[],"product_cat":[18],"product_tag":[],"class_list":{"0":"post-1300","1":"product","2":"type-product","3":"status-publish","4":"has-post-thumbnail","6":"product_cat-suplementy","8":"first","9":"instock","10":"sale","11":"shipping-taxable","12":"purchasable","13":"product-type-simple"},"aioseo_notices":[],"_links":{"self":[{"href":"https:\/\/lekarzpodroznik.pl\/store\/wp-json\/wp\/v2\/product\/1300","targetHints":{"allow":["GET"]}}],"collection":[{"href":"https:\/\/lekarzpodroznik.pl\/store\/wp-json\/wp\/v2\/product"}],"about":[{"href":"https:\/\/lekarzpodroznik.pl\/store\/wp-json\/wp\/v2\/types\/product"}],"replies":[{"embeddable":true,"href":"https:\/\/lekarzpodroznik.pl\/store\/wp-json\/wp\/v2\/comments?post=1300"}],"wp:featuredmedia":[{"embeddable":true,"href":"https:\/\/lekarzpodroznik.pl\/store\/wp-json\/wp\/v2\/media\/1301"}],"wp:attachment":[{"href":"https:\/\/lekarzpodroznik.pl\/store\/wp-json\/wp\/v2\/media?parent=1300"}],"wp:term":[{"taxonomy":"product_brand","embeddable":true,"href":"https:\/\/lekarzpodroznik.pl\/store\/wp-json\/wp\/v2\/product_brand?post=1300"},{"taxonomy":"product_cat","embeddable":true,"href":"https:\/\/lekarzpodroznik.pl\/store\/wp-json\/wp\/v2\/product_cat?post=1300"},{"taxonomy":"product_tag","embeddable":true,"href":"https:\/\/lekarzpodroznik.pl\/store\/wp-json\/wp\/v2\/product_tag?post=1300"}],"curies":[{"name":"wp","href":"https:\/\/api.w.org\/{rel}","templated":true}]}}