{"id":225,"date":"2024-09-03T10:10:14","date_gmt":"2024-09-03T10:10:14","guid":{"rendered":"https:\/\/lekarzpodroznik.pl\/store\/?post_type=product&#038;p=225"},"modified":"2024-10-31T08:58:04","modified_gmt":"2024-10-31T08:58:04","slug":"tensinorum","status":"publish","type":"product","link":"https:\/\/lekarzpodroznik.pl\/store\/product\/tensinorum\/","title":{"rendered":"Tensinorum"},"content":{"rendered":"<article class=\"w-full text-token-text-primary focus-visible:outline-2 focus-visible:outline-offset-[-4px]\" dir=\"auto\" data-testid=\"conversation-turn-3\" data-scroll-anchor=\"false\">\n<div class=\"text-base py-[18px] m-auto md:px-5 w-full px-3 lg:px-0\">\n<div class=\"mx-auto flex flex-1 gap-4 text-base md:gap-5 lg:gap-6 md:max-w-3xl lg:max-w-[40rem] xl:max-w-[48rem]\">\n<div class=\"group\/conversation-turn relative flex w-full min-w-0 flex-col agent-turn\">\n<div class=\"flex-col gap-1 md:gap-3\">\n<div class=\"flex max-w-full flex-col flex-grow\">\n<div class=\"text-message flex w-full flex-col items-end gap-2 break-words [.text-message+&amp;]:mt-5 overflow-x-auto whitespace-normal\" dir=\"auto\" data-message-author-role=\"assistant\" data-message-id=\"d42d6835-26b4-4ba6-91e7-ca6fe82e50e5\">\n<div class=\"flex w-full flex-col gap-1 empty:hidden first:pt-[3px]\">\n<div class=\"markdown prose w-full break-words dark:prose-invert light\">\n<p>Tensinorum to nowoczesny preparat w postaci kapsu\u0142ek, przeznaczony do walki z nadci\u015bnieniem t\u0119tniczym. Jest to suplement diety, kt\u00f3ry zalicza si\u0119 do grupy \u015brodk\u00f3w wspomagaj\u0105cych funkcjonowanie uk\u0142adu sercowo-naczyniowego. Jego unikalny sk\u0142ad opiera si\u0119 na naturalnych ekstraktach ro\u015blinnych, kt\u00f3re dzia\u0142aj\u0105 \u0142agodnie, ale skutecznie, pomagaj\u0105c utrzyma\u0107 prawid\u0142owe ci\u015bnienie krwi.<\/p>\n<p>Kapsu\u0142ki Tensinorum zosta\u0142y stworzone z my\u015bl\u0105 o osobach, kt\u00f3re zmagaj\u0105 si\u0119 z problemem nadci\u015bnienia, a tak\u017ce o tych, kt\u00f3rzy chc\u0105 zapobiega\u0107 jego wyst\u0105pieniu. Produkt dost\u0119pny jest w wygodnych do spo\u017cycia kapsu\u0142kach, co u\u0142atwia codzienne stosowanie. Opakowanie zwykle zawiera 30 kapsu\u0142ek, co wystarcza na miesi\u0105c kuracji.<\/p>\n<p style=\"text-align: center;\"><a class=\"border-button\" href=\"https:\/\/kshop5.com\/G5M7B9\/\">www.tensinorum.pl<\/a><\/p>\n<h2>Wskazania i przeciwwskazania Tensinorum<\/h2>\n<p>Tensinorum jest zalecany przede wszystkim osobom zmagaj\u0105cym si\u0119 z nadci\u015bnieniem t\u0119tniczym, ale mo\u017ce by\u0107 r\u00f3wnie\u017c stosowany profilaktycznie przez osoby znajduj\u0105ce si\u0119 w grupie ryzyka. Regularne stosowanie kapsu\u0142ek mo\u017ce pom\u00f3c w:<\/p>\n<ul>\n<li>Regulacji ci\u015bnienia krwi,<\/li>\n<li>Poprawie kr\u0105\u017cenia,<\/li>\n<li>Wzmocnieniu naczy\u0144 krwiono\u015bnych,<\/li>\n<li>Redukcji poziomu cholesterolu,<\/li>\n<li>Zmniejszeniu ryzyka powik\u0142a\u0144 sercowo-naczyniowych.<\/li>\n<\/ul>\n<h4>Przeciwwskazania<\/h4>\n<p>Chocia\u017c Tensinorum jest produktem naturalnym i bezpiecznym, istniej\u0105 pewne przeciwwskazania do jego stosowania:<\/p>\n<ol>\n<li><strong>Alergia na sk\u0142adniki preparatu<\/strong> &#8211; osoby uczulone na kt\u00f3rykolwiek ze sk\u0142adnik\u00f3w powinny unika\u0107 tego produktu.<\/li>\n<li><strong>Ci\u0105\u017ca i karmienie piersi\u0105<\/strong> &#8211; przed zastosowaniem preparatu przez kobiety w ci\u0105\u017cy lub karmi\u0105ce piersi\u0105, nale\u017cy skonsultowa\u0107 si\u0119 z lekarzem.<\/li>\n<li><strong>Dzieci<\/strong> &#8211; produkt nie jest przeznaczony dla dzieci, chyba \u017ce zaleci to lekarz.<\/li>\n<li><strong>Przyjmowanie lek\u00f3w na nadci\u015bnienie<\/strong> &#8211; osoby stosuj\u0105ce inne leki obni\u017caj\u0105ce ci\u015bnienie powinny skonsultowa\u0107 si\u0119 z lekarzem przed rozpocz\u0119ciem kuracji Tensinorum, aby unikn\u0105\u0107 potencjalnych interakcji.<\/li>\n<\/ol>\n<h2>Sk\u0142ad Tensinorum &#8211; skuteczne sk\u0142adniki<\/h2>\n<p>Tensinorum zawiera starannie dobrany zestaw naturalnych sk\u0142adnik\u00f3w, kt\u00f3re dzia\u0142aj\u0105 synergistycznie, aby wspiera\u0107 zdrowie uk\u0142adu sercowo-naczyniowego. Oto kluczowe sk\u0142adniki preparatu:<\/p>\n<table style=\"height: 166px;\" width=\"920\">\n<thead>\n<tr>\n<th>Sk\u0142adnik<\/th>\n<th>Dzia\u0142anie<\/th>\n<\/tr>\n<\/thead>\n<tbody>\n<tr>\n<td><strong>Ekstrakt z g\u0142ogu<\/strong><\/td>\n<td>Poprawia kr\u0105\u017cenie krwi, wzmacnia serce, obni\u017ca ci\u015bnienie<\/td>\n<\/tr>\n<tr>\n<td><strong>Ekstrakt z oliwek<\/strong><\/td>\n<td>Obni\u017ca ci\u015bnienie krwi, dzia\u0142a przeciwutleniaj\u0105co<\/td>\n<\/tr>\n<tr>\n<td><strong>L-arginina<\/strong><\/td>\n<td>Wspomaga rozszerzenie naczy\u0144 krwiono\u015bnych, poprawia przep\u0142yw krwi<\/td>\n<\/tr>\n<tr>\n<td><strong>Magnez<\/strong><\/td>\n<td>Reguluje prac\u0119 serca, obni\u017ca ci\u015bnienie, redukuje stres<\/td>\n<\/tr>\n<tr>\n<td><strong>Witamina B6<\/strong><\/td>\n<td>Wspiera uk\u0142ad nerwowy, pomaga w regulacji ci\u015bnienia krwi<\/td>\n<\/tr>\n<\/tbody>\n<\/table>\n<h2>Efekty stosowania &#8211; dzia\u0142anie kapsu\u0142ek Tensinorum<\/h2>\n<p>Regularne stosowanie kapsu\u0142ek Tensinorum przynosi liczne korzy\u015bci dla zdrowia, w tym:<\/p>\n<ol>\n<li><strong>Normalizacja ci\u015bnienia krwi<\/strong> &#8211; naturalne sk\u0142adniki pomagaj\u0105 w utrzymaniu prawid\u0142owego ci\u015bnienia, co redukuje ryzyko zawa\u0142u serca i udaru m\u00f3zgu.<\/li>\n<li><strong>Poprawa kr\u0105\u017cenia<\/strong> &#8211; sk\u0142adniki preparatu wspomagaj\u0105 rozszerzenie naczy\u0144 krwiono\u015bnych, co poprawia przep\u0142yw krwi w ca\u0142ym organizmie.<\/li>\n<li><strong>Redukcja stresu<\/strong> &#8211; magnez i witamina B6 pomagaj\u0105 w redukcji napi\u0119cia nerwowego, co ma pozytywny wp\u0142yw na ci\u015bnienie krwi.<\/li>\n<li><strong>Wsparcie serca<\/strong> &#8211; g\u0142\u00f3g wzmacnia mi\u0119sie\u0144 sercowy, poprawiaj\u0105c jego wydolno\u015b\u0107 i zapobiegaj\u0105c arytmiom.<\/li>\n<\/ol>\n<p>Dzi\u0119ki naturalnym sk\u0142adnikom, Tensinorum jest bezpiecznym i skutecznym \u015brodkiem w walce z nadci\u015bnieniem. Regularne stosowanie kapsu\u0142ek mo\u017ce znacznie poprawi\u0107 jako\u015b\u0107 \u017cycia i zmniejszy\u0107 ryzyko powa\u017cnych powik\u0142a\u0144 zdrowotnych.<\/p>\n<h2>Gdzie kupi\u0107 Tensinorum?<\/h2>\n<p>Je\u015bli zastanawiasz si\u0119, gdzie kupi\u0107 Tensinorum, warto pami\u0119ta\u0107, \u017ce najlepszym miejscem na zakup tego preparatu jest oficjalna strona producenta. W przeciwie\u0144stwie do wielu suplement\u00f3w dost\u0119pnych w aptekach stacjonarnych, Tensinorum nie jest tam dost\u0119pny. Producent zdecydowa\u0142 si\u0119 na sprzeda\u017c bezpo\u015bredni\u0105, aby zapewni\u0107 klientom oryginalny produkt najwy\u017cszej jako\u015bci, unikaj\u0105c podr\u00f3bek i zapewniaj\u0105c konkurencyjn\u0105 cen\u0119.<\/p>\n<p>Kupuj\u0105c bezpo\u015brednio od producenta, masz pewno\u015b\u0107, \u017ce otrzymujesz autentyczny produkt, a tak\u017ce mo\u017cesz skorzysta\u0107 z r\u00f3\u017cnych promocji i rabat\u00f3w, kt\u00f3re cz\u0119sto s\u0105 oferowane na stronie internetowej. Co wi\u0119cej, zakup na oficjalnej stronie gwarantuje szybk\u0105 i dyskretn\u0105 dostaw\u0119, a tak\u017ce mo\u017cliwo\u015b\u0107 skorzystania z profesjonalnego wsparcia klienta.<\/p>\n<p style=\"text-align: center;\"><a class=\"border-button\" href=\"https:\/\/kshop5.com\/G5M7B9\/\">KUPI\u0106 PO CENIE PRODUCENTA (-50%)<\/a><\/p>\n<\/div>\n<\/div>\n<\/div>\n<\/div>\n<\/div>\n<\/div>\n<\/div>\n<\/div>\n<\/article>\n","protected":false},"excerpt":{"rendered":"<p>Nr kat.: 870874532<\/p>\n<p style=\"text-align: center;\"><a class=\"border-button\" href=\"https:\/\/kshop5.com\/G5M7B9\/\">KUP TERAZ<\/a><\/p>\n","protected":false},"featured_media":226,"comment_status":"open","ping_status":"closed","template":"","meta":[],"product_brand":[],"product_cat":[18],"product_tag":[],"class_list":{"0":"post-225","1":"product","2":"type-product","3":"status-publish","4":"has-post-thumbnail","6":"product_cat-suplementy","8":"first","9":"instock","10":"sale","11":"shipping-taxable","12":"purchasable","13":"product-type-simple"},"aioseo_notices":[],"_links":{"self":[{"href":"https:\/\/lekarzpodroznik.pl\/store\/wp-json\/wp\/v2\/product\/225","targetHints":{"allow":["GET"]}}],"collection":[{"href":"https:\/\/lekarzpodroznik.pl\/store\/wp-json\/wp\/v2\/product"}],"about":[{"href":"https:\/\/lekarzpodroznik.pl\/store\/wp-json\/wp\/v2\/types\/product"}],"replies":[{"embeddable":true,"href":"https:\/\/lekarzpodroznik.pl\/store\/wp-json\/wp\/v2\/comments?post=225"}],"wp:featuredmedia":[{"embeddable":true,"href":"https:\/\/lekarzpodroznik.pl\/store\/wp-json\/wp\/v2\/media\/226"}],"wp:attachment":[{"href":"https:\/\/lekarzpodroznik.pl\/store\/wp-json\/wp\/v2\/media?parent=225"}],"wp:term":[{"taxonomy":"product_brand","embeddable":true,"href":"https:\/\/lekarzpodroznik.pl\/store\/wp-json\/wp\/v2\/product_brand?post=225"},{"taxonomy":"product_cat","embeddable":true,"href":"https:\/\/lekarzpodroznik.pl\/store\/wp-json\/wp\/v2\/product_cat?post=225"},{"taxonomy":"product_tag","embeddable":true,"href":"https:\/\/lekarzpodroznik.pl\/store\/wp-json\/wp\/v2\/product_tag?post=225"}],"curies":[{"name":"wp","href":"https:\/\/api.w.org\/{rel}","templated":true}]}}