{"id":228,"date":"2024-09-03T10:16:57","date_gmt":"2024-09-03T10:16:57","guid":{"rendered":"https:\/\/lekarzpodroznik.pl\/store\/?post_type=product&#038;p=228"},"modified":"2024-10-31T08:59:08","modified_gmt":"2024-10-31T08:59:08","slug":"taraxinol","status":"publish","type":"product","link":"https:\/\/lekarzpodroznik.pl\/store\/product\/taraxinol\/","title":{"rendered":"Taraxinol"},"content":{"rendered":"<article class=\"w-full text-token-text-primary focus-visible:outline-2 focus-visible:outline-offset-[-4px]\" dir=\"auto\" data-testid=\"conversation-turn-3\" data-scroll-anchor=\"false\">\n<div class=\"text-base py-[18px] m-auto md:px-5 w-full px-3 lg:px-0\">\n<div class=\"mx-auto flex flex-1 gap-4 text-base md:gap-5 lg:gap-6 md:max-w-3xl lg:max-w-[40rem] xl:max-w-[48rem]\">\n<div class=\"group\/conversation-turn relative flex w-full min-w-0 flex-col agent-turn\">\n<div class=\"flex-col gap-1 md:gap-3\">\n<div class=\"flex max-w-full flex-col flex-grow\">\n<div class=\"min-h-[20px] text-message flex w-full flex-col items-end gap-2 break-words [.text-message+&amp;]:mt-5 overflow-x-auto whitespace-normal\" dir=\"auto\" data-message-author-role=\"assistant\" data-message-id=\"2a3adaec-e5af-4c60-877e-60dadad2d5cf\">\n<div class=\"flex w-full flex-col gap-1 empty:hidden first:pt-[3px]\">\n<div class=\"markdown prose w-full break-words dark:prose-invert light\">\n<p><strong>Taraxinol<\/strong> to innowacyjny suplement diety dost\u0119pny w formie kapsu\u0142ek, kt\u00f3ry zosta\u0142 opracowany specjalnie z my\u015bl\u0105 o osobach walcz\u0105cych z alkoholizmem. Produkt ten nale\u017cy do grupy preparat\u00f3w wspomagaj\u0105cych walk\u0119 z uzale\u017cnieniem od alkoholu. Jego unikalna formu\u0142a opiera si\u0119 na naturalnych sk\u0142adnikach, kt\u00f3re maj\u0105 na celu z\u0142agodzenie objaw\u00f3w uzale\u017cnienia, wspieranie detoksykacji organizmu oraz popraw\u0119 og\u00f3lnego samopoczucia psychofizycznego.<\/p>\n<p>Taraxinol wyr\u00f3\u017cnia si\u0119 nie tylko skuteczno\u015bci\u0105, ale tak\u017ce bezpiecze\u0144stwem stosowania, co czyni go atrakcyjnym wyborem dla os\u00f3b, kt\u00f3re chc\u0105 wyj\u015b\u0107 z na\u0142ogu bez ryzyka skutk\u00f3w ubocznych charakterystycznych dla silnych lek\u00f3w farmakologicznych. Forma kapsu\u0142ek u\u0142atwia przyjmowanie preparatu, a dawkowanie jest dostosowane do potrzeb os\u00f3b doros\u0142ych.<\/p>\n<p style=\"text-align: center;\"><a class=\"border-button\" href=\"https:\/\/kshop5.com\/z7fmvT\/\">www.taraxinol.pl<\/a><\/p>\n<h2>Wskazania i przeciwwskazania Taraxinol<\/h2>\n<p><strong>Wskazania<\/strong> do stosowania Taraxinol obejmuj\u0105:<\/p>\n<ul>\n<li>Walk\u0119 z uzale\u017cnieniem od alkoholu,<\/li>\n<li>Wspomaganie detoksykacji organizmu,<\/li>\n<li>Popraw\u0119 funkcjonowania uk\u0142adu nerwowego,<\/li>\n<li>\u0141agodzenie objaw\u00f3w zespo\u0142u abstynencyjnego,<\/li>\n<li>Wsparcie psychiczne i fizyczne podczas terapii odwykowej.<\/li>\n<\/ul>\n<p>Jednak\u017ce, jak ka\u017cdy suplement diety, Taraxinol posiada tak\u017ce <strong>przeciwwskazania<\/strong>:<\/p>\n<ul>\n<li>Uczulenie na kt\u00f3rykolwiek ze sk\u0142adnik\u00f3w preparatu,<\/li>\n<li>Ci\u0105\u017ca i karmienie piersi\u0105 (ze wzgl\u0119du na brak bada\u0144 dotycz\u0105cych wp\u0142ywu na p\u0142\u00f3d i niemowl\u0119),<\/li>\n<li>Dzieci poni\u017cej 18 roku \u017cycia.<\/li>\n<\/ul>\n<p>W przypadku w\u0105tpliwo\u015bci co do stosowania Taraxinol, zaleca si\u0119 konsultacj\u0119 z lekarzem lub farmaceut\u0105, szczeg\u00f3lnie w przypadku os\u00f3b z istniej\u0105cymi schorzeniami przewlek\u0142ymi lub przyjmuj\u0105cych inne leki.<\/p>\n<h2>Sk\u0142ad Taraxinol &#8211; skuteczne sk\u0142adniki<\/h2>\n<p>Sk\u0142ad Taraxinol oparty jest na naturalnych, starannie dobranych substancjach, kt\u00f3re wykazuj\u0105 korzystne dzia\u0142anie na organizm osoby uzale\u017cnionej od alkoholu. Oto kluczowe sk\u0142adniki Taraxinol:<\/p>\n<ol>\n<li><strong>Ekstrakt z ostropestu plamistego<\/strong> &#8211; Znany ze swoich w\u0142a\u015bciwo\u015bci detoksykacyjnych, wspiera funkcjonowanie w\u0105troby, kt\u00f3ra jest jednym z organ\u00f3w najbardziej obci\u0105\u017conych podczas nadu\u017cywania alkoholu.<\/li>\n<li><strong>L-tryptofan<\/strong> &#8211; Aminokwas niezb\u0119dny do syntezy serotoniny, czyli &#8222;hormonu szcz\u0119\u015bcia&#8221;. Pomaga w stabilizacji nastroju, co jest szczeg\u00f3lnie wa\u017cne w walce z uzale\u017cnieniem.<\/li>\n<li><strong>Ekstrakt z \u017ce\u0144-szenia<\/strong> &#8211; Wzmacnia uk\u0142ad nerwowy, zwi\u0119ksza odporno\u015b\u0107 organizmu na stres i poprawia og\u00f3ln\u0105 witalno\u015b\u0107.<\/li>\n<li><strong>Ekstrakt z koz\u0142ka lekarskiego<\/strong> &#8211; Dzia\u0142a uspokajaj\u0105co i pomaga w redukcji stan\u00f3w l\u0119kowych oraz napi\u0119cia, co jest cz\u0119stym problemem u os\u00f3b uzale\u017cnionych.<\/li>\n<li><strong>Witamina B6<\/strong> &#8211; Wspiera funkcjonowanie uk\u0142adu nerwowego, a tak\u017ce uczestniczy w procesach metabolicznych, kt\u00f3re s\u0105 zaburzone podczas nadmiernego spo\u017cycia alkoholu.<\/li>\n<li><strong>Magnez<\/strong> &#8211; Pierwiastek, kt\u00f3rego cz\u0119sto brakuje u os\u00f3b nadu\u017cywaj\u0105cych alkoholu. Pomaga w redukcji skurcz\u00f3w mi\u0119\u015bni i poprawia og\u00f3ln\u0105 kondycj\u0119 fizyczn\u0105.<\/li>\n<\/ol>\n<h2>Efekty stosowania &#8211; dzia\u0142anie kapsu\u0142ek Taraxinol<\/h2>\n<p>Stosowanie Taraxinol przynosi szereg korzy\u015bci, kt\u00f3re mog\u0105 znacz\u0105co wp\u0142yn\u0105\u0107 na zdrowie i samopoczucie osoby walcz\u0105cej z uzale\u017cnieniem od alkoholu. Regularne przyjmowanie kapsu\u0142ek mo\u017ce przyczyni\u0107 si\u0119 do:<\/p>\n<ul>\n<li><strong>Redukcji potrzeby si\u0119gania po alkohol<\/strong> &#8211; Sk\u0142adniki preparatu wp\u0142ywaj\u0105 na obni\u017cenie potrzeby picia, co u\u0142atwia proces odzwyczajania si\u0119 od alkoholu.<\/li>\n<li><strong>Poprawy funkcjonowania uk\u0142adu nerwowego<\/strong> &#8211; Dzi\u0119ki obecno\u015bci witamin i minera\u0142\u00f3w, Taraxinol wspiera regeneracj\u0119 uk\u0142adu nerwowego, co jest kluczowe dla os\u00f3b cierpi\u0105cych na zesp\u00f3\u0142 abstynencyjny.<\/li>\n<li><strong>Detoksykacji organizmu<\/strong> &#8211; Ostropest plamisty oraz inne sk\u0142adniki wspomagaj\u0105 usuwanie toksyn z organizmu, co pozwala na szybszy powr\u00f3t do zdrowia.<\/li>\n<li><strong>Wzmocnienia uk\u0142adu odporno\u015bciowego<\/strong> &#8211; \u017be\u0144-sze\u0144 i magnez wzmacniaj\u0105 odporno\u015b\u0107, co jest szczeg\u00f3lnie wa\u017cne w procesie regeneracji organizmu po d\u0142ugotrwa\u0142ym nadu\u017cywaniu alkoholu.<\/li>\n<li><strong>Poprawy jako\u015bci snu<\/strong> &#8211; L-tryptofan i ekstrakt z koz\u0142ka lekarskiego pomagaj\u0105 w poprawie jako\u015bci snu, co jest cz\u0119sto zaburzone u os\u00f3b uzale\u017cnionych od alkoholu.<\/li>\n<\/ul>\n<h2>Gdzie kupi\u0107 Taraxinol?<\/h2>\n<p>Taraxinol to preparat dost\u0119pny wy\u0142\u0105cznie na oficjalnej stronie producenta. W stacjonarnych aptekach nie jest dost\u0119pny, co pozwala na unikni\u0119cie ryzyka zakupu podr\u00f3bki lub preparatu o niepewnym sk\u0142adzie. Zakup u producenta gwarantuje oryginalno\u015b\u0107 produktu oraz dost\u0119p do aktualnych promocji i zni\u017cek, co pozwala na zaoszcz\u0119dzenie pieni\u0119dzy.<\/p>\n<p><strong>Szukaj\u0105c miejsca, gdzie kupi\u0107 Taraxinol<\/strong>, warto skorzysta\u0107 z oficjalnej strony producenta, gdzie proces zakupu jest prosty, a dostawa szybka i dyskretna. Zakup bezpo\u015brednio u producenta to r\u00f3wnie\u017c pewno\u015b\u0107, \u017ce produkt jest \u015bwie\u017cy i przechowywany w odpowiednich warunkach.<\/p>\n<p style=\"text-align: center;\"><a class=\"border-button\" href=\"https:\/\/kshop5.com\/z7fmvT\/\">KUPI\u0106 PO CENIE PRODUCENTA (-50%)<\/a><\/p>\n<\/div>\n<\/div>\n<\/div>\n<\/div>\n<\/div>\n<\/div>\n<\/div>\n<\/div>\n<\/article>\n","protected":false},"excerpt":{"rendered":"<p>Nr kat.: 870874533<\/p>\n<p style=\"text-align: center;\"><a class=\"border-button\" href=\"https:\/\/kshop5.com\/z7fmvT\/\">KUP TERAZ<\/a><\/p>\n","protected":false},"featured_media":229,"comment_status":"open","ping_status":"closed","template":"","meta":[],"product_brand":[],"product_cat":[18],"product_tag":[],"class_list":{"0":"post-228","1":"product","2":"type-product","3":"status-publish","4":"has-post-thumbnail","6":"product_cat-suplementy","8":"first","9":"instock","10":"sale","11":"shipping-taxable","12":"purchasable","13":"product-type-simple"},"aioseo_notices":[],"_links":{"self":[{"href":"https:\/\/lekarzpodroznik.pl\/store\/wp-json\/wp\/v2\/product\/228","targetHints":{"allow":["GET"]}}],"collection":[{"href":"https:\/\/lekarzpodroznik.pl\/store\/wp-json\/wp\/v2\/product"}],"about":[{"href":"https:\/\/lekarzpodroznik.pl\/store\/wp-json\/wp\/v2\/types\/product"}],"replies":[{"embeddable":true,"href":"https:\/\/lekarzpodroznik.pl\/store\/wp-json\/wp\/v2\/comments?post=228"}],"wp:featuredmedia":[{"embeddable":true,"href":"https:\/\/lekarzpodroznik.pl\/store\/wp-json\/wp\/v2\/media\/229"}],"wp:attachment":[{"href":"https:\/\/lekarzpodroznik.pl\/store\/wp-json\/wp\/v2\/media?parent=228"}],"wp:term":[{"taxonomy":"product_brand","embeddable":true,"href":"https:\/\/lekarzpodroznik.pl\/store\/wp-json\/wp\/v2\/product_brand?post=228"},{"taxonomy":"product_cat","embeddable":true,"href":"https:\/\/lekarzpodroznik.pl\/store\/wp-json\/wp\/v2\/product_cat?post=228"},{"taxonomy":"product_tag","embeddable":true,"href":"https:\/\/lekarzpodroznik.pl\/store\/wp-json\/wp\/v2\/product_tag?post=228"}],"curies":[{"name":"wp","href":"https:\/\/api.w.org\/{rel}","templated":true}]}}