{"id":289,"date":"2024-10-08T10:22:48","date_gmt":"2024-10-08T10:22:48","guid":{"rendered":"https:\/\/lekarzpodroznik.pl\/store\/?post_type=product&#038;p=289"},"modified":"2025-03-04T11:47:02","modified_gmt":"2025-03-04T11:47:02","slug":"dr-merritz","status":"publish","type":"product","link":"https:\/\/lekarzpodroznik.pl\/store\/product\/dr-merritz\/","title":{"rendered":"Dr Merritz"},"content":{"rendered":"<p>Dr Merritz to balsam o intensywnym dzia\u0142aniu przeciwgrzybiczym, stworzony specjalnie dla os\u00f3b zmagaj\u0105cych si\u0119 z problemami uszkodzonej p\u0142ytki paznokcia. Produkt ten wyst\u0119puje w formie wygodnego do aplikacji balsamu, co pozwala na \u0142atwe i precyzyjne na\u0142o\u017cenie na paznokcie. Zosta\u0142 on opracowany z my\u015bl\u0105 o osobach, kt\u00f3re borykaj\u0105 si\u0119 z problemami zwi\u0105zanymi z grzybic\u0105 paznokci, nadmiernym wysuszeniem i \u0142amliwo\u015bci\u0105 p\u0142ytki paznokciowej.<\/p>\n<p>Dr Merritz nale\u017cy do grupy preparat\u00f3w dermokosmetycznych, kt\u00f3re \u0142\u0105cz\u0105 w sobie dzia\u0142anie piel\u0119gnacyjne i lecznicze. Jego regularne stosowanie pozwala na kompleksow\u0105 regeneracj\u0119 paznokci, a tak\u017ce stanowi skuteczn\u0105 ochron\u0119 przed ponownym rozwojem infekcji grzybiczych.<\/p>\n<p style=\"text-align: center;\"><a class=\"border-button\" href=\"https:\/\/tl-track.com\/tracker\/u5B6\">www.dr-merritz.pl<\/a><\/p>\n<h2>Wskazania i przeciwwskazania Dr Merritz<\/h2>\n<h3>Wskazania<\/h3>\n<p>Dr Merritz polecany jest w przypadkach:<\/p>\n<ol>\n<li><strong>Infekcji grzybiczych paznokci<\/strong> \u2013 produkt ma dzia\u0142anie przeciwgrzybicze, co pozwala na skuteczne zwalczanie patogen\u00f3w wywo\u0142uj\u0105cych grzybic\u0119.<\/li>\n<li><strong>Uszkodzonej p\u0142ytki paznokciowej<\/strong> \u2013 przy regularnym stosowaniu balsam regeneruje paznokcie, przyspiesza ich wzrost i wzmacnia.<\/li>\n<li><strong>\u0141amliwo\u015bci i rozdwajania si\u0119 paznokci<\/strong> \u2013 sk\u0142adniki zawarte w balsamie poprawiaj\u0105 struktur\u0119 paznokci, zapobiegaj\u0105c ich p\u0119kaniu i rozdwajaniu.<\/li>\n<li><strong>Suchych i zniszczonych paznokci<\/strong> \u2013 balsam nawil\u017ca i od\u017cywia paznokcie, co poprawia ich og\u00f3lny wygl\u0105d i stan.<\/li>\n<\/ol>\n<h3>Przeciwwskazania<\/h3>\n<p>Jak ka\u017cdy preparat, Dr Merritz mo\u017ce mie\u0107 pewne przeciwwskazania do stosowania. Produkt nie powinien by\u0107 stosowany przez osoby uczulone na kt\u00f3rykolwiek ze sk\u0142adnik\u00f3w. W przypadku w\u0105tpliwo\u015bci, zaleca si\u0119 przeprowadzenie testu alergicznego na ma\u0142ym fragmencie sk\u00f3ry przed rozpocz\u0119ciem regularnego stosowania. Produkt nie jest zalecany dla dzieci poni\u017cej 12 roku \u017cycia oraz dla kobiet w ci\u0105\u017cy bez konsultacji z lekarzem.<\/p>\n<h2>Sk\u0142ad Dr Merritz &#8211; skuteczne sk\u0142adniki<\/h2>\n<p>Jednym z najwa\u017cniejszych aspekt\u00f3w, kt\u00f3ry decyduje o skuteczno\u015bci Dr Merritz, jest jego sk\u0142ad. Zawiera on starannie dobrane substancje, kt\u00f3re maj\u0105 potwierdzone dzia\u0142anie przeciwgrzybicze, regeneruj\u0105ce i wzmacniaj\u0105ce. Poni\u017cej prezentujemy szczeg\u00f3\u0142ow\u0105 analiz\u0119 sk\u0142adnik\u00f3w balsamu Dr Merritz:<\/p>\n<table>\n<thead>\n<tr>\n<th>Sk\u0142adnik<\/th>\n<th>Dzia\u0142anie<\/th>\n<\/tr>\n<\/thead>\n<tbody>\n<tr>\n<td><strong>Olejek z drzewa herbacianego<\/strong><\/td>\n<td>Silne dzia\u0142anie przeciwgrzybicze i antybakteryjne, pomaga zwalcza\u0107 infekcje i stany zapalne.<\/td>\n<\/tr>\n<tr>\n<td><strong>Ekstrakt z kory angielskiego d\u0119bu<\/strong><\/td>\n<td>Ma dzia\u0142anie \u015bci\u0105gaj\u0105ce, przeciwbakteryjne, wspomaga proces regeneracji uszkodzonej sk\u00f3ry i paznokci.<\/td>\n<\/tr>\n<tr>\n<td><strong>Hydrolizowany bia\u0142ko pszenicy<\/strong><\/td>\n<td>Wzmacnia struktur\u0119 paznokcia, od\u017cywia i regeneruje.<\/td>\n<\/tr>\n<tr>\n<td><strong>Dwutlenek krzemu<\/strong><\/td>\n<td>Wspomaga proces mineralizacji paznokcia, poprawiaj\u0105c jego struktur\u0119 i wytrzyma\u0142o\u015b\u0107.<\/td>\n<\/tr>\n<tr>\n<td><strong>Biotyna<\/strong><\/td>\n<td>Witaminy z grupy B, wspomagaj\u0105 wzrost paznokci, zapobiegaj\u0105 ich \u0142amliwo\u015bci i rozdwajaniu.<\/td>\n<\/tr>\n<tr>\n<td><strong>Oregano<\/strong><\/td>\n<td>Naturalny \u015brodek przeciwgrzybiczy, kt\u00f3ry wspomaga walk\u0119 z infekcjami paznokci.<\/td>\n<\/tr>\n<tr>\n<td><strong>Pirokton olamin<\/strong><\/td>\n<td>Silne dzia\u0142anie przeciwgrzybicze, zwalcza drobnoustroje wywo\u0142uj\u0105ce infekcje paznokci.<\/td>\n<\/tr>\n<\/tbody>\n<\/table>\n<p>Dzi\u0119ki powy\u017cszym sk\u0142adnikom, Dr Merritz dzia\u0142a wszechstronnie, nie tylko eliminuj\u0105c grzyby, ale r\u00f3wnie\u017c wzmacniaj\u0105c paznokcie i przyspieszaj\u0105c ich regeneracj\u0119.<\/p>\n<h2>Efekty stosowania &#8211; dzia\u0142anie Dr Merritz<\/h2>\n<p>Regularne stosowanie Dr Merritz przynosi szereg korzy\u015bci, kt\u00f3re mo\u017cna zauwa\u017cy\u0107 ju\u017c po kilku tygodniach stosowania. Do najwa\u017cniejszych efekt\u00f3w nale\u017c\u0105:<\/p>\n<ol>\n<li><strong>Nawil\u017cenie i od\u017cywienie p\u0142ytki paznokciowej<\/strong> \u2013 paznokcie staj\u0105 si\u0119 bardziej elastyczne, nawil\u017cone i mniej podatne na p\u0119kanie.<\/li>\n<li><strong>Regeneracja i wzmocnienie<\/strong> \u2013 balsam stymuluje procesy regeneracyjne w p\u0142ytce paznokcia, co sprawia, \u017ce paznokcie szybciej rosn\u0105 i s\u0105 mocniejsze.<\/li>\n<li><strong>Ochrona przed p\u0119kni\u0119ciami i rozdwajaniem<\/strong> \u2013 Dr Merritz wzmacnia struktur\u0119 paznokci, zapobiegaj\u0105c ich uszkodzeniom.<\/li>\n<li><strong>Efekt zdrowych i l\u015bni\u0105cych paznokci<\/strong> \u2013 paznokcie odzyskuj\u0105 naturalny po\u0142ysk i g\u0142adko\u015b\u0107.<\/li>\n<li><strong>Stymulacja wzrostu paznokci<\/strong> \u2013 biotyna oraz inne sk\u0142adniki aktywne przyspieszaj\u0105 wzrost paznokci, co jest szczeg\u00f3lnie wa\u017cne w przypadku uszkodze\u0144 lub infekcji.<\/li>\n<li><strong>Ochrona przed ponownymi infekcjami grzybiczymi<\/strong> \u2013 regularne stosowanie balsamu zapobiega nawrotom infekcji grzybiczych.<\/li>\n<\/ol>\n<h2>Gdzie kupi\u0107 Dr Merritz?<\/h2>\n<p>Je\u015bli zastanawiasz si\u0119, gdzie kupi\u0107 Dr Merritz, warto pami\u0119ta\u0107, \u017ce produkt ten nie jest dost\u0119pny w stacjonarnych aptekach. Producent zdecydowa\u0142 si\u0119 na sprzeda\u017c wy\u0142\u0105cznie online, co umo\u017cliwia kontrol\u0119 jako\u015bci i unikni\u0119cie podr\u00f3bek. Najlepszym miejscem, aby kupi\u0107 Dr Merritz, jest <strong>oficjalna strona producenta<\/strong>. Zakup bezpo\u015brednio od producenta gwarantuje autentyczno\u015b\u0107 produktu oraz cz\u0119sto oferuje korzystne promocje.<\/p>\n<p>Warto zaznaczy\u0107, \u017ce Dr Merritz nie jest dost\u0119pny w sprzeda\u017cy hurtowej ani na popularnych platformach zakupowych, takich jak Allegro czy inne serwisy aukcyjne. Cho\u0107 mo\u017cna tam znale\u017a\u0107 oferty sprzeda\u017cy, producent wyra\u017anie podkre\u015bla, \u017ce nie ma gwarancji autentyczno\u015bci takich produkt\u00f3w. W zwi\u0105zku z tym, je\u015bli zale\u017cy Ci na oryginalnym preparacie, najlepiej jest kupowa\u0107 bezpo\u015brednio od producenta.<\/p>\n<p>Dr Merritz to skuteczny balsam przeciwgrzybiczy, kt\u00f3ry nie tylko zwalcza infekcje grzybicze, ale r\u00f3wnie\u017c regeneruje, wzmacnia i chroni paznokcie. Jego bogaty sk\u0142ad, oparty na naturalnych sk\u0142adnikach aktywnych, sprawia, \u017ce jest to preparat wszechstronny i bezpieczny w u\u017cyciu. Regularne stosowanie pozwala cieszy\u0107 si\u0119 zdrowymi, l\u015bni\u0105cymi i mocnymi paznokciami. Aby unikn\u0105\u0107 podr\u00f3bek i mie\u0107 pewno\u015b\u0107 co do autentyczno\u015bci produktu, najlepszym rozwi\u0105zaniem jest zakup na oficjalnej stronie producenta.<\/p>\n<p style=\"text-align: center;\"><a class=\"border-button\" href=\"https:\/\/tl-track.com\/tracker\/u5B6\">KUPI\u0106 PO CENIE PRODUCENTA (-50%)<\/a><\/p>\n","protected":false},"excerpt":{"rendered":"<p>Nr kat.: 870874554<\/p>\n<p style=\"text-align: center;\"><a class=\"border-button\" href=\"https:\/\/tl-track.com\/tracker\/u5B6\">KUP TERAZ<\/a><\/p>\n","protected":false},"featured_media":290,"comment_status":"open","ping_status":"closed","template":"","meta":[],"product_brand":[],"product_cat":[18],"product_tag":[],"class_list":{"0":"post-289","1":"product","2":"type-product","3":"status-publish","4":"has-post-thumbnail","6":"product_cat-suplementy","8":"first","9":"instock","10":"sale","11":"shipping-taxable","12":"purchasable","13":"product-type-simple"},"aioseo_notices":[],"_links":{"self":[{"href":"https:\/\/lekarzpodroznik.pl\/store\/wp-json\/wp\/v2\/product\/289","targetHints":{"allow":["GET"]}}],"collection":[{"href":"https:\/\/lekarzpodroznik.pl\/store\/wp-json\/wp\/v2\/product"}],"about":[{"href":"https:\/\/lekarzpodroznik.pl\/store\/wp-json\/wp\/v2\/types\/product"}],"replies":[{"embeddable":true,"href":"https:\/\/lekarzpodroznik.pl\/store\/wp-json\/wp\/v2\/comments?post=289"}],"wp:featuredmedia":[{"embeddable":true,"href":"https:\/\/lekarzpodroznik.pl\/store\/wp-json\/wp\/v2\/media\/290"}],"wp:attachment":[{"href":"https:\/\/lekarzpodroznik.pl\/store\/wp-json\/wp\/v2\/media?parent=289"}],"wp:term":[{"taxonomy":"product_brand","embeddable":true,"href":"https:\/\/lekarzpodroznik.pl\/store\/wp-json\/wp\/v2\/product_brand?post=289"},{"taxonomy":"product_cat","embeddable":true,"href":"https:\/\/lekarzpodroznik.pl\/store\/wp-json\/wp\/v2\/product_cat?post=289"},{"taxonomy":"product_tag","embeddable":true,"href":"https:\/\/lekarzpodroznik.pl\/store\/wp-json\/wp\/v2\/product_tag?post=289"}],"curies":[{"name":"wp","href":"https:\/\/api.w.org\/{rel}","templated":true}]}}