{"id":291,"date":"2024-10-08T10:27:19","date_gmt":"2024-10-08T10:27:19","guid":{"rendered":"https:\/\/lekarzpodroznik.pl\/store\/?post_type=product&#038;p=291"},"modified":"2025-03-12T10:15:35","modified_gmt":"2025-03-12T10:15:35","slug":"enlargement","status":"publish","type":"product","link":"https:\/\/lekarzpodroznik.pl\/store\/product\/enlargement\/","title":{"rendered":"Enlargement"},"content":{"rendered":"<p><strong>Enlargement<\/strong> to suplement diety przeznaczony dla m\u0119\u017cczyzn, kt\u00f3rzy chc\u0105 poprawi\u0107 swoj\u0105 potencj\u0119 i sprawno\u015b\u0107 seksualn\u0105. Jest dost\u0119pny w formie \u0142atwych do po\u0142kni\u0119cia kapsu\u0142ek, kt\u00f3re zawieraj\u0105 starannie wyselekcjonowane sk\u0142adniki o udowodnionym dzia\u0142aniu wspieraj\u0105cym funkcje seksualne.<\/p>\n<p>Preparat nale\u017cy do grupy suplement\u00f3w wspomagaj\u0105cych uk\u0142ad rozrodczy i poprawiaj\u0105cych funkcje seksualne. Zawiera naturalne ekstrakty ro\u015blinne oraz aminokwasy, kt\u00f3re maj\u0105 na celu popraw\u0119 kr\u0105\u017cenia krwi, zwi\u0119kszenie libido oraz wzmocnienie erekcji. Kapsu\u0142ki <strong>Enlargement<\/strong> s\u0105 polecane dla m\u0119\u017cczyzn, kt\u00f3rzy zmagaj\u0105 si\u0119 z problemami zwi\u0105zanymi z erekcj\u0105, obni\u017conym libido, a tak\u017ce chc\u0105 poprawi\u0107 swoj\u0105 wytrzyma\u0142o\u015b\u0107 seksualn\u0105.<\/p>\n<p style=\"text-align: center;\"><a class=\"border-button\" href=\"http:\/\/tl-track.com\/tracker\/uYWf\">www.enlargement.pl<\/a><\/p>\n<h2>Wskazania i przeciwwskazania Enlargement<\/h2>\n<h3>Wskazania<\/h3>\n<p>Kapsu\u0142ki <strong>Enlargement<\/strong> s\u0105 przeznaczone dla m\u0119\u017cczyzn, kt\u00f3rzy:<\/p>\n<ul>\n<li>Zmagaj\u0105 si\u0119 z problemami z erekcj\u0105.<\/li>\n<li>Do\u015bwiadczaj\u0105 obni\u017conego libido.<\/li>\n<li>Maj\u0105 trudno\u015bci z utrzymaniem erekcji podczas stosunku.<\/li>\n<li>Chc\u0105 poprawi\u0107 swoj\u0105 wydolno\u015b\u0107 seksualn\u0105 oraz satysfakcj\u0119 z \u017cycia intymnego.<\/li>\n<\/ul>\n<p>Regularne stosowanie preparatu mo\u017ce przyczyni\u0107 si\u0119 do poprawy jako\u015bci erekcji, przed\u0142u\u017cenia czasu stosunku oraz zwi\u0119kszenia pewno\u015bci siebie w sypialni.<\/p>\n<h3>Przeciwwskazania<\/h3>\n<p>Chocia\u017c <strong>Enlargement<\/strong> jest produktem opartym na naturalnych sk\u0142adnikach, istniej\u0105 pewne przeciwwskazania do jego stosowania. Nale\u017c\u0105 do nich:<\/p>\n<ul>\n<li>Nadwra\u017cliwo\u015b\u0107 na kt\u00f3rykolwiek ze sk\u0142adnik\u00f3w.<\/li>\n<li>Problemy z uk\u0142adem sercowo-naczyniowym.<\/li>\n<li>Ci\u0119\u017ckie choroby w\u0105troby lub nerek.<\/li>\n<li>Stosowanie innych lek\u00f3w wspomagaj\u0105cych potencj\u0119 (wymagana konsultacja z lekarzem).<\/li>\n<\/ul>\n<p>Zawsze warto skonsultowa\u0107 si\u0119 z lekarzem przed rozpocz\u0119ciem kuracji suplementami, zw\u0142aszcza w przypadku stosowania innych lek\u00f3w.<\/p>\n<h2>Sk\u0142ad Enlargement &#8211; skuteczne sk\u0142adniki<\/h2>\n<p>Jednym z najwa\u017cniejszych element\u00f3w, kt\u00f3ry wyr\u00f3\u017cnia <strong>Enlargement<\/strong>, jest jego sk\u0142ad. Suplement zawiera naturalne ekstrakty ro\u015blinne i aminokwasy, kt\u00f3re wspieraj\u0105 m\u0119sk\u0105 potencj\u0119 i og\u00f3ln\u0105 wydolno\u015b\u0107 organizmu.<\/p>\n<table>\n<thead>\n<tr>\n<th>Sk\u0142adnik<\/th>\n<th>Funkcja<\/th>\n<th>Ekstrakt<\/th>\n<\/tr>\n<\/thead>\n<tbody>\n<tr>\n<td>Ekstrakt z korzenia sarsaparilli<\/td>\n<td>Poprawia funkcje seksualne, wspiera libido<\/td>\n<td>4:1<\/td>\n<\/tr>\n<tr>\n<td>Ekstrakt z ziela owsa zwyczajnego<\/td>\n<td>Wspomaga zdrowie hormonalne i dzia\u0142a relaksuj\u0105co<\/td>\n<td>10:1<\/td>\n<\/tr>\n<tr>\n<td>Ekstrakt z korzenia buzdyganka<\/td>\n<td>Naturalny afrodyzjak, poprawia jako\u015b\u0107 erekcji<\/td>\n<td>4:1<\/td>\n<\/tr>\n<tr>\n<td>Ekstrakt z jag\u00f3d palmy saba\u0142owej<\/td>\n<td>Wspiera zdrowie prostaty i poprawia funkcje seksualne<\/td>\n<td>4:1<\/td>\n<\/tr>\n<tr>\n<td>L-arginina<\/td>\n<td>Aminokwas, kt\u00f3ry poprawia kr\u0105\u017cenie krwi w narz\u0105dach p\u0142ciowych, wspieraj\u0105c erekcj\u0119<\/td>\n<td>\u2014<\/td>\n<\/tr>\n<\/tbody>\n<\/table>\n<p>Dodatkowo, kapsu\u0142ki zawieraj\u0105 substancje wspomagaj\u0105ce, takie jak:<\/p>\n<ul>\n<li><strong>Maltodekstryna<\/strong> \u2013 substancja wype\u0142niaj\u0105ca.<\/li>\n<li><strong>Stearynian magnezu i dwutlenek krzemu<\/strong> \u2013 substancje przeciwzbrylaj\u0105ce.<\/li>\n<li><strong>Twarda kapsu\u0142ka \u017celatynowa<\/strong> \u2013 zapewniaj\u0105ca \u0142atwe przechowywanie i przyjmowanie preparatu.<\/li>\n<\/ul>\n<h2>Efekty stosowania &#8211; dzia\u0142anie Enlargement<\/h2>\n<p>Dzi\u0119ki naturalnym sk\u0142adnikom, <strong>Enlargement<\/strong> dzia\u0142a kompleksowo, wspieraj\u0105c r\u00f3\u017cne aspekty m\u0119skiej potencji. Regularne stosowanie suplementu mo\u017ce przynie\u015b\u0107 nast\u0119puj\u0105ce efekty:<\/p>\n<ol>\n<li><strong>Poprawa erekcji<\/strong> \u2013 Ekstrakty ro\u015blinne i L-arginina wspomagaj\u0105 lepsze kr\u0105\u017cenie krwi, co bezpo\u015brednio wp\u0142ywa na popraw\u0119 jako\u015bci erekcji. Jest ona silniejsza i d\u0142u\u017cej utrzymuj\u0105ca si\u0119.<\/li>\n<li><strong>Zwi\u0119kszenie libido<\/strong> \u2013 Naturalne afrodyzjaki, takie jak buzdyganek czy palma saba\u0142owa, pomagaj\u0105 podnie\u015b\u0107 poziom testosteronu i zwi\u0119kszy\u0107 ochot\u0119 na wsp\u00f3\u0142\u017cycie.<\/li>\n<li><strong>Wzrost wytrzyma\u0142o\u015bci seksualnej<\/strong> \u2013 Regularne stosowanie kapsu\u0142ek przyczynia si\u0119 do wyd\u0142u\u017cenia czasu trwania stosunku, co zwi\u0119ksza satysfakcj\u0119 zar\u00f3wno u m\u0119\u017cczyzn, jak i ich partnerek.<\/li>\n<li><strong>Ochrona zdrowia prostaty<\/strong> \u2013 Sk\u0142adniki takie jak ekstrakt z palmy saba\u0142owej wspomagaj\u0105 zdrowie prostaty, co jest istotne dla m\u0119\u017cczyzn w ka\u017cdym wieku.<\/li>\n<li><strong>Redukcja stresu<\/strong> \u2013 Ekstrakt z owsa zwyczajnego dzia\u0142a koj\u0105co na uk\u0142ad nerwowy, co mo\u017ce zmniejszy\u0107 poziom stresu zwi\u0105zanego z aktywno\u015bci\u0105 seksualn\u0105 i poprawi\u0107 og\u00f3ln\u0105 wydolno\u015b\u0107.<\/li>\n<\/ol>\n<h2>Gdzie kupi\u0107 Enlargement?<\/h2>\n<p>Suplement <strong>Enlargement<\/strong> nie jest dost\u0119pny w stacjonarnych aptekach, co mo\u017ce by\u0107 istotnym czynnikiem przy jego zakupie. Wiele os\u00f3b zadaje sobie pytanie, gdzie kupi\u0107 <strong>Enlargement<\/strong>, aby mie\u0107 pewno\u015b\u0107, \u017ce otrzymaj\u0105 oryginalny produkt.<\/p>\n<p>Najlepszym miejscem na zakup jest bezpo\u015brednio strona producenta. Dzi\u0119ki temu mo\u017cna by\u0107 pewnym, \u017ce produkt jest oryginalny, a tak\u017ce mo\u017cna skorzysta\u0107 z promocji czy darmowej dostawy. Zakup u producenta daje r\u00f3wnie\u017c gwarancj\u0119 jako\u015bci oraz pe\u0142ne wsparcie, w razie jakichkolwiek pyta\u0144 czy w\u0105tpliwo\u015bci.<\/p>\n<p>Zaleca si\u0119 unikanie podejrzanych ofert z serwis\u00f3w aukcyjnych, poniewa\u017c istnieje ryzyko zakupu podr\u00f3bki, kt\u00f3ra mo\u017ce by\u0107 nie tylko nieskuteczna, ale i niebezpieczna dla zdrowia. Warto zatem zainwestowa\u0107 w oryginalny produkt, aby cieszy\u0107 si\u0119 pe\u0142ni\u0105 jego efekt\u00f3w.<\/p>\n<p><strong>Enlargement<\/strong> to suplement o naturalnym sk\u0142adzie, kt\u00f3ry mo\u017ce pom\u00f3c m\u0119\u017cczyznom poprawi\u0107 ich potencj\u0119 i jako\u015b\u0107 \u017cycia seksualnego. Dzi\u0119ki unikalnej kombinacji sk\u0142adnik\u00f3w wspiera zdrowie prostaty, poprawia jako\u015b\u0107 erekcji oraz zwi\u0119ksza libido. Aby mie\u0107 pewno\u015b\u0107 co do oryginalno\u015bci produktu, zaleca si\u0119 zakup bezpo\u015brednio u producenta.<\/p>\n<p style=\"text-align: center;\"><a class=\"border-button\" href=\"http:\/\/tl-track.com\/tracker\/uYWf\">KUPI\u0106 PO CENIE PRODUCENTA (-50%)<\/a><\/p>\n","protected":false},"excerpt":{"rendered":"<p>Nr kat.: 870874555<\/p>\n<p style=\"text-align: center;\"><a class=\"border-button\" href=\"http:\/\/tl-track.com\/tracker\/uYWf\">KUP TERAZ<\/a><\/p>\n","protected":false},"featured_media":1126,"comment_status":"open","ping_status":"closed","template":"","meta":[],"product_brand":[],"product_cat":[18],"product_tag":[],"class_list":{"0":"post-291","1":"product","2":"type-product","3":"status-publish","4":"has-post-thumbnail","6":"product_cat-suplementy","8":"first","9":"instock","10":"shipping-taxable","11":"purchasable","12":"product-type-simple"},"aioseo_notices":[],"_links":{"self":[{"href":"https:\/\/lekarzpodroznik.pl\/store\/wp-json\/wp\/v2\/product\/291","targetHints":{"allow":["GET"]}}],"collection":[{"href":"https:\/\/lekarzpodroznik.pl\/store\/wp-json\/wp\/v2\/product"}],"about":[{"href":"https:\/\/lekarzpodroznik.pl\/store\/wp-json\/wp\/v2\/types\/product"}],"replies":[{"embeddable":true,"href":"https:\/\/lekarzpodroznik.pl\/store\/wp-json\/wp\/v2\/comments?post=291"}],"wp:featuredmedia":[{"embeddable":true,"href":"https:\/\/lekarzpodroznik.pl\/store\/wp-json\/wp\/v2\/media\/1126"}],"wp:attachment":[{"href":"https:\/\/lekarzpodroznik.pl\/store\/wp-json\/wp\/v2\/media?parent=291"}],"wp:term":[{"taxonomy":"product_brand","embeddable":true,"href":"https:\/\/lekarzpodroznik.pl\/store\/wp-json\/wp\/v2\/product_brand?post=291"},{"taxonomy":"product_cat","embeddable":true,"href":"https:\/\/lekarzpodroznik.pl\/store\/wp-json\/wp\/v2\/product_cat?post=291"},{"taxonomy":"product_tag","embeddable":true,"href":"https:\/\/lekarzpodroznik.pl\/store\/wp-json\/wp\/v2\/product_tag?post=291"}],"curies":[{"name":"wp","href":"https:\/\/api.w.org\/{rel}","templated":true}]}}