{"id":303,"date":"2024-10-08T10:55:13","date_gmt":"2024-10-08T10:55:13","guid":{"rendered":"https:\/\/lekarzpodroznik.pl\/store\/?post_type=product&#038;p=303"},"modified":"2024-10-31T07:40:01","modified_gmt":"2024-10-31T07:40:01","slug":"gold-revive","status":"publish","type":"product","link":"https:\/\/lekarzpodroznik.pl\/store\/product\/gold-revive\/","title":{"rendered":"GoldRevive"},"content":{"rendered":"<p>GoldRevive to innowacyjny krem przeciwstarzeniowy, stworzony z my\u015bl\u0105 o walce z widocznymi oznakami starzenia si\u0119 sk\u00f3ry. Jego g\u0142\u00f3wnym celem jest poprawa j\u0119drno\u015bci, elastyczno\u015bci i wygl\u0105du sk\u00f3ry, redukcja zmarszczek oraz zapobieganie dalszym zmianom wynikaj\u0105cym z procesu starzenia. Krem dost\u0119pny jest w formie lekkiej emulsji, kt\u00f3ra szybko si\u0119 wch\u0142ania i pozostawia sk\u00f3r\u0119 mi\u0119kk\u0105, nawil\u017con\u0105 oraz promienn\u0105.<\/p>\n<p>Grupa docelowa, dla kt\u00f3rej stworzono GoldRevive, to osoby, kt\u00f3re chc\u0105 przeciwdzia\u0142a\u0107 starzeniu si\u0119 sk\u00f3ry, bez wzgl\u0119du na wiek. Krem polecany jest zw\u0142aszcza dla os\u00f3b zmagaj\u0105cych si\u0119 z pierwszymi zmarszczkami, wiotko\u015bci\u0105 sk\u00f3ry oraz jej utrat\u0105 blasku. Warto podkre\u015bli\u0107, \u017ce produkt ten mo\u017ce by\u0107 stosowany zar\u00f3wno przez kobiety, jak i m\u0119\u017cczyzn, kt\u00f3rzy dbaj\u0105 o zdrowie swojej sk\u00f3ry.<\/p>\n<p style=\"text-align: center;\"><a class=\"border-button\" href=\"https:\/\/tl-track.com\/tracker\/uFTf\">www.gold-revive.pl<\/a><\/p>\n<h2>Wskazania i przeciwwskazania GoldRevive<\/h2>\n<p>GoldRevive przeznaczony jest przede wszystkim dla os\u00f3b, kt\u00f3re zauwa\u017cy\u0142y pierwsze oznaki starzenia, takie jak:<\/p>\n<ul>\n<li><strong>Zmarszczki mimiczne<\/strong>: linie na czole, wok\u00f3\u0142 oczu i ust.<\/li>\n<li><strong>Utrata elastyczno\u015bci sk\u00f3ry<\/strong>: zwiotcza\u0142a sk\u00f3ra, szczeg\u00f3lnie na policzkach i w okolicach podbr\u00f3dka.<\/li>\n<li><strong>Matowa i zm\u0119czona cera<\/strong>: brak naturalnego blasku, szaro\u015b\u0107 sk\u00f3ry.<\/li>\n<li><strong>Zmniejszenie napi\u0119cia sk\u00f3ry<\/strong>: spadek turgoru i elastyczno\u015bci, widoczne zwiotczenie.<\/li>\n<\/ul>\n<p>Jednak\u017ce, jak ka\u017cdy kosmetyk, GoldRevive nie jest dla ka\u017cdego. Istniej\u0105 pewne przeciwwskazania do jego stosowania:<\/p>\n<ol>\n<li><strong>Alergia na kt\u00f3rykolwiek ze sk\u0142adnik\u00f3w<\/strong>: Osoby uczulone na kt\u00f3ry\u015b ze sk\u0142adnik\u00f3w kremu, powinny unika\u0107 jego stosowania.<\/li>\n<li><strong>Podra\u017cniona lub uszkodzona sk\u00f3ra<\/strong>: Nie zaleca si\u0119 aplikacji kremu na sk\u00f3r\u0119 z ranami, otarciami czy stanami zapalnymi.<\/li>\n<li><strong>Ci\u0105\u017ca i karmienie piersi\u0105<\/strong>: Chocia\u017c krem nie zawiera silnie dra\u017cni\u0105cych substancji, zawsze warto skonsultowa\u0107 si\u0119 z lekarzem przed u\u017cyciem jakiegokolwiek preparatu w tym szczeg\u00f3lnym czasie.<\/li>\n<\/ol>\n<h2>Sk\u0142ad GoldRevive &#8211; Skuteczne sk\u0142adniki<\/h2>\n<p>GoldRevive to krem, kt\u00f3ry opiera swoje dzia\u0142anie na starannie dobranych sk\u0142adnikach aktywnych, kt\u00f3re wspieraj\u0105 regeneracj\u0119 sk\u00f3ry i walcz\u0105 z procesami starzenia. Oto przegl\u0105d najwa\u017cniejszych sk\u0142adnik\u00f3w:<\/p>\n<table>\n<thead>\n<tr>\n<th><strong>Sk\u0142adnik<\/strong><\/th>\n<th><strong>Dzia\u0142anie<\/strong><\/th>\n<\/tr>\n<\/thead>\n<tbody>\n<tr>\n<td><strong>Aqua<\/strong><\/td>\n<td>Podstawowy sk\u0142adnik, kt\u00f3ry dzia\u0142a jako no\u015bnik dla innych substancji. Nawil\u017ca.<\/td>\n<\/tr>\n<tr>\n<td><strong>Caprylic\/Capric triglycerides<\/strong><\/td>\n<td>Sk\u0142adnik pochodzenia naturalnego, kt\u00f3ry zmi\u0119kcza sk\u00f3r\u0119 i zapewnia jej nawil\u017cenie.<\/td>\n<\/tr>\n<tr>\n<td><strong>Glycerol (gliceryna)<\/strong><\/td>\n<td>Silnie nawil\u017ca, przeciwdzia\u0142a utracie wody przez sk\u00f3r\u0119.<\/td>\n<\/tr>\n<tr>\n<td><strong>Prunus Amygdalus Dulcis Oil (olej ze s\u0142odkich migda\u0142\u00f3w)<\/strong><\/td>\n<td>Bogaty w witaminy E, A i D, wspomaga regeneracj\u0119 sk\u00f3ry.<\/td>\n<\/tr>\n<tr>\n<td><strong>Algae extract (ekstrakt z alg)<\/strong><\/td>\n<td>Zawiera witaminy i minera\u0142y, kt\u00f3re od\u017cywiaj\u0105 sk\u00f3r\u0119 i wspieraj\u0105 jej j\u0119drno\u015b\u0107.<\/td>\n<\/tr>\n<tr>\n<td><strong>Colloidal Gold (z\u0142oto koloidalne)<\/strong><\/td>\n<td>Z\u0142oto w kosmetykach dzia\u0142a przeciwzapalnie, stymuluje regeneracj\u0119 sk\u00f3ry.<\/td>\n<\/tr>\n<tr>\n<td><strong>Palmitoyl Tripeptide-38<\/strong><\/td>\n<td>Peptyd, kt\u00f3ry stymuluje produkcj\u0119 kolagenu, redukuj\u0105c zmarszczki.<\/td>\n<\/tr>\n<tr>\n<td><strong>Betaine (betaina)<\/strong><\/td>\n<td>Nawil\u017ca i dzia\u0142a ochronnie na sk\u00f3r\u0119.<\/td>\n<\/tr>\n<tr>\n<td><strong>Ethylhexylglycerin<\/strong><\/td>\n<td>Sk\u0142adnik o w\u0142a\u015bciwo\u015bciach przeciwbakteryjnych, chroni\u0105cy przed podra\u017cnieniami.<\/td>\n<\/tr>\n<\/tbody>\n<\/table>\n<h2>Efekty stosowania &#8211; Dzia\u0142anie kremu GoldRevive<\/h2>\n<p>GoldRevive to krem o wielokierunkowym dzia\u0142aniu, kt\u00f3ry przynosi sk\u00f3rze szereg korzy\u015bci. Regularne stosowanie tego produktu mo\u017ce prowadzi\u0107 do nast\u0119puj\u0105cych rezultat\u00f3w:<\/p>\n<ol>\n<li><strong>Redukcja zmarszczek<\/strong><br \/>\nDzi\u0119ki obecno\u015bci peptyd\u00f3w, takich jak Palmitoyl Tripeptide-38, krem stymuluje produkcj\u0119 kolagenu, kt\u00f3ry jest niezb\u0119dny do zachowania m\u0142odzie\u0144czego wygl\u0105du sk\u00f3ry. W efekcie zmarszczki staj\u0105 si\u0119 mniej widoczne, a sk\u00f3ra odzyskuje swoj\u0105 g\u0142adko\u015b\u0107.<\/li>\n<li><strong>Poprawa j\u0119drno\u015bci i elastyczno\u015bci<\/strong><br \/>\nSk\u0142adniki takie jak ekstrakt z alg oraz olej ze s\u0142odkich migda\u0142\u00f3w intensywnie nawil\u017caj\u0105 i od\u017cywiaj\u0105 sk\u00f3r\u0119, co przyczynia si\u0119 do poprawy jej napi\u0119cia oraz turgoru. Sk\u00f3ra staje si\u0119 bardziej j\u0119drna, spr\u0119\u017cysta i odporna na dzia\u0142anie si\u0142 grawitacji.<\/li>\n<li><strong>Nawil\u017cenie i regeneracja<\/strong><br \/>\nGliceryna oraz betaina to sk\u0142adniki, kt\u00f3re zatrzymuj\u0105 wilgo\u0107 w sk\u00f3rze, zapobiegaj\u0105c jej wysuszeniu. Dzi\u0119ki temu sk\u00f3ra staje si\u0119 lepiej nawodniona, a jej struktura bardziej jednolita i wyg\u0142adzona.<\/li>\n<li><strong>Ochrona przed wolnymi rodnikami i starzeniem si\u0119 sk\u00f3ry<\/strong><br \/>\nZ\u0142oto koloidalne obecne w kremie dzia\u0142a jako silny antyoksydant, kt\u00f3ry neutralizuje dzia\u0142anie wolnych rodnik\u00f3w odpowiedzialnych za przedwczesne starzenie si\u0119 sk\u00f3ry. Dzia\u0142a r\u00f3wnie\u017c przeciwzapalnie, wspomagaj\u0105c procesy regeneracji.<\/li>\n<\/ol>\n<h2>Gdzie kupi\u0107 GoldRevive?<\/h2>\n<p>Je\u015bli zastanawiasz si\u0119, gdzie kupi\u0107 GoldRevive, warto pami\u0119ta\u0107, \u017ce produkt ten nie jest dost\u0119pny w stacjonarnych aptekach. Aby unikn\u0105\u0107 ryzyka zakupu podr\u00f3bek, najlepiej jest skorzysta\u0107 z oferty bezpo\u015brednio od producenta. Krem mo\u017cna zam\u00f3wi\u0107 przez internet na oficjalnej stronie producenta, co daje pewno\u015b\u0107 co do oryginalno\u015bci produktu oraz atrakcyjnych cen. Zakup GoldRevive w aptece internetowej lub na oficjalnej stronie producenta to gwarancja najwy\u017cszej jako\u015bci i bezpiecze\u0144stwa.<\/p>\n<p>Dlaczego warto zamawia\u0107 u producenta?<\/p>\n<ul>\n<li><strong>Oryginalno\u015b\u0107 produktu<\/strong>: Kupuj\u0105c bezpo\u015brednio od producenta, masz pewno\u015b\u0107, \u017ce otrzymasz autentyczny krem GoldRevive, bez ryzyka podr\u00f3bek.<\/li>\n<li><strong>Atrakcyjne promocje i rabaty<\/strong>: Producent cz\u0119sto oferuje specjalne zni\u017cki, dzi\u0119ki kt\u00f3rym mo\u017cna zaoszcz\u0119dzi\u0107 na zakupie.<\/li>\n<li><strong>Bezpiecze\u0144stwo transakcji<\/strong>: Zakupy online s\u0105 zabezpieczone, a dostawa szybka i dyskretna.<\/li>\n<li><strong>Bezpo\u015brednie wsparcie klienta<\/strong>: W przypadku jakichkolwiek pyta\u0144 czy problem\u00f3w, producent zapewnia profesjonaln\u0105 obs\u0142ug\u0119 i pomoc.<\/li>\n<\/ul>\n<p>GoldRevive to doskona\u0142y wyb\u00f3r dla os\u00f3b, kt\u00f3re chc\u0105 przywr\u00f3ci\u0107 swojej sk\u00f3rze m\u0142odzie\u0144czy wygl\u0105d i zadba\u0107 o ni\u0105 w najlepszy mo\u017cliwy spos\u00f3b. Dzi\u0119ki unikalnej kompozycji sk\u0142adnik\u00f3w, krem skutecznie zwalcza oznaki starzenia, a regularne stosowanie przynosi d\u0142ugotrwa\u0142e efekty.<\/p>\n<p style=\"text-align: center;\"><a class=\"border-button\" href=\"https:\/\/tl-track.com\/tracker\/uFTf\">KUPI\u0106 PO CENIE PRODUCENTA (-50%)<\/a><\/p>\n","protected":false},"excerpt":{"rendered":"<p>Nr kat.: 870874561<\/p>\n<p style=\"text-align: center;\"><a class=\"border-button\" href=\"https:\/\/tl-track.com\/tracker\/uFTf\">KUP TERAZ<\/a><\/p>\n","protected":false},"featured_media":304,"comment_status":"open","ping_status":"closed","template":"","meta":[],"product_brand":[],"product_cat":[18],"product_tag":[],"class_list":{"0":"post-303","1":"product","2":"type-product","3":"status-publish","4":"has-post-thumbnail","6":"product_cat-suplementy","8":"first","9":"instock","10":"sale","11":"shipping-taxable","12":"purchasable","13":"product-type-simple"},"aioseo_notices":[],"_links":{"self":[{"href":"https:\/\/lekarzpodroznik.pl\/store\/wp-json\/wp\/v2\/product\/303","targetHints":{"allow":["GET"]}}],"collection":[{"href":"https:\/\/lekarzpodroznik.pl\/store\/wp-json\/wp\/v2\/product"}],"about":[{"href":"https:\/\/lekarzpodroznik.pl\/store\/wp-json\/wp\/v2\/types\/product"}],"replies":[{"embeddable":true,"href":"https:\/\/lekarzpodroznik.pl\/store\/wp-json\/wp\/v2\/comments?post=303"}],"wp:featuredmedia":[{"embeddable":true,"href":"https:\/\/lekarzpodroznik.pl\/store\/wp-json\/wp\/v2\/media\/304"}],"wp:attachment":[{"href":"https:\/\/lekarzpodroznik.pl\/store\/wp-json\/wp\/v2\/media?parent=303"}],"wp:term":[{"taxonomy":"product_brand","embeddable":true,"href":"https:\/\/lekarzpodroznik.pl\/store\/wp-json\/wp\/v2\/product_brand?post=303"},{"taxonomy":"product_cat","embeddable":true,"href":"https:\/\/lekarzpodroznik.pl\/store\/wp-json\/wp\/v2\/product_cat?post=303"},{"taxonomy":"product_tag","embeddable":true,"href":"https:\/\/lekarzpodroznik.pl\/store\/wp-json\/wp\/v2\/product_tag?post=303"}],"curies":[{"name":"wp","href":"https:\/\/api.w.org\/{rel}","templated":true}]}}