{"id":319,"date":"2024-10-08T11:26:10","date_gmt":"2024-10-08T11:26:10","guid":{"rendered":"https:\/\/lekarzpodroznik.pl\/store\/?post_type=product&#038;p=319"},"modified":"2024-10-31T07:02:28","modified_gmt":"2024-10-31T07:02:28","slug":"keto-probiotix","status":"publish","type":"product","link":"https:\/\/lekarzpodroznik.pl\/store\/product\/keto-probiotix\/","title":{"rendered":"Keto Probiotix"},"content":{"rendered":"<p>Keto Probiotix to innowacyjny nap\u00f3j, kt\u00f3ry zdobywa coraz wi\u0119ksz\u0105 popularno\u015b\u0107 w\u015br\u00f3d os\u00f3b szukaj\u0105cych skutecznego wsparcia w procesie odchudzania. Jest to suplement diety, kt\u00f3rego celem jest aktywowanie proces\u00f3w zwi\u0105zanych z produkcj\u0105 cia\u0142 ketonowych, co prowadzi do szybszego spalania tkanki t\u0142uszczowej i zwi\u0119kszenia energii. Keto Probiotix w swojej formie wyst\u0119puje jako nap\u00f3j, co sprawia, \u017ce jego spo\u017cycie jest \u0142atwe i przyjemne, w odr\u00f3\u017cnieniu od tradycyjnych tabletek czy kapsu\u0142ek.<\/p>\n<p>Keto Probiotix nale\u017cy do grupy preparat\u00f3w wspomagaj\u0105cych proces odchudzania, kt\u00f3re dzia\u0142aj\u0105 w zgodzie z naturalnymi procesami metabolicznymi organizmu. To produkt dedykowany osobom, kt\u00f3re prowadz\u0105 aktywny tryb \u017cycia, stosuj\u0105 zr\u00f3wnowa\u017con\u0105 diet\u0119 lub s\u0105 na diecie ketogenicznej. W\u0142a\u015bnie dieta keto, oparta na niskiej zawarto\u015bci w\u0119glowodan\u00f3w i wysokim spo\u017cyciu t\u0142uszcz\u00f3w, wspomaga dzia\u0142anie Keto Probiotix, co sprawia, \u017ce suplement ten jest szczeg\u00f3lnie skuteczny.<\/p>\n<p style=\"text-align: center;\"><a class=\"border-button\" href=\"http:\/\/tl-track.com\/tracker\/uXAP\">www.keto-probiotix.pl<\/a><\/p>\n<h2>Wskazania i przeciwwskazania Keto Probiotix<\/h2>\n<p>Keto Probiotix jest rekomendowany przede wszystkim dla os\u00f3b, kt\u00f3re chc\u0105 skutecznie redukowa\u0107 mas\u0119 cia\u0142a, jednocze\u015bnie zachowuj\u0105c wysoki poziom energii. Jego regularne stosowanie przynosi efekty szczeg\u00f3lnie w po\u0142\u0105czeniu z aktywno\u015bci\u0105 fizyczn\u0105 oraz odpowiedni\u0105 diet\u0105. Nap\u00f3j mo\u017ce by\u0107 tak\u017ce pomocny dla tych, kt\u00f3rzy maj\u0105 trudno\u015bci w utrzymaniu stabilnej wagi i chc\u0105 zredukowa\u0107 nadmiar t\u0142uszczu w organizmie.<\/p>\n<p><strong>Wskazania do stosowania:<\/strong><\/p>\n<ul>\n<li>Ch\u0119\u0107 zredukowania tkanki t\u0142uszczowej.<\/li>\n<li>Zwi\u0119kszenie poziomu energii.<\/li>\n<li>Wspomaganie proces\u00f3w metabolicznych.<\/li>\n<li>Utrzymanie masy mi\u0119\u015bniowej przy redukcji wagi.<\/li>\n<li>Potrzeba wsparcia podczas stosowania diety ketogenicznej.<\/li>\n<\/ul>\n<p>Jednak\u017ce, jak ka\u017cdy preparat, Keto Probiotix ma swoje przeciwwskazania. Przed rozpocz\u0119ciem kuracji warto zwr\u00f3ci\u0107 uwag\u0119 na ewentualne reakcje alergiczne na sk\u0142adniki preparatu. Nie jest zalecany dla os\u00f3b cierpi\u0105cych na choroby nerek, w\u0105troby lub inne schorzenia przewlek\u0142e, chyba \u017ce zaleci to lekarz.<\/p>\n<p><strong>Przeciwwskazania:<\/strong><\/p>\n<ul>\n<li>Alergia na sk\u0142adniki preparatu (np. awokado, zielon\u0105 herbat\u0119).<\/li>\n<li>Ci\u0105\u017ca i okres karmienia piersi\u0105.<\/li>\n<li>Choroby przewlek\u0142e, zw\u0142aszcza zwi\u0105zane z nerkami i w\u0105trob\u0105.<\/li>\n<\/ul>\n<h2>Sk\u0142ad Keto Probiotix &#8211; skuteczne sk\u0142adniki<\/h2>\n<p>Keto Probiotix opiera swoje dzia\u0142anie na naturalnych sk\u0142adnikach, kt\u00f3re maj\u0105 za zadanie wspomaga\u0107 procesy metaboliczne oraz przyspiesza\u0107 spalanie t\u0142uszczu. Kluczowe komponenty napoju to:<\/p>\n<ol>\n<li><strong>Ekstrakt z awokado (Persea Americana Mill.):<\/strong><br \/>\nAwokado to jeden z najlepszych \u017ar\u00f3de\u0142 zdrowych t\u0142uszcz\u00f3w, kt\u00f3re s\u0105 kluczowe w diecie ketogenicznej. Zawiera mn\u00f3stwo jednonienasyconych kwas\u00f3w t\u0142uszczowych, kt\u00f3re wspomagaj\u0105 spalanie t\u0142uszczu i pomagaj\u0105 kontrolowa\u0107 poziom cukru we krwi. Dodatkowo, awokado jest bogate w b\u0142onnik, co sprzyja uczuciu syto\u015bci, redukuj\u0105c napady g\u0142odu.<\/li>\n<li><strong>Ekstrakt z li\u015bci zielonej herbaty (Green Tea):<\/strong><br \/>\nZielona herbata jest znana ze swoich w\u0142a\u015bciwo\u015bci antyoksydacyjnych oraz zdolno\u015bci przyspieszania metabolizmu. Zawarte w niej katechiny oraz kofeina pomagaj\u0105 w zwi\u0119kszeniu termogenezy, czyli procesu spalania kalorii poprzez wytwarzanie ciep\u0142a. Dzia\u0142anie to sprawia, \u017ce zielona herbata jest jednym z najcz\u0119\u015bciej stosowanych sk\u0142adnik\u00f3w w suplementach na odchudzanie.<\/li>\n<\/ol>\n<p>Te dwa kluczowe sk\u0142adniki tworz\u0105 synergiczn\u0105 mieszank\u0119, kt\u00f3ra wspomaga organizm w procesie utraty wagi, jednocze\u015bnie dostarczaj\u0105c niezb\u0119dnych sk\u0142adnik\u00f3w od\u017cywczych.<\/p>\n<h2>Efekty stosowania &#8211; dzia\u0142anie Keto Probiotix<\/h2>\n<p>Keto Probiotix dzia\u0142a poprzez aktywacj\u0119 mechanizm\u00f3w spalania t\u0142uszczu w organizmie, szczeg\u00f3lnie w kontek\u015bcie diety ketogenicznej, kt\u00f3ra promuje wykorzystanie t\u0142uszczu jako g\u0142\u00f3wnego \u017ar\u00f3d\u0142a energii. Regularne spo\u017cywanie napoju przynosi kilka istotnych korzy\u015bci:<\/p>\n<ol>\n<li><strong>Przyspieszenie spalania t\u0142uszczu:<\/strong><br \/>\nDzi\u0119ki zawarto\u015bci ekstraktu z awokado oraz zielonej herbaty, Keto Probiotix wspomaga organizm w procesie spalania nagromadzonego t\u0142uszczu, co prowadzi do utraty zb\u0119dnych kilogram\u00f3w.<\/li>\n<li><strong>Zwi\u0119kszenie poziomu energii:<\/strong><br \/>\nKetony produkowane podczas stosowania Keto Probiotix dostarczaj\u0105 organizmowi stabilnego i d\u0142ugotrwa\u0142ego \u017ar\u00f3d\u0142a energii. Osoby stosuj\u0105ce preparat zauwa\u017caj\u0105 zwi\u0119kszon\u0105 wydolno\u015b\u0107 fizyczn\u0105 i umys\u0142ow\u0105.<\/li>\n<li><strong>Wspomaganie diety ketogenicznej:<\/strong><br \/>\nKeto Probiotix jest idealnym dodatkiem do diety keto, kt\u00f3ra opiera si\u0119 na niskiej zawarto\u015bci w\u0119glowodan\u00f3w i wysokim spo\u017cyciu t\u0142uszcz\u00f3w. Produkt ten wspiera produkcj\u0119 keton\u00f3w, co u\u0142atwia organizmowi przej\u015bcie w stan ketozy.<\/li>\n<li><strong>Kontrola apetytu:<\/strong><br \/>\nZawarte w sk\u0142adzie b\u0142onnik i zdrowe t\u0142uszcze pomagaj\u0105 utrzyma\u0107 uczucie syto\u015bci na d\u0142u\u017cej, co zmniejsza ryzyko podjadania mi\u0119dzy posi\u0142kami i u\u0142atwia utrzymanie kalorycznego deficytu.<\/li>\n<li><strong>Brak efektu jo-jo:<\/strong><br \/>\nKeto Probiotix nie wywo\u0142uje gwa\u0142townych skok\u00f3w wagi, jak ma to miejsce w przypadku niekt\u00f3rych diet czy preparat\u00f3w odchudzaj\u0105cych. Jego dzia\u0142anie jest stopniowe i d\u0142ugotrwa\u0142e, co pomaga w utrzymaniu osi\u0105gni\u0119tych efekt\u00f3w.<\/li>\n<\/ol>\n<h2>Gdzie kupi\u0107 Keto Probiotix?<\/h2>\n<p>Je\u017celi zastanawiasz si\u0119, <strong>gdzie kupi\u0107 Keto Probiotix<\/strong>, warto zwr\u00f3ci\u0107 uwag\u0119 na to, \u017ce nie znajdziesz go w stacjonarnych aptekach. Produkt dost\u0119pny jest wy\u0142\u0105cznie online, co jest coraz popularniejszym sposobem dystrybucji suplement\u00f3w diety.<\/p>\n<p>Najlepszym miejscem, aby <strong>kupi\u0107 Keto Probiotix<\/strong>, jest strona internetowa producenta, gdzie mo\u017cesz by\u0107 pewny oryginalno\u015bci produktu oraz najni\u017cszej ceny. Warto r\u00f3wnie\u017c zwr\u00f3ci\u0107 uwag\u0119 na dost\u0119pne promocje oraz mo\u017cliwo\u015b\u0107 darmowej wysy\u0142ki przy wi\u0119kszych zam\u00f3wieniach.<\/p>\n<p>Kiedy przegl\u0105dasz oferty i <strong>szukasz, gdzie kupi\u0107 Keto Probiotix<\/strong>, upewnij si\u0119, \u017ce korzystasz z zaufanych \u017ar\u00f3de\u0142. Unikaj podejrzanych stron, kt\u00f3re mog\u0105 oferowa\u0107 podr\u00f3bki lub produkty o niepewnym sk\u0142adzie. Kupuj\u0105c bezpo\u015brednio od producenta, masz gwarancj\u0119, \u017ce otrzymasz produkt najwy\u017cszej jako\u015bci, wspieraj\u0105cy Tw\u00f3j proces odchudzania w bezpieczny i skuteczny spos\u00f3b.<\/p>\n<p style=\"text-align: center;\"><a class=\"border-button\" href=\"http:\/\/tl-track.com\/tracker\/uXAP\">KUPI\u0106 PO CENIE PRODUCENTA (-50%)<\/a><\/p>\n","protected":false},"excerpt":{"rendered":"<p>Nr kat.: 870874568<\/p>\n<p style=\"text-align: center;\"><a class=\"border-button\" href=\"http:\/\/tl-track.com\/tracker\/uXAP\">KUP TERAZ<\/a><\/p>\n","protected":false},"featured_media":320,"comment_status":"open","ping_status":"closed","template":"","meta":[],"product_brand":[],"product_cat":[18],"product_tag":[],"class_list":{"0":"post-319","1":"product","2":"type-product","3":"status-publish","4":"has-post-thumbnail","6":"product_cat-suplementy","8":"first","9":"instock","10":"sale","11":"shipping-taxable","12":"purchasable","13":"product-type-simple"},"aioseo_notices":[],"_links":{"self":[{"href":"https:\/\/lekarzpodroznik.pl\/store\/wp-json\/wp\/v2\/product\/319","targetHints":{"allow":["GET"]}}],"collection":[{"href":"https:\/\/lekarzpodroznik.pl\/store\/wp-json\/wp\/v2\/product"}],"about":[{"href":"https:\/\/lekarzpodroznik.pl\/store\/wp-json\/wp\/v2\/types\/product"}],"replies":[{"embeddable":true,"href":"https:\/\/lekarzpodroznik.pl\/store\/wp-json\/wp\/v2\/comments?post=319"}],"wp:featuredmedia":[{"embeddable":true,"href":"https:\/\/lekarzpodroznik.pl\/store\/wp-json\/wp\/v2\/media\/320"}],"wp:attachment":[{"href":"https:\/\/lekarzpodroznik.pl\/store\/wp-json\/wp\/v2\/media?parent=319"}],"wp:term":[{"taxonomy":"product_brand","embeddable":true,"href":"https:\/\/lekarzpodroznik.pl\/store\/wp-json\/wp\/v2\/product_brand?post=319"},{"taxonomy":"product_cat","embeddable":true,"href":"https:\/\/lekarzpodroznik.pl\/store\/wp-json\/wp\/v2\/product_cat?post=319"},{"taxonomy":"product_tag","embeddable":true,"href":"https:\/\/lekarzpodroznik.pl\/store\/wp-json\/wp\/v2\/product_tag?post=319"}],"curies":[{"name":"wp","href":"https:\/\/api.w.org\/{rel}","templated":true}]}}