{"id":401,"date":"2024-10-09T09:26:47","date_gmt":"2024-10-09T09:26:47","guid":{"rendered":"https:\/\/lekarzpodroznik.pl\/store\/?post_type=product&#038;p=401"},"modified":"2024-10-30T11:07:59","modified_gmt":"2024-10-30T11:07:59","slug":"dietoll","status":"publish","type":"product","link":"https:\/\/lekarzpodroznik.pl\/store\/product\/dietoll\/","title":{"rendered":"Dietoll"},"content":{"rendered":"<p>Dietoll to innowacyjny suplement diety, kt\u00f3ry wyst\u0119puje w postaci wygodnych kapsu\u0142ek. Produkt ten zosta\u0142 opracowany z my\u015bl\u0105 o osobach, kt\u00f3re chc\u0105 skutecznie zredukowa\u0107 mas\u0119 cia\u0142a, poprawi\u0107 sw\u00f3j metabolizm i zwi\u0119kszy\u0107 spalanie tkanki t\u0142uszczowej. Dietoll nale\u017cy do grupy suplement\u00f3w diety wspomagaj\u0105cych odchudzanie, kt\u00f3re \u0142\u0105cz\u0105 naturalne sk\u0142adniki aktywne o naukowo udowodnionych w\u0142a\u015bciwo\u015bciach. Celem kapsu\u0142ek Dietoll jest wsparcie organizmu w procesie odchudzania poprzez stymulowanie metabolizmu, redukcj\u0119 apetytu oraz zwi\u0119kszenie efektywno\u015bci spalania t\u0142uszczu.<\/p>\n<p style=\"text-align: center;\"><a class=\"border-button\" href=\"https:\/\/mandarv.com\/btiS?sub1=sub1&amp;sub2=sub2&amp;sub3=sub3&amp;sub4=sub4&amp;sub5=sub5\">www.dietoll.pl<\/a><\/p>\n<h2>Wskazania i przeciwwskazania Dietoll<\/h2>\n<p>Stosowanie Dietoll jest wskazane przede wszystkim dla os\u00f3b, kt\u00f3re:<\/p>\n<ol>\n<li>Chc\u0105 zrzuci\u0107 zb\u0119dne kilogramy.<\/li>\n<li>Maj\u0105 trudno\u015bci z pozbyciem si\u0119 t\u0142uszczu trzewnego.<\/li>\n<li>Poszukuj\u0105 sposobu na kontrolowanie apetytu.<\/li>\n<li>Maj\u0105 problem z nadmiarem \u201ez\u0142ego\u201d cholesterolu.<\/li>\n<li>Chc\u0105 poprawi\u0107 metabolizm lipid\u00f3w.<\/li>\n<\/ol>\n<h3>Przeciwwskazania<\/h3>\n<p>Cho\u0107 kapsu\u0142ki Dietoll s\u0105 stworzone z naturalnych sk\u0142adnik\u00f3w, warto pami\u0119ta\u0107, \u017ce nie s\u0105 one przeznaczone dla wszystkich. Nale\u017cy unika\u0107 stosowania tego preparatu w przypadku:<\/p>\n<ul>\n<li>Ci\u0105\u017cy i karmienia piersi\u0105.<\/li>\n<li>Uczulenia na kt\u00f3rykolwiek ze sk\u0142adnik\u00f3w preparatu.<\/li>\n<li>Os\u00f3b cierpi\u0105cych na ci\u0119\u017ckie schorzenia uk\u0142adu pokarmowego lub metabolicznego (zaleca si\u0119 konsultacj\u0119 z lekarzem).<\/li>\n<\/ul>\n<h2>Sk\u0142ad Dietoll &#8211; skuteczne sk\u0142adniki<\/h2>\n<p>Si\u0142\u0105 kapsu\u0142ek Dietoll jest ich starannie dobrany sk\u0142ad. Ka\u017cdy z element\u00f3w tej formu\u0142y ma unikalne w\u0142a\u015bciwo\u015bci, kt\u00f3re wspieraj\u0105 organizm w walce z nadmiarem tkanki t\u0142uszczowej. Oto g\u0142\u00f3wne sk\u0142adniki Dietoll i ich dzia\u0142anie:<\/p>\n<h3>L-karnityna<\/h3>\n<p>L-karnityna jest dobrze znanym aminokwasem, kt\u00f3ry odgrywa kluczow\u0105 rol\u0119 w metabolizmie t\u0142uszczu. Pomaga transportowa\u0107 kwasy t\u0142uszczowe do mitochondri\u00f3w, gdzie s\u0105 one przekszta\u0142cane w energi\u0119. Oznacza to, \u017ce L-karnityna:<\/p>\n<ul>\n<li>Walczy z \u201eupartym\u201d t\u0142uszczem, w tym t\u0142uszczem trzewnym.<\/li>\n<li>Zwi\u0119ksza spalanie kalorii przez organizm.<\/li>\n<li>Zwi\u0119ksza wydajno\u015b\u0107 i wytrzyma\u0142o\u015b\u0107, co jest szczeg\u00f3lnie przydatne podczas trening\u00f3w.<\/li>\n<\/ul>\n<h3>Gorzka pomara\u0144cza<\/h3>\n<p>Gorzka pomara\u0144cza, znana r\u00f3wnie\u017c jako Citrus aurantium, to ro\u015blina o silnych w\u0142a\u015bciwo\u015bciach wspomagaj\u0105cych odchudzanie. Dzia\u0142a ona poprzez:<\/p>\n<ul>\n<li>Normalizacj\u0119 metabolizmu lipid\u00f3w.<\/li>\n<li>Oczyszczanie naczy\u0144 krwiono\u015bnych z \u201ez\u0142ego\u201d cholesterolu.<\/li>\n<li>Popraw\u0119 sylwetki i walk\u0119 z cellulitem.<\/li>\n<\/ul>\n<h3>Keton malinowy<\/h3>\n<p>Keton malinowy to naturalny zwi\u0105zek, kt\u00f3ry przyspiesza metabolizm i przekszta\u0142ca t\u0142uszcz w energi\u0119. Dodatkowo:<\/p>\n<ul>\n<li>T\u0142umi poczucie g\u0142odu, co pomaga ograniczy\u0107 nadmierne podjadanie.<\/li>\n<li>Zwi\u0119ksza szybko\u015b\u0107 spalania t\u0142uszczu.<\/li>\n<\/ul>\n<h3>Ekstrakt guggul<\/h3>\n<p>Guggul to naturalny wyci\u0105g z ro\u015bliny Commiphora mukul, kt\u00f3ry od tysi\u0119cy lat jest wykorzystywany w medycynie ajurwedyjskiej. Jego dzia\u0142anie obejmuje:<\/p>\n<ul>\n<li>Zwi\u0119kszenie metabolizmu tkanki t\u0142uszczowej.<\/li>\n<li>Zapobieganie gromadzeniu si\u0119 nowego t\u0142uszczu.<\/li>\n<li>Popraw\u0119 wydajno\u015bci trzustki, co wp\u0142ywa na lepsz\u0105 regulacj\u0119 poziomu cukru we krwi.<\/li>\n<\/ul>\n<h3>Bromelina<\/h3>\n<p>Bromelina, enzym obecny w ananasie, jest niezwykle skutecznym sk\u0142adnikiem w walce z t\u0142uszczem trzewnym. Wspomaga r\u00f3wnie\u017c:<\/p>\n<ul>\n<li>Rozpuszczanie nadmiaru t\u0142uszczu.<\/li>\n<li>Eliminowanie obrz\u0119k\u00f3w.<\/li>\n<li>Zapobieganie oty\u0142o\u015bci narz\u0105d\u00f3w wewn\u0119trznych.<\/li>\n<\/ul>\n<h3>Koenzym Q10<\/h3>\n<p>Koenzym Q10 jest silnym przeciwutleniaczem, kt\u00f3ry odgrywa kluczow\u0105 rol\u0119 w produkcji energii kom\u00f3rkowej. W suplementach takich jak Dietoll pe\u0142ni kilka wa\u017cnych funkcji:<\/p>\n<ul>\n<li>Normalizuje metabolizm.<\/li>\n<li>Obni\u017ca poziom z\u0142ego cholesterolu.<\/li>\n<li>T\u0142umi apetyt i pomaga walczy\u0107 z przejadaniem si\u0119.<\/li>\n<\/ul>\n<h2>Efekty stosowania &#8211; dzia\u0142anie kapsu\u0142ki Dietoll<\/h2>\n<p>Regularne stosowanie Dietoll przynosi szereg pozytywnych efekt\u00f3w, kt\u00f3re s\u0105 widoczne ju\u017c po kilku tygodniach kuracji. Oto, czego mo\u017cna oczekiwa\u0107:<\/p>\n<ol>\n<li><strong>Redukcja wagi<\/strong> \u2013 Kapsu\u0142ki wspomagaj\u0105 spalanie nadmiaru t\u0142uszczu, szczeg\u00f3lnie tego najtrudniejszego do usuni\u0119cia, czyli t\u0142uszczu trzewnego.<\/li>\n<li><strong>Zwi\u0119kszenie metabolizmu<\/strong> \u2013 Dzi\u0119ki sk\u0142adnikom takim jak keton malinowy i L-karnityna, metabolizm organizmu zostaje znacznie przyspieszony.<\/li>\n<li><strong>Kontrola apetytu<\/strong> \u2013 Keton malinowy i koenzym Q10 skutecznie t\u0142umi\u0105 uczucie g\u0142odu, co zmniejsza ryzyko nadmiernego podjadania.<\/li>\n<li><strong>Poprawa wygl\u0105du sylwetki<\/strong> \u2013 Gorzka pomara\u0144cza i bromelina pomagaj\u0105 w walce z cellulitem, poprawiaj\u0105c jednocze\u015bnie j\u0119drno\u015b\u0107 sk\u00f3ry.<\/li>\n<li><strong>Detoksykacja organizmu<\/strong> \u2013 Ekstrakt guggul i gorzka pomara\u0144cza oczyszczaj\u0105 organizm z toksyn oraz obni\u017caj\u0105 poziom z\u0142ego cholesterolu, co przek\u0142ada si\u0119 na lepsze zdrowie og\u00f3lne.<\/li>\n<\/ol>\n<h2>Gdzie kupi\u0107 Dietoll?<\/h2>\n<p>Zakup oryginalnych kapsu\u0142ek Dietoll powinien odbywa\u0107 si\u0119 z rozwag\u0105, aby unikn\u0105\u0107 ryzyka nabycia podr\u00f3bek. Najlepszym i najbardziej bezpiecznym miejscem, gdzie mo\u017cna naby\u0107 Dietoll, jest oficjalna strona internetowa producenta. Warto pami\u0119ta\u0107, \u017ce <strong>Dietoll nie jest dost\u0119pny w stacjonarnych aptekach<\/strong>, co mo\u017ce by\u0107 myl\u0105ce dla niekt\u00f3rych os\u00f3b poszukuj\u0105cych tego produktu w tradycyjnych punktach sprzeda\u017cy.<\/p>\n<p>Kupuj\u0105c Dietoll bezpo\u015brednio od producenta, mo\u017cna liczy\u0107 na atrakcyjne promocje oraz gwarancj\u0119 oryginalno\u015bci produktu. Szukanie suplement\u00f3w na nieautoryzowanych stronach internetowych mo\u017ce by\u0107 ryzykowne, dlatego zaleca si\u0119 korzystanie wy\u0142\u0105cznie z pewnych \u017ar\u00f3de\u0142.<\/p>\n<h3>Dlaczego warto kupi\u0107 Dietoll u producenta?<\/h3>\n<ol>\n<li><strong>Gwarancja jako\u015bci<\/strong> \u2013 Zakup u producenta zapewnia 100% pewno\u015bci, \u017ce nabywamy oryginalny produkt.<\/li>\n<li><strong>Promocje i zni\u017cki<\/strong> \u2013 Cz\u0119sto na stronie producenta mo\u017cna znale\u017a\u0107 oferty specjalne, kt\u00f3re pozwalaj\u0105 kupi\u0107 Dietoll w ni\u017cszej cenie.<\/li>\n<li><strong>Szybka wysy\u0142ka<\/strong> \u2013 Producent oferuje szybk\u0105 i bezpieczn\u0105 dostaw\u0119 prosto do domu.<\/li>\n<\/ol>\n<p>Kapsu\u0142ki Dietoll to skuteczny preparat wspomagaj\u0105cy odchudzanie, kt\u00f3ry dzi\u0119ki naturalnym sk\u0142adnikom wspiera organizm w walce z nadmiern\u0105 tkank\u0105 t\u0142uszczow\u0105. Jego dzia\u0142anie obejmuje przyspieszenie metabolizmu, t\u0142umienie apetytu oraz eliminacj\u0119 trudnych do usuni\u0119cia t\u0142uszcz\u00f3w trzewnych. W po\u0142\u0105czeniu z aktywnym trybem \u017cycia i zdrow\u0105 diet\u0105, Dietoll mo\u017ce znacz\u0105co wspom\u00f3c osi\u0105gni\u0119cie wymarzonej sylwetki.<\/p>\n<p style=\"text-align: center;\"><a class=\"border-button\" href=\"https:\/\/mandarv.com\/btiS?sub1=sub1&amp;sub2=sub2&amp;sub3=sub3&amp;sub4=sub4&amp;sub5=sub5\">KUPI\u0106 PO CENIE PRODUCENTA (-50%)<\/a><\/p>\n","protected":false},"excerpt":{"rendered":"<p>Nr kat.: 870874607<\/p>\n<p style=\"text-align: center;\"><a class=\"border-button\" href=\"https:\/\/mandarv.com\/btiS?sub1=sub1&amp;sub2=sub2&amp;sub3=sub3&amp;sub4=sub4&amp;sub5=sub5\">KUP TERAZ<\/a><\/p>\n","protected":false},"featured_media":402,"comment_status":"open","ping_status":"closed","template":"","meta":[],"product_brand":[],"product_cat":[18],"product_tag":[],"class_list":{"0":"post-401","1":"product","2":"type-product","3":"status-publish","4":"has-post-thumbnail","6":"product_cat-suplementy","8":"first","9":"instock","10":"sale","11":"shipping-taxable","12":"purchasable","13":"product-type-simple"},"aioseo_notices":[],"_links":{"self":[{"href":"https:\/\/lekarzpodroznik.pl\/store\/wp-json\/wp\/v2\/product\/401","targetHints":{"allow":["GET"]}}],"collection":[{"href":"https:\/\/lekarzpodroznik.pl\/store\/wp-json\/wp\/v2\/product"}],"about":[{"href":"https:\/\/lekarzpodroznik.pl\/store\/wp-json\/wp\/v2\/types\/product"}],"replies":[{"embeddable":true,"href":"https:\/\/lekarzpodroznik.pl\/store\/wp-json\/wp\/v2\/comments?post=401"}],"wp:featuredmedia":[{"embeddable":true,"href":"https:\/\/lekarzpodroznik.pl\/store\/wp-json\/wp\/v2\/media\/402"}],"wp:attachment":[{"href":"https:\/\/lekarzpodroznik.pl\/store\/wp-json\/wp\/v2\/media?parent=401"}],"wp:term":[{"taxonomy":"product_brand","embeddable":true,"href":"https:\/\/lekarzpodroznik.pl\/store\/wp-json\/wp\/v2\/product_brand?post=401"},{"taxonomy":"product_cat","embeddable":true,"href":"https:\/\/lekarzpodroznik.pl\/store\/wp-json\/wp\/v2\/product_cat?post=401"},{"taxonomy":"product_tag","embeddable":true,"href":"https:\/\/lekarzpodroznik.pl\/store\/wp-json\/wp\/v2\/product_tag?post=401"}],"curies":[{"name":"wp","href":"https:\/\/api.w.org\/{rel}","templated":true}]}}