{"id":413,"date":"2024-10-09T09:53:15","date_gmt":"2024-10-09T09:53:15","guid":{"rendered":"https:\/\/lekarzpodroznik.pl\/store\/?post_type=product&#038;p=413"},"modified":"2024-10-30T11:14:34","modified_gmt":"2024-10-30T11:14:34","slug":"fortolex","status":"publish","type":"product","link":"https:\/\/lekarzpodroznik.pl\/store\/product\/fortolex\/","title":{"rendered":"Fortolex"},"content":{"rendered":"<p>Fortolex to innowacyjny krem przeznaczony do walki z deformacj\u0105 palca, znan\u0105 jako hallux valgus, czyli popularne &#8222;haluksy&#8221;. Krem ten jest dost\u0119pny w wygodnej formie ma\u015bci, co pozwala na jego \u0142atwe nak\u0142adanie bezpo\u015brednio na problematyczne obszary. Produkt nale\u017cy do grupy preparat\u00f3w o dzia\u0142aniu przeciwzapalnym, przeciwb\u00f3lowym oraz regeneracyjnym, a jego g\u0142\u00f3wnym celem jest redukcja b\u00f3lu, obrz\u0119ku oraz poprawa ruchomo\u015bci staw\u00f3w.<\/p>\n<p>Fortolex wyr\u00f3\u017cnia si\u0119 unikalnym, naturalnym sk\u0142adem, co sprawia, \u017ce jest bezpieczny dla wi\u0119kszo\u015bci os\u00f3b, nawet przy d\u0142ugotrwa\u0142ym stosowaniu. Regularne aplikowanie kremu ma na celu nie tylko przynie\u015b\u0107 ulg\u0119 w b\u00f3lu, ale r\u00f3wnie\u017c przeciwdzia\u0142a\u0107 post\u0119powi deformacji oraz regenerowa\u0107 tkank\u0119 kostn\u0105 i chrz\u0119stn\u0105.<\/p>\n<p style=\"text-align: center;\"><a class=\"border-button\" href=\"https:\/\/mandarv.com\/IXdS?sub1=sub1&amp;sub2=sub2&amp;sub3=sub3&amp;sub4=sub4&amp;sub5=sub5\">www.fortolex.pl<\/a><\/p>\n<h2>Wskazania i przeciwwskazania Fortolex<\/h2>\n<p>Krem Fortolex jest rekomendowany przede wszystkim dla os\u00f3b cierpi\u0105cych na haluksy, jednak mo\u017ce by\u0107 r\u00f3wnie\u017c stosowany profilaktycznie przez osoby nara\u017cone na ryzyko wyst\u0105pienia tego problemu. Do g\u0142\u00f3wnych wskaza\u0144 do stosowania kremu nale\u017c\u0105:<\/p>\n<ul>\n<li>Haluksy (hallux valgus)<\/li>\n<li>B\u00f3l i sztywno\u015b\u0107 staw\u00f3w w okolicach palc\u00f3w st\u00f3p<\/li>\n<li>Obrz\u0119ki i stany zapalne w obr\u0119bie staw\u00f3w<\/li>\n<li>Pogorszenie ruchomo\u015bci staw\u00f3w<\/li>\n<\/ul>\n<h3>Przeciwwskazania<\/h3>\n<p>Chocia\u017c Fortolex jest produktem naturalnym i bezpiecznym, jak ka\u017cdy preparat, ma pewne przeciwwskazania. Do g\u0142\u00f3wnych przeciwwskaza\u0144 nale\u017c\u0105:<\/p>\n<ul>\n<li>Alergia na kt\u00f3rykolwiek ze sk\u0142adnik\u00f3w preparatu<\/li>\n<li>Otwarte rany lub uszkodzenia sk\u00f3ry w obszarze aplikacji<\/li>\n<li>Ci\u0105\u017ca i karmienie piersi\u0105 (nale\u017cy skonsultowa\u0107 si\u0119 z lekarzem)<\/li>\n<\/ul>\n<p>Osoby z alergiami powinny zachowa\u0107 szczeg\u00f3ln\u0105 ostro\u017cno\u015b\u0107 i przed pierwszym u\u017cyciem przeprowadzi\u0107 test na ma\u0142ej powierzchni sk\u00f3ry.<\/p>\n<h2>Sk\u0142ad Fortolex &#8211; skuteczne sk\u0142adniki<\/h2>\n<p>Jednym z najwi\u0119kszych atut\u00f3w Fortolex jest jego naturalny i starannie dobrany sk\u0142ad, kt\u00f3ry zapewnia skuteczno\u015b\u0107 dzia\u0142ania oraz bezpiecze\u0144stwo stosowania. Poni\u017cej om\u00f3wimy najwa\u017cniejsze sk\u0142adniki zawarte w kremie oraz ich dzia\u0142anie.<\/p>\n<h3><strong>Boswellia serrata<\/strong><\/h3>\n<p>Boswellia serrata to ro\u015blina o silnych w\u0142a\u015bciwo\u015bciach przeciwzapalnych. Jest szczeg\u00f3lnie ceniona w medycynie ajurwedyjskiej i od wiek\u00f3w stosowana w leczeniu stan\u00f3w zapalnych staw\u00f3w. Ekstrakt z Boswellia serrata w Fortolex \u0142agodzi b\u00f3l i stany zapalne, a tak\u017ce poprawia ruchomo\u015b\u0107 staw\u00f3w. Dzia\u0142a od\u017cywczo na uk\u0142ad mi\u0119\u015bniowo-szkieletowy, wspieraj\u0105c regeneracj\u0119 tkanki chrz\u0119stnej.<\/p>\n<h3><strong>Kwiaty arniki g\u00f3rskiej<\/strong><\/h3>\n<p>Arnika g\u00f3rska to ro\u015blina znana ze swoich w\u0142a\u015bciwo\u015bci regeneruj\u0105cych. W kremie Fortolex arnika wspomaga szybk\u0105 odbudow\u0119 i regeneracj\u0119 tkanki kostnej oraz chrz\u0119stnej, co jest kluczowe w przypadku deformacji palca. Dodatkowo arnika poprawia kr\u0105\u017cenie krwi i zmniejsza krucho\u015b\u0107 naczy\u0144, co wspomaga walk\u0119 z obrz\u0119kiem i zmniejsza dyskomfort.<\/p>\n<h3><strong>Korze\u0144 wspornika<\/strong><\/h3>\n<p>Korze\u0144 wspornika to sk\u0142adnik, kt\u00f3ry bezpo\u015brednio dzia\u0142a na deformacj\u0119 palca. Pomaga zmniejszy\u0107 deformacj\u0119 poprzez przywr\u00f3cenie struktury tkanki kostnej. Regularne stosowanie kremu z korzeniem wspornika poprawia ukrwienie w obszarze dotkni\u0119tym hallux valgus, co wspomaga regeneracj\u0119 i zapobiega dalszemu post\u0119powi deformacji.<\/p>\n<h3><strong>Kwiaty nagietka lekarskiego<\/strong><\/h3>\n<p>Nagietek lekarski to sk\u0142adnik, kt\u00f3ry \u0142agodzi obrz\u0119ki i stany zapalne. Dzia\u0142a przeciwzapalnie, promuj\u0105c usuwanie nadmiaru p\u0142ynu z obj\u0119tego stanem zapalnym stawu. Poprawia zdolno\u015bci funkcjonalne stawu i pomaga zatrzyma\u0107 rozw\u00f3j procesu zapalnego, co jest niezwykle wa\u017cne w przypadku haluks\u00f3w.<\/p>\n<h3><strong>Tymianek<\/strong><\/h3>\n<p>Tymianek jest ro\u015blin\u0105 o w\u0142a\u015bciwo\u015bciach przeciwbakteryjnych i przeciwzapalnych. W kremie Fortolex tymianek pomaga redukowa\u0107 wystaj\u0105ce ko\u015bci, \u0142agodzi obrz\u0119ki i uczucie sztywno\u015bci staw\u00f3w. Tymianek dzia\u0142a r\u00f3wnie\u017c profilaktycznie, zapobiegaj\u0105c chorobom st\u00f3p oraz dalszym komplikacjom wynikaj\u0105cym z deformacji.<\/p>\n<h2>Efekty stosowania &#8211; dzia\u0142anie kremu Fortolex<\/h2>\n<p>Fortolex dzia\u0142a wielotorowo, co czyni go wszechstronnym produktem w walce z haluksami. Dzi\u0119ki naturalnym sk\u0142adnikom, krem ten nie tylko redukuje objawy zwi\u0105zane z hallux valgus, ale tak\u017ce wspomaga regeneracj\u0119 i zapobiega dalszym zmianom deformacyjnym.<\/p>\n<p><strong>G\u0142\u00f3wne efekty stosowania Fortolex:<\/strong><\/p>\n<ul>\n<li><strong>Redukcja b\u00f3lu i dyskomfortu<\/strong>: Dzia\u0142anie przeciwb\u00f3lowe Fortolex jest zauwa\u017calne ju\u017c po pierwszych dniach stosowania. Sk\u0142adniki takie jak Boswellia serrata i arnika szybko \u0142agodz\u0105 b\u00f3l oraz zmniejszaj\u0105 stan zapalny.<\/li>\n<li><strong>Zmniejszenie obrz\u0119ku<\/strong>: Dzi\u0119ki obecno\u015bci nagietka i arniki, krem skutecznie \u0142agodzi obrz\u0119ki i pomaga usuwa\u0107 nadmiar p\u0142ynu z obszaru obj\u0119tego stanem zapalnym.<\/li>\n<li><strong>Poprawa ruchomo\u015bci staw\u00f3w<\/strong>: Regularne stosowanie Fortolex przyczynia si\u0119 do zwi\u0119kszenia ruchomo\u015bci staw\u00f3w, co jest szczeg\u00f3lnie istotne dla os\u00f3b cierpi\u0105cych na sztywno\u015b\u0107 palc\u00f3w.<\/li>\n<li><strong>Regeneracja tkanki kostnej<\/strong>: Korze\u0144 wspornika dzia\u0142a na regeneracj\u0119 tkanki kostnej, co wspomaga redukcj\u0119 deformacji palca.<\/li>\n<li><strong>Zapobieganie dalszym zmianom<\/strong>: Fortolex dzia\u0142a r\u00f3wnie\u017c profilaktycznie, zapobiegaj\u0105c dalszemu post\u0119powi hallux valgus oraz powik\u0142aniom z nim zwi\u0105zanym.<\/li>\n<\/ul>\n<h2>Gdzie kupi\u0107 Fortolex?<\/h2>\n<p>Je\u015bli zastanawiasz si\u0119, gdzie kupi\u0107 Fortolex, warto zwr\u00f3ci\u0107 uwag\u0119 na kilka istotnych kwestii. Fortolex nie jest dost\u0119pny w tradycyjnych, stacjonarnych aptekach, dlatego nie znajdziecie go na p\u00f3\u0142kach w aptekach stacjonarnych. Aby unikn\u0105\u0107 podr\u00f3bek i uzyska\u0107 gwarancj\u0119 oryginalno\u015bci, najlepiej kupi\u0107 Fortolex bezpo\u015brednio u producenta.<\/p>\n<p>Zakup kremu Fortolex bezpo\u015brednio u producenta daje pewno\u015b\u0107 co do oryginalno\u015bci produktu oraz mo\u017cliwo\u015b\u0107 skorzystania z promocji i rabat\u00f3w, kt\u00f3re cz\u0119sto s\u0105 dost\u0119pne tylko na oficjalnej stronie. Warto r\u00f3wnie\u017c zaznaczy\u0107, \u017ce krem ten cz\u0119sto jest dost\u0119pny wy\u0142\u0105cznie online, dlatego warto unika\u0107 ofert podejrzanych sklep\u00f3w czy platform sprzeda\u017cowych.<\/p>\n<p style=\"text-align: center;\"><a class=\"border-button\" href=\"https:\/\/mandarv.com\/IXdS?sub1=sub1&amp;sub2=sub2&amp;sub3=sub3&amp;sub4=sub4&amp;sub5=sub5\">KUPI\u0106 PO CENIE PRODUCENTA (-50%)<\/a><\/p>\n","protected":false},"excerpt":{"rendered":"<p>Nr kat.: 870874613<\/p>\n<p style=\"text-align: center;\"><a class=\"border-button\" href=\"https:\/\/mandarv.com\/IXdS?sub1=sub1&amp;sub2=sub2&amp;sub3=sub3&amp;sub4=sub4&amp;sub5=sub5\">KUP TERAZ<\/a><\/p>\n","protected":false},"featured_media":414,"comment_status":"open","ping_status":"closed","template":"","meta":[],"product_brand":[],"product_cat":[18],"product_tag":[],"class_list":{"0":"post-413","1":"product","2":"type-product","3":"status-publish","4":"has-post-thumbnail","6":"product_cat-suplementy","8":"first","9":"instock","10":"sale","11":"shipping-taxable","12":"purchasable","13":"product-type-simple"},"aioseo_notices":[],"_links":{"self":[{"href":"https:\/\/lekarzpodroznik.pl\/store\/wp-json\/wp\/v2\/product\/413","targetHints":{"allow":["GET"]}}],"collection":[{"href":"https:\/\/lekarzpodroznik.pl\/store\/wp-json\/wp\/v2\/product"}],"about":[{"href":"https:\/\/lekarzpodroznik.pl\/store\/wp-json\/wp\/v2\/types\/product"}],"replies":[{"embeddable":true,"href":"https:\/\/lekarzpodroznik.pl\/store\/wp-json\/wp\/v2\/comments?post=413"}],"wp:featuredmedia":[{"embeddable":true,"href":"https:\/\/lekarzpodroznik.pl\/store\/wp-json\/wp\/v2\/media\/414"}],"wp:attachment":[{"href":"https:\/\/lekarzpodroznik.pl\/store\/wp-json\/wp\/v2\/media?parent=413"}],"wp:term":[{"taxonomy":"product_brand","embeddable":true,"href":"https:\/\/lekarzpodroznik.pl\/store\/wp-json\/wp\/v2\/product_brand?post=413"},{"taxonomy":"product_cat","embeddable":true,"href":"https:\/\/lekarzpodroznik.pl\/store\/wp-json\/wp\/v2\/product_cat?post=413"},{"taxonomy":"product_tag","embeddable":true,"href":"https:\/\/lekarzpodroznik.pl\/store\/wp-json\/wp\/v2\/product_tag?post=413"}],"curies":[{"name":"wp","href":"https:\/\/api.w.org\/{rel}","templated":true}]}}