{"id":546,"date":"2024-10-10T13:07:46","date_gmt":"2024-10-10T13:07:46","guid":{"rendered":"https:\/\/lekarzpodroznik.pl\/store\/?post_type=product&#038;p=546"},"modified":"2025-03-12T10:26:10","modified_gmt":"2025-03-12T10:26:10","slug":"foot-trooper","status":"publish","type":"product","link":"https:\/\/lekarzpodroznik.pl\/store\/product\/foot-trooper\/","title":{"rendered":"Foot Trooper"},"content":{"rendered":"<p><strong>Foot Trooper<\/strong> to spray do st\u00f3p, kt\u00f3ry zosta\u0142 opracowany z my\u015bl\u0105 o zwalczaniu grzybicy oraz poprawie stanu sk\u00f3ry. Preparat jest \u0142atwy w u\u017cyciu, wyst\u0119puje w wygodnej formie aerozolu, co pozwala na r\u00f3wnomierne rozprowadzenie substancji na powierzchni sk\u00f3ry oraz paznokci. Spray ten nale\u017cy do grupy \u015brodk\u00f3w przeciwgrzybiczych o dzia\u0142aniu przeciwbakteryjnym, antyseptycznym i piel\u0119gnacyjnym. Jego unikalna formu\u0142a zosta\u0142a opracowana na bazie naturalnych sk\u0142adnik\u00f3w oraz substancji aktywnych, kt\u00f3re nie tylko eliminuj\u0105 objawy grzybicy, ale r\u00f3wnie\u017c zapobiegaj\u0105 jej nawrotom.<\/p>\n<p style=\"text-align: center;\"><a class=\"border-button\" href=\"https:\/\/myblogshop.top\/r\/Y58HEbPW\/s\">www.foot-trooper.pl<\/a><\/p>\n<h2>Wskazania i przeciwwskazania Foot Trooper<\/h2>\n<h3>Wskazania do stosowania<\/h3>\n<p>Foot Trooper jest przeznaczony dla os\u00f3b, kt\u00f3re borykaj\u0105 si\u0119 z r\u00f3\u017cnymi formami grzybicy st\u00f3p, w tym grzybic\u0105 paznokci (onychomikoza). Mo\u017ce by\u0107 stosowany profilaktycznie, zw\u0142aszcza przez osoby, kt\u00f3re nara\u017cone s\u0105 na kontakt z grzybami, na przyk\u0142ad sportowc\u00f3w, osoby korzystaj\u0105ce z publicznych basen\u00f3w, saun czy si\u0142owni. Dodatkowo, spray mo\u017ce by\u0107 stosowany w przypadku nadmiernej potliwo\u015bci st\u00f3p, otar\u0107 oraz nieprzyjemnego zapachu sk\u00f3ry.<\/p>\n<h3>Przeciwwskazania do stosowania<\/h3>\n<p>Jak ka\u017cdy preparat, Foot Trooper ma swoje przeciwwskazania. Nie powinny go stosowa\u0107 osoby uczulone na kt\u00f3rykolwiek ze sk\u0142adnik\u00f3w preparatu. W przypadku ci\u0105\u017cy i karmienia piersi\u0105, zaleca si\u0119 konsultacj\u0119 z lekarzem przed rozpocz\u0119ciem stosowania sprayu. Nale\u017cy tak\u017ce unika\u0107 stosowania na otwarte rany oraz miejsca z g\u0142\u0119bokimi p\u0119kni\u0119ciami sk\u00f3ry.<\/p>\n<h2>Sk\u0142ad Foot Trooper \u2013 skuteczne sk\u0142adniki<\/h2>\n<p>Si\u0142\u0105 dzia\u0142ania Foot Trooper s\u0105 jego sk\u0142adniki aktywne, kt\u00f3re kompleksowo zwalczaj\u0105 grzybic\u0119 i wspomagaj\u0105 regeneracj\u0119 sk\u00f3ry. Oto kluczowe substancje w sk\u0142adzie preparatu:<\/p>\n<h3>Olejek cytrusowy<\/h3>\n<p>Jest to jeden z najsilniejszych naturalnych \u015brodk\u00f3w przeciwgrzybiczych. Dzia\u0142a antyseptycznie, skutecznie niszczy zarodniki grzyb\u00f3w oraz ich grzybni\u0119, co zapobiega dalszemu namna\u017caniu si\u0119 patogen\u00f3w. Olejek cytrusowy r\u00f3wnie\u017c zwalcza bakterie, co czyni go idealnym sk\u0142adnikiem preparat\u00f3w do walki z grzybic\u0105.<\/p>\n<h3>Seryna (wyci\u0105g z jedwabiu)<\/h3>\n<p>Seryna to aminokwas, kt\u00f3ry jest ekstrahowany z jedwabiu. Jego g\u0142\u00f3wne w\u0142a\u015bciwo\u015bci to nawil\u017canie sk\u00f3ry oraz zapobieganie nadmiernej potliwo\u015bci. Seryna dzia\u0142a jak naturalny balsam, piel\u0119gnuj\u0105c sk\u00f3r\u0119 i przywracaj\u0105c jej elastyczno\u015b\u0107. Dzi\u0119ki temu sk\u00f3ra st\u00f3p jest bardziej odporna na p\u0119kni\u0119cia i uszkodzenia.<\/p>\n<h3>Mentol<\/h3>\n<p>Mentol znany jest ze swoich w\u0142a\u015bciwo\u015bci ch\u0142odz\u0105cych. Po aplikacji Foot Trooper, mentol natychmiast przynosi ulg\u0119, ch\u0142odz\u0105c sk\u00f3r\u0119 i paznokcie, co zmniejsza b\u00f3l oraz sw\u0119dzenie. Dodatkowo, mentol zw\u0119\u017ca naczynia krwiono\u015bne i zmniejsza wra\u017cliwo\u015b\u0107 zako\u0144cze\u0144 nerwowych, co przyczynia si\u0119 do d\u0142ugotrwa\u0142ego uczucia komfortu.<\/p>\n<h3>Ekstrakt z miodu<\/h3>\n<p>Mi\u00f3d to naturalny sk\u0142adnik, kt\u00f3ry ma szerokie zastosowanie w kosmetyce. W Foot Trooper ekstrakt z miodu dba o sk\u00f3r\u0119 st\u00f3p, nawil\u017caj\u0105c j\u0105, zmi\u0119kczaj\u0105c oraz chroni\u0105c przed p\u0119kni\u0119ciami i otarciami. Ma dzia\u0142anie regeneruj\u0105ce, dzi\u0119ki czemu sk\u00f3ra szybciej si\u0119 goi.<\/p>\n<h3>Clotrimazole<\/h3>\n<p>Clotrimazole to jedna z najsilniejszych substancji przeciwgrzybiczych. Dzia\u0142a na wi\u0119kszo\u015b\u0107 znanych rodzaj\u00f3w infekcji grzybiczych, skutecznie je niszcz\u0105c oraz zapobiegaj\u0105c ich dalszemu rozprzestrzenianiu si\u0119. Dzi\u0119ki jego dzia\u0142aniu Foot Trooper nie tylko zwalcza grzybic\u0119, ale r\u00f3wnie\u017c minimalizuje ryzyko nawrotu infekcji.<\/p>\n<h2>Efekty stosowania \u2013 dzia\u0142anie Foot Trooper<\/h2>\n<p>Stosowanie <strong>Foot Trooper<\/strong> przynosi wiele korzy\u015bci, zar\u00f3wno w walce z grzybic\u0105, jak i w poprawie kondycji sk\u00f3ry st\u00f3p. Oto najwa\u017cniejsze efekty dzia\u0142ania sprayu:<\/p>\n<ol>\n<li><strong>Eliminacja grzybicy<\/strong> \u2013 Dzi\u0119ki zawarto\u015bci silnych sk\u0142adnik\u00f3w przeciwgrzybiczych, takich jak olejek cytrusowy i clotrimazole, preparat skutecznie niszczy grzyby oraz zapobiega ich namna\u017caniu.<\/li>\n<li><strong>Redukcja sw\u0119dzenia i pieczenia<\/strong> \u2013 Mentol oraz inne sk\u0142adniki koj\u0105 sk\u00f3r\u0119, zmniejszaj\u0105c sw\u0119dzenie, pieczenie oraz uczucie dyskomfortu.<\/li>\n<li><strong>Nawil\u017cenie i regeneracja sk\u00f3ry<\/strong> \u2013 Seryna oraz ekstrakt z miodu nawil\u017caj\u0105 sk\u00f3r\u0119 st\u00f3p, przyspieszaj\u0105c jej regeneracj\u0119 i zapobiegaj\u0105c p\u0119kni\u0119ciom.<\/li>\n<li><strong>Od\u015bwie\u017cenie i redukcja potliwo\u015bci<\/strong> \u2013 Foot Trooper od\u015bwie\u017ca stopy, zmniejszaj\u0105c nadmiern\u0105 potliwo\u015b\u0107 oraz nieprzyjemny zapach.<\/li>\n<li><strong>Ochrona przed bakteriami<\/strong> \u2013 Spray dzia\u0142a tak\u017ce antybakteryjnie, co zapobiega rozwojowi infekcji bakteryjnych na uszkodzonej sk\u00f3rze.<\/li>\n<\/ol>\n<h2>Gdzie kupi\u0107 Foot Trooper?<\/h2>\n<p>Je\u015bli zastanawiasz si\u0119, gdzie kupi\u0107 Foot Trooper, warto wiedzie\u0107, \u017ce preparat ten nie jest dost\u0119pny w tradycyjnych aptekach stacjonarnych. Zamiast tego, najlepiej poszuka\u0107 go u producenta lub na oficjalnych stronach internetowych, gdzie mo\u017cna zam\u00f3wi\u0107 oryginalny produkt. <strong>Kupno bezpo\u015brednio od producenta<\/strong> gwarantuje, \u017ce otrzymasz skuteczny i oryginalny spray, a nie podr\u00f3bk\u0119, kt\u00f3re mog\u0105 by\u0107 dost\u0119pne na rynku. Szukaj\u0105c, gdzie kupi\u0107 Foot Trooper, warto zwr\u00f3ci\u0107 uwag\u0119 na promocje i rabaty oferowane przez oficjalne strony, co pozwoli zaoszcz\u0119dzi\u0107 pieni\u0105dze.<\/p>\n<p>Zakup produktu z niepewnych \u017ar\u00f3de\u0142, zw\u0142aszcza na aukcjach internetowych czy w sklepach, kt\u00f3re nie maj\u0105 dobrej reputacji, mo\u017ce sko\u0144czy\u0107 si\u0119 nabyciem podr\u00f3bki. Podr\u00f3bki mog\u0105 by\u0107 nie tylko nieskuteczne, ale r\u00f3wnie\u017c szkodliwe dla zdrowia. Dlatego zawsze warto kupowa\u0107 Foot Trooper bezpo\u015brednio od producenta lub z oficjalnych \u017ar\u00f3de\u0142.<\/p>\n<p><strong>Foot Trooper<\/strong> to innowacyjny spray, kt\u00f3ry skutecznie zwalcza grzybic\u0119 oraz dba o zdrowie sk\u00f3ry st\u00f3p. Dzi\u0119ki unikalnej formule opartej na naturalnych sk\u0142adnikach oraz aktywnych substancjach przeciwgrzybiczych, takich jak clotrimazole i olejek cytrusowy, preparat szybko eliminuje infekcje, przynosi ulg\u0119 i zapobiega nawrotom grzybicy. Dodatkowe sk\u0142adniki, takie jak mentol, seryna i ekstrakt z miodu, dbaj\u0105 o sk\u00f3r\u0119 st\u00f3p, nawil\u017caj\u0105c j\u0105, ch\u0142odz\u0105c i regeneruj\u0105c. Aby cieszy\u0107 si\u0119 pe\u0142ni\u0105 efekt\u00f3w, zaleca si\u0119 regularne stosowanie Foot Trooper oraz unikanie zakupu podr\u00f3bek \u2013 najlepiej zam\u00f3wi\u0107 spray bezpo\u015brednio u producenta.<\/p>\n<p style=\"text-align: center;\"><a class=\"border-button\" href=\"https:\/\/myblogshop.top\/r\/Y58HEbPW\/s\">KUPI\u0106 PO CENIE PRODUCENTA (-50%)<\/a><\/p>\n","protected":false},"excerpt":{"rendered":"<p>Nr kat.: 870874676<\/p>\n<p style=\"text-align: center;\"><a class=\"border-button\" href=\"https:\/\/myblogshop.top\/r\/Y58HEbPW\/s\">KUP TERAZ<\/a><\/p>\n","protected":false},"featured_media":1139,"comment_status":"open","ping_status":"closed","template":"","meta":[],"product_brand":[],"product_cat":[18],"product_tag":[],"class_list":{"0":"post-546","1":"product","2":"type-product","3":"status-publish","4":"has-post-thumbnail","6":"product_cat-suplementy","8":"first","9":"instock","10":"sale","11":"shipping-taxable","12":"purchasable","13":"product-type-simple"},"aioseo_notices":[],"_links":{"self":[{"href":"https:\/\/lekarzpodroznik.pl\/store\/wp-json\/wp\/v2\/product\/546","targetHints":{"allow":["GET"]}}],"collection":[{"href":"https:\/\/lekarzpodroznik.pl\/store\/wp-json\/wp\/v2\/product"}],"about":[{"href":"https:\/\/lekarzpodroznik.pl\/store\/wp-json\/wp\/v2\/types\/product"}],"replies":[{"embeddable":true,"href":"https:\/\/lekarzpodroznik.pl\/store\/wp-json\/wp\/v2\/comments?post=546"}],"wp:featuredmedia":[{"embeddable":true,"href":"https:\/\/lekarzpodroznik.pl\/store\/wp-json\/wp\/v2\/media\/1139"}],"wp:attachment":[{"href":"https:\/\/lekarzpodroznik.pl\/store\/wp-json\/wp\/v2\/media?parent=546"}],"wp:term":[{"taxonomy":"product_brand","embeddable":true,"href":"https:\/\/lekarzpodroznik.pl\/store\/wp-json\/wp\/v2\/product_brand?post=546"},{"taxonomy":"product_cat","embeddable":true,"href":"https:\/\/lekarzpodroznik.pl\/store\/wp-json\/wp\/v2\/product_cat?post=546"},{"taxonomy":"product_tag","embeddable":true,"href":"https:\/\/lekarzpodroznik.pl\/store\/wp-json\/wp\/v2\/product_tag?post=546"}],"curies":[{"name":"wp","href":"https:\/\/api.w.org\/{rel}","templated":true}]}}