{"id":564,"date":"2024-10-11T07:49:57","date_gmt":"2024-10-11T07:49:57","guid":{"rendered":"https:\/\/lekarzpodroznik.pl\/store\/?post_type=product&#038;p=564"},"modified":"2026-01-05T14:02:51","modified_gmt":"2026-01-05T14:02:51","slug":"vermixin","status":"publish","type":"product","link":"https:\/\/lekarzpodroznik.pl\/store\/product\/vermixin\/","title":{"rendered":"Vermixin"},"content":{"rendered":"<p>Vermixin to innowacyjny preparat w formie kapsu\u0142ek, kt\u00f3ry zosta\u0142 stworzony, aby skutecznie zwalcza\u0107 r\u00f3\u017cnego rodzaju paso\u017cyty, a tak\u017ce ich jaja. Jego zadaniem jest nie tylko eliminacja tych szkodliwych organizm\u00f3w, ale tak\u017ce detoksykacja organizmu z toksyn, trucizn i innych szkodliwych substancji. Jego dzia\u0142anie wspomaga odbudow\u0119 odporno\u015bci i zapobiega nawrotom infekcji paso\u017cytniczych.<\/p>\n<p>Vermixin nale\u017cy do grupy preparat\u00f3w przeciwpaso\u017cytniczych o szerokim spektrum dzia\u0142ania. Co wa\u017cne, dzia\u0142a jak probiotyk, co czyni go ca\u0142kowicie bezpiecznym dla organizmu. To innowacyjne rozwi\u0105zanie pozwala na jednoczesne eliminowanie paso\u017cyt\u00f3w oraz wspieranie mikroflory jelitowej.<\/p>\n<p>Kapsu\u0142ki Vermixin s\u0105 \u0142atwe do stosowania i wygodne w codziennym u\u017cytku. Dzi\u0119ki nowoczesnej formule, dzia\u0142aj\u0105 kompleksowo, przynosz\u0105c ulg\u0119 osobom cierpi\u0105cym na infekcje paso\u017cytnicze.<\/p>\n<p style=\"text-align: center;\"><a class=\"border-button\" href=\"https:\/\/kshop34.site\/gpGCrO\/\">www.vermixin.pl<\/a><\/p>\n<h2>Wskazania i przeciwwskazania Vermixin<\/h2>\n<p><strong>Wskazania do stosowania Vermixin:<\/strong><\/p>\n<ul>\n<li>Obecno\u015b\u0107 paso\u017cyt\u00f3w w organizmie, w tym ich jaj i larw.<\/li>\n<li>Problemy trawienne zwi\u0105zane z paso\u017cytami, takie jak b\u00f3l brzucha, wzd\u0119cia, biegunka lub zaparcia.<\/li>\n<li>Og\u00f3lne os\u0142abienie organizmu, zm\u0119czenie, brak energii.<\/li>\n<li>Obni\u017cona odporno\u015b\u0107.<\/li>\n<li>Zatrucia toksynami i truciznami, wynikaj\u0105ce z obecno\u015bci paso\u017cyt\u00f3w.<\/li>\n<li>Reakcje alergiczne wywo\u0142ane toksynami paso\u017cytniczymi.<\/li>\n<li>Problemy sk\u00f3rne, takie jak wysypki, egzem\u0119, czy sw\u0119dzenie.<\/li>\n<\/ul>\n<p><strong>Przeciwwskazania do stosowania Vermixin:<\/strong><br \/>\nMimo i\u017c Vermixin jest produktem bezpiecznym, istniej\u0105 pewne sytuacje, w kt\u00f3rych jego stosowanie mo\u017ce by\u0107 niewskazane:<\/p>\n<ul>\n<li><em>Ci\u0105\u017ca i okres karmienia piersi\u0105<\/em> \u2013 brak bada\u0144 potwierdzaj\u0105cych bezpiecze\u0144stwo stosowania w tych okresach.<\/li>\n<li>Indywidualna nadwra\u017cliwo\u015b\u0107 na kt\u00f3rykolwiek ze sk\u0142adnik\u00f3w preparatu.<\/li>\n<li><em>Dzieci poni\u017cej 12. roku \u017cycia<\/em> \u2013 zaleca si\u0119 konsultacj\u0119 z lekarzem przed podaniem kapsu\u0142ek dzieciom.<\/li>\n<\/ul>\n<p>W przypadku jakichkolwiek w\u0105tpliwo\u015bci zwi\u0105zanych z bezpiecze\u0144stwem stosowania, warto skonsultowa\u0107 si\u0119 z lekarzem.<\/p>\n<h2>Sk\u0142ad Vermixin &#8211; skuteczne sk\u0142adniki<\/h2>\n<p>Vermixin to preparat oparty na naturalnych i sprawdzonych sk\u0142adnikach, kt\u00f3re dzia\u0142aj\u0105 skutecznie i bezpiecznie. Oto kluczowe sk\u0142adniki, kt\u00f3re wyr\u00f3\u017cniaj\u0105 Vermixin:<\/p>\n<table>\n<thead>\n<tr>\n<th>Sk\u0142adnik<\/th>\n<th>Dzia\u0142anie na organizm<\/th>\n<\/tr>\n<\/thead>\n<tbody>\n<tr>\n<td><strong>Ekstrakt z czosnku<\/strong><\/td>\n<td>Posiada silne w\u0142a\u015bciwo\u015bci przeciwpaso\u017cytnicze i przeciwdzia\u0142a infekcjom. Usuwa paso\u017cyty i wzmacnia odporno\u015b\u0107.<\/td>\n<\/tr>\n<tr>\n<td><strong>Ekstrakt z pestek dyni<\/strong><\/td>\n<td>Znany ze swoich w\u0142a\u015bciwo\u015bci antyparazytniczych, wspomaga usuwanie paso\u017cyt\u00f3w z przewodu pokarmowego.<\/td>\n<\/tr>\n<tr>\n<td><strong>Ekstrakt z orzecha w\u0142oskiego<\/strong><\/td>\n<td>Zwalcza paso\u017cyty oraz dzia\u0142a detoksykuj\u0105co, usuwaj\u0105c toksyny z organizmu.<\/td>\n<\/tr>\n<tr>\n<td><strong>Ekstrakt z kurkumy<\/strong><\/td>\n<td>Dzia\u0142a przeciwzapalnie i wspiera procesy trawienne, a tak\u017ce pomaga eliminowa\u0107 toksyny.<\/td>\n<\/tr>\n<tr>\n<td><strong>Probiotyki<\/strong><\/td>\n<td>Wspieraj\u0105 naturaln\u0105 flor\u0119 bakteryjn\u0105 jelit, co jest kluczowe po eliminacji paso\u017cyt\u00f3w.<\/td>\n<\/tr>\n<\/tbody>\n<\/table>\n<p>Ka\u017cdy z tych sk\u0142adnik\u00f3w zosta\u0142 dobrany z my\u015bl\u0105 o maksymalnej skuteczno\u015bci dzia\u0142ania Vermixin. Kombinacja tych naturalnych substancji sprawia, \u017ce kapsu\u0142ki skutecznie eliminuj\u0105 paso\u017cyty, jednocze\u015bnie wspieraj\u0105c odbudow\u0119 organizmu.<\/p>\n<h2>Efekty stosowania &#8211; dzia\u0142anie kapsu\u0142ki Vermixin<\/h2>\n<p>Stosowanie Vermixin przynosi szereg pozytywnych efekt\u00f3w, kt\u00f3re odczuwalne s\u0105 ju\u017c w kr\u00f3tkim czasie. Kapsu\u0142ki dzia\u0142aj\u0105 wieloaspektowo, co pozwala na pe\u0142ne odzyskanie zdrowia po infekcjach paso\u017cytniczych. Poni\u017cej przedstawiamy najwa\u017cniejsze korzy\u015bci wynikaj\u0105ce ze stosowania Vermixin:<\/p>\n<ol>\n<li><strong>Eliminacja paso\u017cyt\u00f3w i ich jaj:<\/strong><br \/>\nVermixin dzia\u0142a na wszystkie etapy rozwoju paso\u017cyt\u00f3w, co oznacza, \u017ce eliminuje zar\u00f3wno doros\u0142e osobniki, jak i ich jaja. Dzi\u0119ki temu zapobiega nawrotom infekcji.<\/li>\n<li><strong>Detoksykacja organizmu:<\/strong><br \/>\nKapsu\u0142ki Vermixin pomagaj\u0105 usuwa\u0107 z organizmu toksyny, trucizny i inne szkodliwe substancje, kt\u00f3re mog\u0105 powsta\u0107 na skutek dzia\u0142ania paso\u017cyt\u00f3w.<\/li>\n<li><strong>Przywr\u00f3cenie r\u00f3wnowagi mikroflory jelitowej:<\/strong><br \/>\nDzi\u0119ki probiotykom zawartym w sk\u0142adzie, Vermixin wspomaga odbudow\u0119 naturalnej flory bakteryjnej jelit, co jest kluczowe dla zdrowia uk\u0142adu trawiennego.<\/li>\n<li><strong>Wzmocnienie odporno\u015bci:<\/strong><br \/>\nUsuni\u0119cie paso\u017cyt\u00f3w z organizmu przek\u0142ada si\u0119 na popraw\u0119 og\u00f3lnego stanu zdrowia i zwi\u0119kszenie odporno\u015bci organizmu na kolejne infekcje.<\/li>\n<li><strong>Poprawa samopoczucia i energii:<\/strong><br \/>\nPaso\u017cyty mog\u0105 os\u0142abia\u0107 organizm, prowadz\u0105c do chronicznego zm\u0119czenia. Stosowanie Vermixin przywraca energi\u0119 i poprawia samopoczucie.<\/li>\n<li><strong>Ochrona przed nawrotami infekcji:<\/strong><br \/>\nRegularne stosowanie Vermixin, zw\u0142aszcza w profilaktyce, pozwala na d\u0142ugotrwa\u0142\u0105 ochron\u0119 przed infekcjami paso\u017cytniczymi.<\/li>\n<\/ol>\n<p>Efekty stosowania Vermixin s\u0105 widoczne ju\u017c po kilku dniach, jednak dla pe\u0142nego oczyszczenia organizmu zaleca si\u0119 stosowanie preparatu przez pe\u0142en zalecany okres.<\/p>\n<h2>Gdzie kupi\u0107 Vermixin?<\/h2>\n<p>Je\u015bli zastanawiasz si\u0119, <strong>gdzie kupi\u0107 Vermixin<\/strong>, odpowied\u017a jest prosta. Ten preparat nie jest dost\u0119pny w stacjonarnych aptekach, co oznacza, \u017ce <strong>kupienie Vermixin w tradycyjnej aptece<\/strong> nie b\u0119dzie mo\u017cliwe. Aby zagwarantowa\u0107 autentyczno\u015b\u0107 produktu oraz jego najwy\u017csz\u0105 jako\u015b\u0107, producent zdecydowa\u0142 si\u0119 na sprzeda\u017c wy\u0142\u0105cznie przez internet. Jest to pewny spos\u00f3b, aby unikn\u0105\u0107 podr\u00f3bek i otrzyma\u0107 oryginalny produkt.<\/p>\n<p>Aby <strong>kupi\u0107 Vermixin<\/strong>, najlepiej odwiedzi\u0107 <strong>oficjaln\u0105 stron\u0119 producenta<\/strong>. Tylko tam mamy gwarancj\u0119, \u017ce otrzymamy produkt o sprawdzonym sk\u0142adzie i potwierdzonej skuteczno\u015bci. Szukanie Vermixin w innych \u017ar\u00f3d\u0142ach, takich jak nieautoryzowane sklepy internetowe, mo\u017ce wi\u0105za\u0107 si\u0119 z ryzykiem nabycia produktu niskiej jako\u015bci lub podr\u00f3bki.<\/p>\n<p>Korzystaj\u0105c z oferty producenta, cz\u0119sto mo\u017cna natrafi\u0107 na korzystne promocje, kt\u00f3re pozwalaj\u0105 na <strong>kupienie Vermixin w atrakcyjnej cenie<\/strong>. To idealna okazja, aby zadba\u0107 o swoje zdrowie i pozby\u0107 si\u0119 paso\u017cyt\u00f3w w bezpieczny i skuteczny spos\u00f3b.<\/p>\n<p>Vermixin to nowoczesny i skuteczny preparat w formie kapsu\u0142ek, kt\u00f3ry wspomaga walk\u0119 z paso\u017cytami oraz detoksykacj\u0119 organizmu. Dzi\u0119ki naturalnym sk\u0142adnikom, takim jak czosnek, pestki dyni, orzech w\u0142oski i probiotyki, Vermixin dzia\u0142a bezpiecznie, eliminuj\u0105c paso\u017cyty i poprawiaj\u0105c og\u00f3lny stan zdrowia. Mo\u017cna go naby\u0107 wy\u0142\u0105cznie online, co gwarantuje autentyczno\u015b\u0107 i wysok\u0105 jako\u015b\u0107 produktu.<\/p>\n<p style=\"text-align: center;\"><a class=\"border-button\" href=\"https:\/\/kshop34.site\/gpGCrO\/\">KUPI\u0106 PO CENIE PRODUCENTA (-50%)<\/a><\/p>\n","protected":false},"excerpt":{"rendered":"<p>Nr kat.: 870874685<\/p>\n<p style=\"text-align: center;\"><a class=\"border-button\" href=\"https:\/\/kshop34.site\/gpGCrO\/\">KUP TERAZ<\/a><\/p>\n","protected":false},"featured_media":1323,"comment_status":"open","ping_status":"closed","template":"","meta":[],"product_brand":[],"product_cat":[18],"product_tag":[],"class_list":{"0":"post-564","1":"product","2":"type-product","3":"status-publish","4":"has-post-thumbnail","6":"product_cat-suplementy","8":"first","9":"instock","10":"sale","11":"shipping-taxable","12":"purchasable","13":"product-type-simple"},"aioseo_notices":[],"_links":{"self":[{"href":"https:\/\/lekarzpodroznik.pl\/store\/wp-json\/wp\/v2\/product\/564","targetHints":{"allow":["GET"]}}],"collection":[{"href":"https:\/\/lekarzpodroznik.pl\/store\/wp-json\/wp\/v2\/product"}],"about":[{"href":"https:\/\/lekarzpodroznik.pl\/store\/wp-json\/wp\/v2\/types\/product"}],"replies":[{"embeddable":true,"href":"https:\/\/lekarzpodroznik.pl\/store\/wp-json\/wp\/v2\/comments?post=564"}],"wp:featuredmedia":[{"embeddable":true,"href":"https:\/\/lekarzpodroznik.pl\/store\/wp-json\/wp\/v2\/media\/1323"}],"wp:attachment":[{"href":"https:\/\/lekarzpodroznik.pl\/store\/wp-json\/wp\/v2\/media?parent=564"}],"wp:term":[{"taxonomy":"product_brand","embeddable":true,"href":"https:\/\/lekarzpodroznik.pl\/store\/wp-json\/wp\/v2\/product_brand?post=564"},{"taxonomy":"product_cat","embeddable":true,"href":"https:\/\/lekarzpodroznik.pl\/store\/wp-json\/wp\/v2\/product_cat?post=564"},{"taxonomy":"product_tag","embeddable":true,"href":"https:\/\/lekarzpodroznik.pl\/store\/wp-json\/wp\/v2\/product_tag?post=564"}],"curies":[{"name":"wp","href":"https:\/\/api.w.org\/{rel}","templated":true}]}}