{"id":732,"date":"2024-10-15T07:58:22","date_gmt":"2024-10-15T07:58:22","guid":{"rendered":"https:\/\/lekarzpodroznik.pl\/store\/?post_type=product&#038;p=732"},"modified":"2025-03-12T11:45:25","modified_gmt":"2025-03-12T11:45:25","slug":"revamin-stretch-mark","status":"publish","type":"product","link":"https:\/\/lekarzpodroznik.pl\/store\/product\/revamin-stretch-mark\/","title":{"rendered":"Revamin Stretch Mark"},"content":{"rendered":"<p><strong>Revamin Stretch Mark<\/strong> to zaawansowany krem przeznaczony do redukcji rozst\u0119p\u00f3w, kt\u00f3ry mo\u017ce by\u0107 stosowany zar\u00f3wno przez kobiety, jak i m\u0119\u017cczyzn. Preparat ten wyst\u0119puje w postaci kremu, co sprawia, \u017ce jego aplikacja jest prosta i wygodna. Dzi\u0119ki temu produkt jest \u0142atwo wch\u0142aniany przez sk\u00f3r\u0119, nie pozostawiaj\u0105c t\u0142ustej warstwy ani nieprzyjemnego zapachu.<\/p>\n<p>Grup\u0105 docelow\u0105 s\u0105 osoby borykaj\u0105ce si\u0119 z widocznymi rozst\u0119pami na takich partiach cia\u0142a jak:<\/p>\n<ul>\n<li>brzuch,<\/li>\n<li>uda,<\/li>\n<li>po\u015bladki,<\/li>\n<li>ramiona.<\/li>\n<\/ul>\n<p>Krem polecany jest r\u00f3wnie\u017c kobietom w ci\u0105\u017cy, kt\u00f3re chc\u0105 zapobiec powstawaniu nowych rozst\u0119p\u00f3w oraz osobom, kt\u00f3re przesz\u0142y intensywne zmiany masy cia\u0142a, np. w wyniku diety lub \u0107wicze\u0144.<\/p>\n<p style=\"text-align: center;\"><a class=\"border-button\" href=\"https:\/\/nplink.net\/y4scf3wi\">www.revamin-stretch-mark.pl<\/a><\/p>\n<h2>Wskazania i przeciwwskazania Revamin Stretch Mark<\/h2>\n<h3>Wskazania do stosowania<\/h3>\n<p><strong>Revamin Stretch Mark<\/strong> to produkt przeznaczony do os\u00f3b, kt\u00f3re zauwa\u017cy\u0142y na swojej sk\u00f3rze:<\/p>\n<ul>\n<li>rozst\u0119py powsta\u0142e w wyniku ci\u0105\u017cy,<\/li>\n<li>rozst\u0119py wynikaj\u0105ce z szybkiego przyrostu masy cia\u0142a,<\/li>\n<li>rozst\u0119py powsta\u0142e w wyniku nag\u0142ego wzrostu w okresie dojrzewania,<\/li>\n<li>rozst\u0119py pojawiaj\u0105ce si\u0119 na skutek zmian hormonalnych,<\/li>\n<li>rozst\u0119py spowodowane intensywnymi \u0107wiczeniami.<\/li>\n<\/ul>\n<p>Krem mo\u017ce by\u0107 tak\u017ce stosowany profilaktycznie przez osoby, kt\u00f3re chc\u0105 zapobiec powstawaniu nowych zmian sk\u00f3rnych, na przyk\u0142ad w czasie ci\u0105\u017cy lub podczas zmiany wagi.<\/p>\n<h3>Przeciwwskazania do stosowania<\/h3>\n<p>Pomimo \u017ce Revamin Stretch Mark oparty jest na naturalnych sk\u0142adnikach, kt\u00f3re s\u0105 \u0142agodne dla sk\u00f3ry, istnieje kilka przeciwwskaza\u0144 do jego stosowania:<\/p>\n<ul>\n<li>nadwra\u017cliwo\u015b\u0107 na kt\u00f3rykolwiek ze sk\u0142adnik\u00f3w preparatu,<\/li>\n<li>otwarte rany lub uszkodzenia sk\u00f3ry,<\/li>\n<li>infekcje sk\u00f3rne w miejscach, gdzie mia\u0142by by\u0107 stosowany krem.<\/li>\n<\/ul>\n<p>Zaleca si\u0119 r\u00f3wnie\u017c, aby przed rozpocz\u0119ciem stosowania kremu kobiety w ci\u0105\u017cy lub karmi\u0105ce piersi\u0105 skonsultowa\u0142y si\u0119 z lekarzem.<\/p>\n<h2>Sk\u0142ad Revamin Stretch Mark &#8211; skuteczne sk\u0142adniki<\/h2>\n<p>Jednym z najwi\u0119kszych atut\u00f3w <strong>Revamin Stretch Mark<\/strong> jest jego naturalny sk\u0142ad, kt\u00f3ry sprawia, \u017ce produkt jest nie tylko skuteczny, ale i bezpieczny. Ka\u017cdy sk\u0142adnik ma swoj\u0105 specyficzn\u0105 rol\u0119 w poprawie wygl\u0105du sk\u00f3ry oraz redukcji rozst\u0119p\u00f3w. Oto kluczowe sk\u0142adniki kremu:<\/p>\n<table>\n<thead>\n<tr>\n<th>Sk\u0142adnik<\/th>\n<th>Dzia\u0142anie<\/th>\n<\/tr>\n<\/thead>\n<tbody>\n<tr>\n<td><strong>Aloe Vera<\/strong><\/td>\n<td>Nawil\u017ca i \u0142agodzi podra\u017cnienia, wspomaga regeneracj\u0119 sk\u00f3ry.<\/td>\n<\/tr>\n<tr>\n<td><strong>Ekstrakt z awokado<\/strong><\/td>\n<td>Bogaty w witaminy A, D i E, wspiera odbudow\u0119 sk\u00f3ry, poprawiaj\u0105c jej elastyczno\u015b\u0107.<\/td>\n<\/tr>\n<tr>\n<td><strong>Witamina E<\/strong><\/td>\n<td>Znana z w\u0142a\u015bciwo\u015bci antyoksydacyjnych, chroni sk\u00f3r\u0119 przed wolnymi rodnikami.<\/td>\n<\/tr>\n<tr>\n<td><strong>Olej ze s\u0142odkich migda\u0142\u00f3w<\/strong><\/td>\n<td>Zmi\u0119kcza sk\u00f3r\u0119, nawil\u017ca i wspomaga regeneracj\u0119 nask\u00f3rka.<\/td>\n<\/tr>\n<tr>\n<td><strong>Ekstrakt z centelli azjatyckiej<\/strong><\/td>\n<td>Poprawia mikrokr\u0105\u017cenie i sprzyja odbudowie sk\u00f3ry, redukuj\u0105c widoczno\u015b\u0107 rozst\u0119p\u00f3w.<\/td>\n<\/tr>\n<tr>\n<td><strong>Kwas hialuronowy<\/strong><\/td>\n<td>Intensywnie nawil\u017ca, uj\u0119drnia sk\u00f3r\u0119 i wspiera jej elastyczno\u015b\u0107.<\/td>\n<\/tr>\n<\/tbody>\n<\/table>\n<h3>Jakie korzy\u015bci p\u0142yn\u0105 ze stosowania tych sk\u0142adnik\u00f3w?<\/h3>\n<p>Sk\u0142adniki te dzia\u0142aj\u0105 synergistycznie, poprawiaj\u0105c wygl\u0105d sk\u00f3ry i skutecznie redukuj\u0105c rozst\u0119py. Dzi\u0119ki regularnemu stosowaniu kremu mo\u017cna zauwa\u017cy\u0107:<\/p>\n<ul>\n<li>popraw\u0119 elastyczno\u015bci sk\u00f3ry,<\/li>\n<li>redukcj\u0119 widoczno\u015bci rozst\u0119p\u00f3w,<\/li>\n<li>lepsze nawil\u017cenie sk\u00f3ry,<\/li>\n<li>popraw\u0119 og\u00f3lnego wygl\u0105du sk\u00f3ry, kt\u00f3ra staje si\u0119 mi\u0119kka, g\u0142adka i dobrze od\u017cywiona.<\/li>\n<\/ul>\n<h2>Efekty stosowania &#8211; dzia\u0142anie Revamin Stretch Mark<\/h2>\n<p>Stosowanie <strong>Revamin Stretch Mark<\/strong> przynosi wiele korzy\u015bci, a regularne aplikacje kremu pozwalaj\u0105 uzyska\u0107 widoczne efekty w kr\u00f3tkim czasie. Oto, co mo\u017cna oczekiwa\u0107 po zastosowaniu tego produktu:<\/p>\n<ol>\n<li><strong>Rozja\u015bnienie rozst\u0119p\u00f3w<\/strong>: Regularne stosowanie kremu powoduje, \u017ce rozst\u0119py staj\u0105 si\u0119 mniej widoczne, zar\u00f3wno te \u015bwie\u017ce, jak i starsze. Krem rozja\u015bnia ich kolor, dzi\u0119ki czemu lepiej wtapiaj\u0105 si\u0119 w reszt\u0119 sk\u00f3ry.<\/li>\n<li><strong>Poprawa elastyczno\u015bci sk\u00f3ry<\/strong>: Sk\u0142adniki kremu wspomagaj\u0105 naturaln\u0105 produkcj\u0119 kolagenu, co prowadzi do poprawy elastyczno\u015bci sk\u00f3ry i zmniejszenia ryzyka powstawania nowych rozst\u0119p\u00f3w.<\/li>\n<li><strong>G\u0142\u0119bokie nawil\u017cenie<\/strong>: Sk\u00f3ra, kt\u00f3ra jest odpowiednio nawil\u017cona, jest mniej podatna na uszkodzenia, w tym na powstawanie rozst\u0119p\u00f3w. Revamin Stretch Mark dzia\u0142a intensywnie nawil\u017caj\u0105co, zapewniaj\u0105c sk\u00f3rze odpowiedni\u0105 dawk\u0119 wilgoci.<\/li>\n<li><strong>Regeneracja sk\u00f3ry<\/strong>: Krem wspiera naturalny proces regeneracji sk\u00f3ry, co sprawia, \u017ce staje si\u0119 ona g\u0142adsza, bardziej mi\u0119kka i mniej podatna na rozci\u0105ganie.<\/li>\n<li><strong>Ochrona przed czynnikami zewn\u0119trznymi<\/strong>: Antyoksydanty zawarte w kremie chroni\u0105 sk\u00f3r\u0119 przed szkodliwym dzia\u0142aniem wolnych rodnik\u00f3w, co ma korzystny wp\u0142yw na og\u00f3lny stan sk\u00f3ry.<\/li>\n<\/ol>\n<p>Regularne stosowanie kremu sprawia, \u017ce rozst\u0119py stopniowo zanikaj\u0105, a sk\u00f3ra staje si\u0119 bardziej j\u0119drna, g\u0142adka i od\u017cywiona.<\/p>\n<h2>Gdzie kupi\u0107 Revamin Stretch Mark?<\/h2>\n<p>Je\u017celi zastanawiasz si\u0119, <strong>gdzie kupi\u0107 Revamin Stretch Mark<\/strong>, warto wiedzie\u0107, \u017ce nie jest on dost\u0119pny w stacjonarnych aptekach. Krem ten mo\u017cna naby\u0107 wy\u0142\u0105cznie online, co zapewnia jego oryginalno\u015b\u0107 oraz atrakcyjn\u0105 cen\u0119 bez po\u015brednik\u00f3w.<\/p>\n<p>Aby by\u0107 pewnym zakupu oryginalnego produktu, najlepiej jest <strong>kupi\u0107 Revamin Stretch Mark bezpo\u015brednio u producenta<\/strong>. Kupuj\u0105c bezpo\u015brednio od producenta, masz pewno\u015b\u0107, \u017ce otrzymasz produkt najwy\u017cszej jako\u015bci, a tak\u017ce mo\u017cesz liczy\u0107 na r\u00f3\u017cne promocje oraz rabaty, kt\u00f3re cz\u0119sto oferowane s\u0105 na oficjalnej stronie internetowej.<\/p>\n<p><strong>Revamin Stretch Mark<\/strong> to produkt, kt\u00f3ry \u0142\u0105czy w sobie skuteczno\u015b\u0107, bezpiecze\u0144stwo oraz naturalny sk\u0142ad. Dzia\u0142a nie tylko na widoczne rozst\u0119py, ale r\u00f3wnie\u017c zapobiega ich powstawaniu, co czyni go idealnym wyborem zar\u00f3wno dla os\u00f3b, kt\u00f3re ju\u017c borykaj\u0105 si\u0119 z tym problemem, jak i tych, kt\u00f3re chc\u0105 im zapobiec.<\/p>\n<p style=\"text-align: center;\"><a class=\"border-button\" href=\"https:\/\/nplink.net\/y4scf3wi\">KUPI\u0106 PO CENIE PRODUCENTA (-50%)<\/a><\/p>\n","protected":false},"excerpt":{"rendered":"<p>Nr kat.: 870874766<\/p>\n<p style=\"text-align: center;\"><a class=\"border-button\" href=\"https:\/\/nplink.net\/y4scf3wi\">KUP TERAZ<\/a><\/p>\n","protected":false},"featured_media":1222,"comment_status":"open","ping_status":"closed","template":"","meta":[],"product_brand":[],"product_cat":[18],"product_tag":[],"class_list":{"0":"post-732","1":"product","2":"type-product","3":"status-publish","4":"has-post-thumbnail","6":"product_cat-suplementy","8":"first","9":"instock","10":"shipping-taxable","11":"purchasable","12":"product-type-simple"},"aioseo_notices":[],"_links":{"self":[{"href":"https:\/\/lekarzpodroznik.pl\/store\/wp-json\/wp\/v2\/product\/732","targetHints":{"allow":["GET"]}}],"collection":[{"href":"https:\/\/lekarzpodroznik.pl\/store\/wp-json\/wp\/v2\/product"}],"about":[{"href":"https:\/\/lekarzpodroznik.pl\/store\/wp-json\/wp\/v2\/types\/product"}],"replies":[{"embeddable":true,"href":"https:\/\/lekarzpodroznik.pl\/store\/wp-json\/wp\/v2\/comments?post=732"}],"wp:featuredmedia":[{"embeddable":true,"href":"https:\/\/lekarzpodroznik.pl\/store\/wp-json\/wp\/v2\/media\/1222"}],"wp:attachment":[{"href":"https:\/\/lekarzpodroznik.pl\/store\/wp-json\/wp\/v2\/media?parent=732"}],"wp:term":[{"taxonomy":"product_brand","embeddable":true,"href":"https:\/\/lekarzpodroznik.pl\/store\/wp-json\/wp\/v2\/product_brand?post=732"},{"taxonomy":"product_cat","embeddable":true,"href":"https:\/\/lekarzpodroznik.pl\/store\/wp-json\/wp\/v2\/product_cat?post=732"},{"taxonomy":"product_tag","embeddable":true,"href":"https:\/\/lekarzpodroznik.pl\/store\/wp-json\/wp\/v2\/product_tag?post=732"}],"curies":[{"name":"wp","href":"https:\/\/api.w.org\/{rel}","templated":true}]}}