{"id":744,"date":"2024-10-15T08:27:26","date_gmt":"2024-10-15T08:27:26","guid":{"rendered":"https:\/\/lekarzpodroznik.pl\/store\/?post_type=product&#038;p=744"},"modified":"2025-03-12T10:23:21","modified_gmt":"2025-03-12T10:23:21","slug":"folisin","status":"publish","type":"product","link":"https:\/\/lekarzpodroznik.pl\/store\/product\/folisin\/","title":{"rendered":"Folisin"},"content":{"rendered":"<p>Folisin to suplement diety w formie kapsu\u0142ek, przeznaczony g\u0142\u00f3wnie dla m\u0119\u017cczyzn zmagaj\u0105cych si\u0119 z problemem wypadania w\u0142os\u00f3w. Produkt ten zawiera unikaln\u0105 mieszank\u0119 naturalnych sk\u0142adnik\u00f3w, kt\u00f3re wspieraj\u0105 zdrowy wzrost w\u0142os\u00f3w, poprawiaj\u0105 kondycj\u0119 sk\u00f3ry g\u0142owy oraz zapobiegaj\u0105 dalszemu \u0142ysieniu.<\/p>\n<p>Kapsu\u0142ki Folisin zosta\u0142y zaprojektowane tak, aby wp\u0142ywa\u0107 na przyczyny wypadania w\u0142os\u00f3w, takie jak zaburzenia hormonalne, niedobory sk\u0142adnik\u00f3w od\u017cywczych czy stres. Dzi\u0119ki temu, \u017ce jest to produkt oparty na naturalnych sk\u0142adnikach, nie wywo\u0142uje on skutk\u00f3w ubocznych i jest bezpieczny dla organizmu.<\/p>\n<p><strong>Najwa\u017cniejsze cechy Folisin:<\/strong><\/p>\n<ul>\n<li>Suplement diety w formie kapsu\u0142ek<\/li>\n<li>Przeznaczony dla m\u0119\u017cczyzn z problemem wypadania w\u0142os\u00f3w<\/li>\n<li>Zawiera 13 naturalnych sk\u0142adnik\u00f3w<\/li>\n<li>Bezpieczny w u\u017cyciu, bez skutk\u00f3w ubocznych<\/li>\n<li>Wp\u0142ywa pozytywnie na sk\u00f3r\u0119 g\u0142owy i wzrost w\u0142os\u00f3w<\/li>\n<\/ul>\n<p style=\"text-align: center;\"><a class=\"border-button\" href=\"https:\/\/nplink.net\/kl3oes36\">www.folisin.pl<\/a><\/p>\n<h2>Wskazania i przeciwwskazania Folisin<\/h2>\n<p>Suplement Folisin jest dedykowany dla m\u0119\u017cczyzn, kt\u00f3rzy zauwa\u017caj\u0105 u siebie nadmierne wypadanie w\u0142os\u00f3w lub \u0142ysienie w takich miejscach jak zakola czy wierzcho\u0142ek g\u0142owy. Dzi\u0119ki swojemu wielokierunkowemu dzia\u0142aniu, preparat ten jest skuteczny zar\u00f3wno w przypadku wczesnych stadi\u00f3w \u0142ysienia, jak i w bardziej zaawansowanych przypadkach. Regularne stosowanie Folisin pozwala nie tylko zahamowa\u0107 proces wypadania w\u0142os\u00f3w, ale r\u00f3wnie\u017c wspiera\u0107 ich odrastanie w miejscach, gdzie wcze\u015bniej wypad\u0142y.<\/p>\n<p><strong>Wskazania do stosowania Folisin:<\/strong><\/p>\n<ol>\n<li>Nadmierne wypadanie w\u0142os\u00f3w<\/li>\n<li>\u0141ysienie androgenowe<\/li>\n<li>Os\u0142abienie struktury w\u0142osa<\/li>\n<li>Problemy z pigmentacj\u0105 w\u0142os\u00f3w (np. przedwczesne siwienie)<\/li>\n<li>Zmniejszona g\u0119sto\u015b\u0107 w\u0142os\u00f3w<\/li>\n<\/ol>\n<p><strong>Przeciwwskazania:<\/strong><\/p>\n<p>Mimo \u017ce Folisin jest produktem opartym na naturalnych sk\u0142adnikach i uznawany za bezpieczny, istnieje kilka przeciwwskaza\u0144 do jego stosowania:<\/p>\n<ul>\n<li>Nadwra\u017cliwo\u015b\u0107 na kt\u00f3rykolwiek sk\u0142adnik preparatu<\/li>\n<li>Suplement nie jest zalecany dla kobiet oraz dzieci<\/li>\n<\/ul>\n<p>Je\u015bli masz w\u0105tpliwo\u015bci dotycz\u0105ce stosowania Folisin, zawsze warto skonsultowa\u0107 si\u0119 z lekarzem lub farmaceut\u0105.<\/p>\n<h2>Sk\u0142ad Folisin &#8211; skuteczne sk\u0142adniki<\/h2>\n<p>Jednym z kluczowych czynnik\u00f3w wp\u0142ywaj\u0105cych na skuteczno\u015b\u0107 suplementu Folisin jest jego sk\u0142ad. Formu\u0142a tego produktu opiera si\u0119 na 13 starannie dobranych sk\u0142adnikach, kt\u00f3re wsp\u00f3\u0142dzia\u0142aj\u0105, aby zahamowa\u0107 wypadanie w\u0142os\u00f3w, poprawi\u0107 ich struktur\u0119 oraz wspom\u00f3c regeneracj\u0119.<\/p>\n<p><strong>Tabela sk\u0142adnik\u00f3w Folisin:<\/strong><\/p>\n<table>\n<thead>\n<tr>\n<th>Sk\u0142adnik<\/th>\n<th>Dzia\u0142anie<\/th>\n<\/tr>\n<\/thead>\n<tbody>\n<tr>\n<td><strong>Saw Palmetto<\/strong><\/td>\n<td>Blokuje enzym 5-alfa-reduktazy, kt\u00f3ry przekszta\u0142ca testosteron w DHT, co jest jedn\u0105 z g\u0142\u00f3wnych przyczyn \u0142ysienia androgenowego<\/td>\n<\/tr>\n<tr>\n<td><strong>Biotyna<\/strong><\/td>\n<td>Wspiera produkcj\u0119 keratyny, kt\u00f3ra jest g\u0142\u00f3wnym budulcem w\u0142osa<\/td>\n<\/tr>\n<tr>\n<td><strong>Ekstrakt z pestek dyni<\/strong><\/td>\n<td>Zawiera fitosterole, kt\u00f3re wspieraj\u0105 zdrowie sk\u00f3ry g\u0142owy i zapobiegaj\u0105 \u0142ysieniu<\/td>\n<\/tr>\n<tr>\n<td><strong>Ekstrakt z pokrzywy<\/strong><\/td>\n<td>Wzmacnia w\u0142osy i pobudza ich wzrost<\/td>\n<\/tr>\n<tr>\n<td><strong>Tokoferol (witamina E)<\/strong><\/td>\n<td>Chroni kom\u00f3rki sk\u00f3ry g\u0142owy przed stresem oksydacyjnym<\/td>\n<\/tr>\n<tr>\n<td><strong>Witamina B6<\/strong><\/td>\n<td>Uczestniczy w syntezie aminokwas\u00f3w buduj\u0105cych w\u0142osy<\/td>\n<\/tr>\n<tr>\n<td><strong>Cynk<\/strong><\/td>\n<td>Wspiera produkcj\u0119 keratyny, wp\u0142ywa na zdrowie sk\u00f3ry g\u0142owy i zapobiega nadmiernemu wypadaniu w\u0142os\u00f3w<\/td>\n<\/tr>\n<tr>\n<td><strong>Magnez<\/strong><\/td>\n<td>Uspokaja sk\u00f3r\u0119 g\u0142owy i wspiera r\u00f3wnowag\u0119 hormonaln\u0105<\/td>\n<\/tr>\n<tr>\n<td><strong>Mied\u017a<\/strong><\/td>\n<td>Wspomaga naturaln\u0105 pigmentacj\u0119 w\u0142os\u00f3w<\/td>\n<\/tr>\n<tr>\n<td><strong>Ekstrakt z zielonej herbaty<\/strong><\/td>\n<td>Zawiera antyoksydanty, kt\u00f3re chroni\u0105 kom\u00f3rki przed starzeniem<\/td>\n<\/tr>\n<tr>\n<td><strong>Tauryna<\/strong><\/td>\n<td>Wzmacnia cebulki w\u0142os\u00f3w i przyspiesza ich wzrost<\/td>\n<\/tr>\n<tr>\n<td><strong>Kwas pantotenowy<\/strong><\/td>\n<td>Zmniejsza wypadanie w\u0142os\u00f3w i poprawia ich jako\u015b\u0107<\/td>\n<\/tr>\n<tr>\n<td><strong>Ekstrakt z lukrecji<\/strong><\/td>\n<td>Dzia\u0142a przeciwzapalnie i poprawia kondycj\u0119 sk\u00f3ry g\u0142owy<\/td>\n<\/tr>\n<\/tbody>\n<\/table>\n<h2>Efekty stosowania &#8211; dzia\u0142anie kapsu\u0142ki Folisin<\/h2>\n<p>Efekty stosowania Folisin mog\u0105 by\u0107 widoczne ju\u017c po kilku tygodniach regularnego przyjmowania kapsu\u0142ek, jednak pe\u0142ne rezultaty osi\u0105gane s\u0105 po d\u0142u\u017cszym okresie stosowania. Co wa\u017cne, preparat dzia\u0142a zar\u00f3wno prewencyjnie, jak i leczniczo, dlatego mo\u017ce by\u0107 stosowany na r\u00f3\u017cnych etapach \u0142ysienia.<\/p>\n<p><strong>G\u0142\u00f3wne efekty stosowania Folisin:<\/strong><\/p>\n<ol>\n<li><strong>Zmniejszenie wypadania w\u0142os\u00f3w<\/strong> &#8211; sk\u0142adniki aktywne pomagaj\u0105 blokowa\u0107 DHT, co zmniejsza wypadanie w\u0142os\u00f3w.<\/li>\n<li><strong>Poprawa wzrostu nowych w\u0142os\u00f3w<\/strong> &#8211; dzi\u0119ki stymulacji mieszk\u00f3w w\u0142osowych mo\u017cna zauwa\u017cy\u0107 wzrost nowych w\u0142os\u00f3w.<\/li>\n<li><strong>Lepsza kondycja sk\u00f3ry g\u0142owy<\/strong> &#8211; Folisin poprawia kr\u0105\u017cenie krwi w sk\u00f3rze g\u0142owy, co pozytywnie wp\u0142ywa na zdrowie cebulek w\u0142os\u00f3w.<\/li>\n<li><strong>Utrzymanie naturalnego koloru w\u0142os\u00f3w<\/strong> &#8211; zawarte w preparacie sk\u0142adniki wspieraj\u0105 pigmentacj\u0119 w\u0142os\u00f3w, zapobiegaj\u0105c przedwczesnemu siwieniu.<\/li>\n<\/ol>\n<p>Regularne stosowanie Folisin daje szans\u0119 na odzyskanie pewno\u015bci siebie i zadowolenia z wygl\u0105du swoich w\u0142os\u00f3w.<\/p>\n<h2>Gdzie kupi\u0107 Folisin?<\/h2>\n<p>Je\u015bli zastanawiasz si\u0119, gdzie kupi\u0107 Folisin, warto pami\u0119ta\u0107, \u017ce suplement ten nie jest dost\u0119pny w stacjonarnych aptekach. Najlepszym i najbezpieczniejszym rozwi\u0105zaniem jest zakup produktu bezpo\u015brednio od producenta. Kupuj\u0105c u producenta, masz gwarancj\u0119 oryginalno\u015bci preparatu oraz mo\u017cliwo\u015b\u0107 skorzystania z atrakcyjnych rabat\u00f3w i promocji.<\/p>\n<p><strong>Dlaczego warto kupowa\u0107 u producenta?<\/strong><\/p>\n<ol>\n<li><strong>Gwarancja oryginalno\u015bci<\/strong> &#8211; kupuj\u0105c bezpo\u015brednio, unikasz ryzyka zakupu podr\u00f3bek.<\/li>\n<li><strong>Atrakcyjne ceny<\/strong> &#8211; producent cz\u0119sto oferuje zni\u017cki przy zakupie wi\u0119kszej ilo\u015bci opakowa\u0144.<\/li>\n<li><strong>Szybka dostawa<\/strong> &#8211; zam\u00f3wienie mo\u017cna z\u0142o\u017cy\u0107 online, a produkt trafi bezpo\u015brednio pod Tw\u00f3j adres.<\/li>\n<\/ol>\n<p>Je\u015bli chcesz kupi\u0107 Folisin, wystarczy wej\u015b\u0107 na oficjaln\u0105 stron\u0119 producenta, gdzie znajdziesz wszystkie potrzebne informacje oraz mo\u017cliwo\u015b\u0107 z\u0142o\u017cenia zam\u00f3wienia. Dzi\u0119ki temu masz pewno\u015b\u0107, \u017ce suplement trafi do Ciebie w najkr\u00f3tszym mo\u017cliwym czasie i b\u0119dzie pochodzi\u0142 z pewnego \u017ar\u00f3d\u0142a.<\/p>\n<p>Folisin to innowacyjny produkt, kt\u00f3ry mo\u017ce by\u0107 odpowiedzi\u0105 na problemy zwi\u0105zane z wypadaniem w\u0142os\u00f3w.<\/p>\n<p style=\"text-align: center;\"><a class=\"border-button\" href=\"https:\/\/nplink.net\/kl3oes36\">KUPI\u0106 PO CENIE PRODUCENTA (-50%)<\/a><\/p>\n","protected":false},"excerpt":{"rendered":"<p>Nr kat.: 870874772<\/p>\n<p style=\"text-align: center;\"><a class=\"border-button\" href=\"https:\/\/nplink.net\/kl3oes36\">KUP TERAZ<\/a><\/p>\n","protected":false},"featured_media":1137,"comment_status":"open","ping_status":"closed","template":"","meta":[],"product_brand":[],"product_cat":[18],"product_tag":[],"class_list":{"0":"post-744","1":"product","2":"type-product","3":"status-publish","4":"has-post-thumbnail","6":"product_cat-suplementy","8":"first","9":"instock","10":"shipping-taxable","11":"purchasable","12":"product-type-simple"},"aioseo_notices":[],"_links":{"self":[{"href":"https:\/\/lekarzpodroznik.pl\/store\/wp-json\/wp\/v2\/product\/744","targetHints":{"allow":["GET"]}}],"collection":[{"href":"https:\/\/lekarzpodroznik.pl\/store\/wp-json\/wp\/v2\/product"}],"about":[{"href":"https:\/\/lekarzpodroznik.pl\/store\/wp-json\/wp\/v2\/types\/product"}],"replies":[{"embeddable":true,"href":"https:\/\/lekarzpodroznik.pl\/store\/wp-json\/wp\/v2\/comments?post=744"}],"wp:featuredmedia":[{"embeddable":true,"href":"https:\/\/lekarzpodroznik.pl\/store\/wp-json\/wp\/v2\/media\/1137"}],"wp:attachment":[{"href":"https:\/\/lekarzpodroznik.pl\/store\/wp-json\/wp\/v2\/media?parent=744"}],"wp:term":[{"taxonomy":"product_brand","embeddable":true,"href":"https:\/\/lekarzpodroznik.pl\/store\/wp-json\/wp\/v2\/product_brand?post=744"},{"taxonomy":"product_cat","embeddable":true,"href":"https:\/\/lekarzpodroznik.pl\/store\/wp-json\/wp\/v2\/product_cat?post=744"},{"taxonomy":"product_tag","embeddable":true,"href":"https:\/\/lekarzpodroznik.pl\/store\/wp-json\/wp\/v2\/product_tag?post=744"}],"curies":[{"name":"wp","href":"https:\/\/api.w.org\/{rel}","templated":true}]}}